{"id":744398,"date":"2025-08-28T01:56:03","date_gmt":"2025-08-27T22:56:03","guid":{"rendered":"https:\/\/roveyayinevi.com.tr\/index.php\/urun\/gorunenin-otesinde-2\/"},"modified":"2026-01-29T03:26:56","modified_gmt":"2026-01-29T00:26:56","slug":"gorunenin-otesinde-2","status":"publish","type":"product","link":"https:\/\/roveyayinevi.com.tr\/index.php\/urun\/gorunenin-otesinde-2\/","title":{"rendered":"G\u00f6r\u00fcnenin \u00d6tesinde"},"content":{"rendered":"<p>\u201cM\u00fclteci kabul eden \u00fclkenin insan\u0131 ve m\u00fclteci aras\u0131ndaki sosyal ve k\u00fclt\u00fcrel farkl\u0131l\u0131klar, birlikte ya\u015fayabilmenin yeni ko\u015fullar\u0131n\u0131 \u00fcretiyor. Uluslararas\u0131 insan haklar\u0131 yasalar\u0131 ve g\u00f6\u00e7 alan \u00fclkelerin g\u00f6\u00e7 politikalar\u0131na y\u00f6nelik al\u0131nan \u00f6nlemler ve uygulamalar, g\u00fcndelik ya\u015famda ortaya \u00e7\u0131kan sorunlar\u0131n \u00fcstesinden gelmeye ne yaz\u0131k ki yetmiyor.\u201d \u00dcM\u0130T \u0130NAT\u00c7I \u201cG\u00f6\u00e7menlerin ya da s\u0131\u011f\u0131nmac\u0131lar\u0131n kendi yerlerini terk edip ba\u015fka topraklara ula\u015f\u0131r ula\u015fmaz oran\u0131n insanlar\u0131 ile ileti\u015fime ge\u00e7mesi, sonraki zamanlarda kurulabilecek uyumlu bir ya\u015fam\u0131n da ilk ad\u0131m\u0131d\u0131r ku\u015fkusuz. Gelenlerin oraya ait k\u00fclt\u00fcr\u00fc, siyasi ve ideolojik yap\u0131lar\u0131 ve ki\u015fisel ili\u015fkileri olabildi\u011fince g\u00f6zlemlemesi, ard\u0131ndan da yeni ileti\u015fim tav\u0131rlar\u0131 icat etmesi, zorunlu bi\u00e7imde yeni bir ya\u015fam tasar\u0131m\u0131d\u0131r.\u201d EMRE ZEYT\u0130NO\u011eLU Bug\u00fcne kadar s\u00fcregelen problemlere bakt\u0131\u011f\u0131m\u0131z zaman, g\u00f6\u00e7menlik meselesinin, farkl\u0131 g\u00f6\u00e7 nedenleriyle insanlar\u0131n bir ba\u015fka \u00fclkeye \u201cyabanc\u0131lar\u201d olarak gitmesi meselesinin T\u00fcrkiye d\u00e2hil olmak \u00fczere d\u00fcnyan\u0131n \u00e7e\u015fitli yerlerinde g\u00fcndemi olu\u015fturdu\u011funu g\u00f6r\u00fcr\u00fcz. B\u00fct\u00fcn bu meselelerin \u00f6z\u00fcnde misafirperverlik kavram\u0131n\u0131n arkas\u0131nda mutlak misafirperverlik diye bir uygulaman\u0131n nas\u0131l olabilece\u011fi sorusu yatmakta&#8230; AL\u0130 AKAY <\/p>\n","protected":false},"excerpt":{"rendered":"<p>\u201cM\u00fclteci kabul eden \u00fclkenin insan\u0131 ve m\u00fclteci aras\u0131ndaki sosyal ve k\u00fclt\u00fcrel farkl\u0131l\u0131klar, birlikte ya\u015fayabilmenin yeni ko\u015fullar\u0131n\u0131 \u00fcretiyor. Uluslararas\u0131 insan haklar\u0131 yasalar\u0131 ve g\u00f6\u00e7 alan \u00fclkelerin g\u00f6\u00e7<span class=\"excerpt-hellip\"> [\u2026]<\/span><\/p>\n","protected":false},"featured_media":0,"template":"","meta":{"_monsterinsights_skip_tracking":false,"_monsterinsights_sitenote_active":false,"_monsterinsights_sitenote_note":"","_monsterinsights_sitenote_category":0},"product_brand":[],"product_cat":[12325,12324],"product_tag":[],"class_list":{"0":"post-744398","1":"product","2":"type-product","3":"status-publish","5":"product_cat-diger-sosyoloji","6":"product_cat-sosyoloji","7":"pa_cilt-ciltsiz","8":"pa_tur-kitap","9":"pa_yayinevi-utopya-yayinevi","10":"pa_yazar-umit-inatci-emre-zeytinoglu-ali-akay","12":"first","13":"instock","14":"sale","15":"shipping-taxable","16":"purchasable","17":"product-type-simple"},"_links":{"self":[{"href":"https:\/\/roveyayinevi.com.tr\/index.php\/wp-json\/wp\/v2\/product\/744398","targetHints":{"allow":["GET"]}}],"collection":[{"href":"https:\/\/roveyayinevi.com.tr\/index.php\/wp-json\/wp\/v2\/product"}],"about":[{"href":"https:\/\/roveyayinevi.com.tr\/index.php\/wp-json\/wp\/v2\/types\/product"}],"wp:attachment":[{"href":"https:\/\/roveyayinevi.com.tr\/index.php\/wp-json\/wp\/v2\/media?parent=744398"}],"wp:term":[{"taxonomy":"product_brand","embeddable":true,"href":"https:\/\/roveyayinevi.com.tr\/index.php\/wp-json\/wp\/v2\/product_brand?post=744398"},{"taxonomy":"product_cat","embeddable":true,"href":"https:\/\/roveyayinevi.com.tr\/index.php\/wp-json\/wp\/v2\/product_cat?post=744398"},{"taxonomy":"product_tag","embeddable":true,"href":"https:\/\/roveyayinevi.com.tr\/index.php\/wp-json\/wp\/v2\/product_tag?post=744398"}],"curies":[{"name":"wp","href":"https:\/\/api.w.org\/{rel}","templated":true}]}}