{"id":744385,"date":"2025-08-28T01:55:47","date_gmt":"2025-08-27T22:55:47","guid":{"rendered":"https:\/\/roveyayinevi.com.tr\/index.php\/urun\/cok-uluslu-finansal-yonetim\/"},"modified":"2026-04-16T02:56:28","modified_gmt":"2026-04-15T23:56:28","slug":"cok-uluslu-finansal-yonetim","status":"publish","type":"product","link":"https:\/\/roveyayinevi.com.tr\/index.php\/urun\/cok-uluslu-finansal-yonetim\/","title":{"rendered":"\u00c7ok Uluslu Finansal Y\u00f6netim"},"content":{"rendered":"<p>Finans bilim dal\u0131 uygulamada do\u011fas\u0131 gere\u011fi uluslararas\u0131d\u0131r. Herhangi bir bireyin, i\u015fletmenin veya  \u00fclkenin finans\u0131n\u0131n kendi s\u0131n\u0131rlar\u0131 ve kal\u0131plar\u0131 i\u00e7inde de\u011ferlendirilmesi m\u00fcmk\u00fcn de\u011fildir. Herhangi bir nedenle her birisi, bir ba\u015fka para birimine, bir ba\u015fka finans kayna\u011f\u0131na, bir ba\u015fkas\u0131n\u0131n \u00fcr\u00fcn\u00fcne, bir ba\u015fkas\u0131n\u0131n kendi \u00fcr\u00fcn\u00fcn\u00fc talep etmesine, bir ba\u015fka devletin kurallar\u0131na, bir ba\u015fkas\u0131n\u0131n ta\u015f\u0131mac\u0131l\u0131\u011f\u0131na, bir yabanc\u0131 firman\u0131n sundu\u011fu ileti\u015fim imkan\u0131na, hukukuna veya korumas\u0131na gereksinim duyabilmektedir. Profes\u00f6r Alan Shapiro taraf\u0131ndan engin bir tecr\u00fcbe ve \u00e7ok yo\u011fun \u00e7al\u0131\u015fmadan sonra ortaya konulmu\u015f \u00c7ok Uluslu Finansal Y\u00f6netim Kitab\u0131n\u0131n finans bilim dal\u0131 a\u00e7\u0131s\u0131ndan iki \u00f6zelli\u011fini vurgulamak isterim: \u00d6ncelikle \u015firketler i\u00e7in klasik finansal y\u00f6netimi tam olarak benimsemi\u015f ve bunu en iyi \u015fekilde veren niteliktedir. \u0130kinci olarak da, konunun hangi a\u00e7\u0131lardan nas\u0131l uluslararas\u0131la\u015ft\u0131\u011f\u0131n\u0131 \u00f6rnekler ile gayet net ortaya koymaktad\u0131r.        Hal b\u00f6yle olunca, s\u00fcrekli de\u011fi\u015fen geli\u015fen finansal d\u00fcnyada \u00f6rnekler ve y\u00f6ntemler de de\u011fi\u015fmektedir. Bu da kitab\u0131n temel niteli\u011finin de\u011fi\u015fmezli\u011fini sa\u011flarken, \u00f6zellikle yeni \u00fcr\u00fcnlerin, piyasalar\u0131n, yeni yakla\u015f\u0131mlar\u0131n, yeni \u00fcr\u00fcnlerin ve yeni vaka incelemelerinin eklenmesini gerekli k\u0131l\u0131yor. Bu kitab\u0131n T\u00fcrk\u00e7e\u2019ye \u00e7evirisi sadece klasik bir \u00e7eviri de\u011fildir. Zira, as\u0131l kitab\u0131n okuyucusuna verdi\u011fi her bir konu T\u00fcrkiye\u2019deki finansal piyasalar, kurumlar ve \u00fcr\u00fcnler \u00e7er\u00e7evesinde de\u011ferlendirilmekte ve buna g\u00f6re m\u00fcmk\u00fcn oldu\u011funca sade ve anla\u015f\u0131l\u0131r bir dil ve terminoloji ile anlat\u0131lmaya \u00e7al\u0131\u015f\u0131lmaktad\u0131r.  _Prof. Dr. Oral Erdo\u011fan \u0130\u00e7indekiler;   K\u0131s\u0131m 1:  Uluslararas\u0131 Finansal Y\u00f6netim Ortam\u0131 Giri\u015f: \u00c7ok Uluslu \u015eirketler ve Finansal Y\u00f6netim D\u00f6viz Kurlar\u0131n\u0131n Belirlenmesi Uluslararas\u0131 Para Sistemi Uluslararas\u0131 Finansta Parite Ko\u015fullar\u0131 ve D\u00f6viz Kuru Tahmini \u00d6demeler Dengesi ve Uluslararas\u0131 Ekonomik Ba\u011flant\u0131lar \u00dclke Riski Analizi   K\u0131s\u0131m 2:  D\u00f6viz Kurlar\u0131 ve T\u00fcrev Ara\u00e7lar\u0131 Piyasalar\u0131 D\u00f6viz Piyasalar\u0131 D\u00f6viz Futures ve Opsiyon Piyasalar\u0131 Swaplar ve Faiz Oran\u0131na Ba\u011fl\u0131 T\u00fcrev \u00dcr\u00fcnler   K\u0131s\u0131m 3:  D\u00f6viz Kuru Risk Y\u00f6netimi Kur D\u00f6n\u00fc\u015ft\u00fcrme ve \u0130\u015flem Riskini (Maruziyetini) Tan\u0131mlamak Ekonomik Riskin \u00d6l\u00e7\u00fclmesi ve Y\u00f6netilmesi   K\u0131s\u0131m 4:  \u00c7ok Uluslu \u015eirketin Finansman\u0131 Uluslararas\u0131 Finansman ve Ulusal Sermaye Piyasalar\u0131 Euro \u2013 Pazarlar Yabanc\u0131 Yat\u0131r\u0131mlar i\u00e7in Sermaye Maliyeti   K\u0131s\u0131m 5:  Yabanc\u0131 Yat\u0131r\u0131m Analizi Uluslararas\u0131 Portf\u00f6y Yat\u0131r\u0131m\u0131 \u015eirket Stratejisi ve Do\u011frudan Yabanc\u0131 Sermaye Yat\u0131r\u0131m\u0131 \u00c7ok Uluslu \u015eirketler i\u00e7in Sermaye B\u00fct\u00e7elemesi   K\u0131s\u0131m 6:  \u00c7ok Uluslu \u00c7al\u0131\u015fma Sermayesi Y\u00f6netimi D\u0131\u015f Ticaretin Finansman\u0131 Cari Varl\u0131k Y\u00f6netimi ve K\u0131sa Vadeli Finansman \u00c7ok Uluslu Bir Finansman Sistemi Y\u00f6netmek<\/p>\n","protected":false},"excerpt":{"rendered":"<p>Finans bilim dal\u0131 uygulamada do\u011fas\u0131 gere\u011fi uluslararas\u0131d\u0131r. Herhangi bir bireyin, i\u015fletmenin veya \u00fclkenin finans\u0131n\u0131n kendi s\u0131n\u0131rlar\u0131 ve kal\u0131plar\u0131 i\u00e7inde de\u011ferlendirilmesi m\u00fcmk\u00fcn de\u011fildir. Herhangi bir nedenle her<span class=\"excerpt-hellip\"> [\u2026]<\/span><\/p>\n","protected":false},"featured_media":0,"template":"","meta":{"_monsterinsights_skip_tracking":false,"_monsterinsights_sitenote_active":false,"_monsterinsights_sitenote_note":"","_monsterinsights_sitenote_category":0},"product_brand":[],"product_cat":[13043,19008],"product_tag":[],"class_list":{"0":"post-744385","1":"product","2":"type-product","3":"status-publish","5":"product_cat-ekonomi","6":"product_cat-yonetim","7":"pa_cilt-ciltsiz","8":"pa_tur-kitap","9":"pa_yayinevi-literatur-yayinevi","10":"pa_yazar-alan-c-shapiro","12":"first","13":"instock","14":"sale","15":"shipping-taxable","16":"purchasable","17":"product-type-simple"},"_links":{"self":[{"href":"https:\/\/roveyayinevi.com.tr\/index.php\/wp-json\/wp\/v2\/product\/744385","targetHints":{"allow":["GET"]}}],"collection":[{"href":"https:\/\/roveyayinevi.com.tr\/index.php\/wp-json\/wp\/v2\/product"}],"about":[{"href":"https:\/\/roveyayinevi.com.tr\/index.php\/wp-json\/wp\/v2\/types\/product"}],"wp:attachment":[{"href":"https:\/\/roveyayinevi.com.tr\/index.php\/wp-json\/wp\/v2\/media?parent=744385"}],"wp:term":[{"taxonomy":"product_brand","embeddable":true,"href":"https:\/\/roveyayinevi.com.tr\/index.php\/wp-json\/wp\/v2\/product_brand?post=744385"},{"taxonomy":"product_cat","embeddable":true,"href":"https:\/\/roveyayinevi.com.tr\/index.php\/wp-json\/wp\/v2\/product_cat?post=744385"},{"taxonomy":"product_tag","embeddable":true,"href":"https:\/\/roveyayinevi.com.tr\/index.php\/wp-json\/wp\/v2\/product_tag?post=744385"}],"curies":[{"name":"wp","href":"https:\/\/api.w.org\/{rel}","templated":true}]}}