{"id":744364,"date":"2025-08-28T01:55:18","date_gmt":"2025-08-27T22:55:18","guid":{"rendered":"https:\/\/roveyayinevi.com.tr\/index.php\/urun\/m-a-n-c-evreni\/"},"modified":"2026-04-16T02:56:28","modified_gmt":"2026-04-15T23:56:28","slug":"m-a-n-c-evreni","status":"publish","type":"product","link":"https:\/\/roveyayinevi.com.tr\/index.php\/urun\/m-a-n-c-evreni\/","title":{"rendered":"M.A.N.C. Evreni"},"content":{"rendered":"<p>G\u00f6zlerini ummad\u0131\u011f\u0131 bir yerde a\u00e7an Axel, tan\u0131mad\u0131\u011f\u0131 d\u00f6rt gizemli varl\u0131kla birlikte kendi hik\u00e2yesine yolculuk yapar. Fakat bu yolculuk, s\u0131radan bir yolculuk de\u011fildir. 2975 y\u0131l\u0131nda ge\u00e7en bu hik\u00e2ye, evrenin \u00e7e\u015fitli yerlerinde ya\u015famsal forma sahip gezegenlerin ke\u015ffedilmi\u015f oldu\u011funu bildirmektedir.   Bu gezegenlere ya\u015fam\u0131n kutsall\u0131\u011f\u0131n\u0131 benimsetmek isteyen bir meclis ve bu meclisin kurallar\u0131n\u0131 y\u0131kmak isteyen fa\u015fist bir grup kar\u015f\u0131 kar\u015f\u0131yad\u0131r. Bu kar\u015f\u0131t tutum evrensel bir sava\u015f\u0131n ayak seslerinin yank\u0131s\u0131n\u0131 hissettirmektedir. Axel ise D\u00fcnya gezegeninde ge\u00e7mi\u015fe do\u011fru \u00e7e\u015fitli yolculuklar yaparak bu gezegenin tarihsel ilerleyi\u015finde Vincent Van Gogh, Mustafa Kemal Atat\u00fcrk, Stefan Zweig ve Adolf Hitler gibi isimlerle kar\u015f\u0131la\u015f\u0131r. Bu ilerleyi\u015f s\u0131ras\u0131nda \u0130kinci D\u00fcnya Sava\u015f\u0131\u2019nda anne ve babas\u0131n\u0131 yitiren bir \u00e7ocukla da tan\u0131\u015f\u0131r. Axel, D\u00fcnya gezegeninde sava\u015flar\u0131n enkaz\u0131nda kalan bu \u00e7ocu\u011fu kendi gezegenine g\u00f6t\u00fcrerek hem \u00fcst meclisin kurallar\u0131n\u0131 \u00e7i\u011fner hem de \u00e7e\u015fitli aksiyonel ve trajik olaylar\u0131n \u00f6n\u00fcn\u00fc a\u00e7m\u0131\u015f olur.   Musa Akkaya, distopya t\u00fcr\u00fcndeki eseri M.A.N.C. Evreni ile okurlar\u0131 ge\u00e7mi\u015f ve gelecek aras\u0131nda mitolojik ve felsefi bir yolculu\u011fa davet ediyor.   <\/p>\n","protected":false},"excerpt":{"rendered":"<p>G\u00f6zlerini ummad\u0131\u011f\u0131 bir yerde a\u00e7an Axel, tan\u0131mad\u0131\u011f\u0131 d\u00f6rt gizemli varl\u0131kla birlikte kendi hik\u00e2yesine yolculuk yapar. Fakat bu yolculuk, s\u0131radan bir yolculuk de\u011fildir. 2975 y\u0131l\u0131nda ge\u00e7en bu<span class=\"excerpt-hellip\"> [\u2026]<\/span><\/p>\n","protected":false},"featured_media":0,"template":"","meta":{"_monsterinsights_skip_tracking":false,"_monsterinsights_sitenote_active":false,"_monsterinsights_sitenote_note":"","_monsterinsights_sitenote_category":0},"product_brand":[],"product_cat":[12291,12711],"product_tag":[],"class_list":{"0":"post-744364","1":"product","2":"type-product","3":"status-publish","5":"product_cat-edebiyat","6":"product_cat-roman-oyku","7":"pa_cilt-ciltsiz","8":"pa_tur-kitap","9":"pa_yayinevi-ephesus-yayinlari","10":"pa_yazar-musa-akkaya","12":"first","13":"instock","14":"sale","15":"shipping-taxable","16":"purchasable","17":"product-type-simple"},"_links":{"self":[{"href":"https:\/\/roveyayinevi.com.tr\/index.php\/wp-json\/wp\/v2\/product\/744364","targetHints":{"allow":["GET"]}}],"collection":[{"href":"https:\/\/roveyayinevi.com.tr\/index.php\/wp-json\/wp\/v2\/product"}],"about":[{"href":"https:\/\/roveyayinevi.com.tr\/index.php\/wp-json\/wp\/v2\/types\/product"}],"wp:attachment":[{"href":"https:\/\/roveyayinevi.com.tr\/index.php\/wp-json\/wp\/v2\/media?parent=744364"}],"wp:term":[{"taxonomy":"product_brand","embeddable":true,"href":"https:\/\/roveyayinevi.com.tr\/index.php\/wp-json\/wp\/v2\/product_brand?post=744364"},{"taxonomy":"product_cat","embeddable":true,"href":"https:\/\/roveyayinevi.com.tr\/index.php\/wp-json\/wp\/v2\/product_cat?post=744364"},{"taxonomy":"product_tag","embeddable":true,"href":"https:\/\/roveyayinevi.com.tr\/index.php\/wp-json\/wp\/v2\/product_tag?post=744364"}],"curies":[{"name":"wp","href":"https:\/\/api.w.org\/{rel}","templated":true}]}}