{"id":744360,"date":"2025-08-28T01:55:12","date_gmt":"2025-08-27T22:55:12","guid":{"rendered":"https:\/\/roveyayinevi.com.tr\/index.php\/urun\/dunya-efsanelerinin-pesinde\/"},"modified":"2026-02-02T02:59:53","modified_gmt":"2026-02-01T23:59:53","slug":"dunya-efsanelerinin-pesinde","status":"publish","type":"product","link":"https:\/\/roveyayinevi.com.tr\/index.php\/urun\/dunya-efsanelerinin-pesinde\/","title":{"rendered":"D\u00fcnya Efsanelerinin Pe\u015finde"},"content":{"rendered":"<p>D\u00fcnya Efsaneleri t\u00fckenmez hazine Belki bir denizin derinlerinde Belki bir a\u011fac\u0131n d\u00fc\u015flerinde Sen yeter ki bilmeyi iste Kulak kabartmak ister misin s\u00f6ylediklerine?   Mavisel Yener, gezgin bir ku\u015f oldu Kutuplardan, ekvatordan, bulutlardan K\u0131y\u0131lardan, da\u011flardan, r\u00fczg\u00e2rlardan Hayal p\u0131nar\u0131ndan, s\u00f6zc\u00fck ovas\u0131ndan Yery\u00fcz\u00fcn\u00fcn her yan\u0131ndan efsaneler toplad\u0131 Hepsini dantel gibi i\u015fledi Kom\u015fuda pi\u015fti bize de d\u00fc\u015ft\u00fc!   <\/p>\n","protected":false},"excerpt":{"rendered":"<p>D\u00fcnya Efsaneleri t\u00fckenmez hazine Belki bir denizin derinlerinde Belki bir a\u011fac\u0131n d\u00fc\u015flerinde Sen yeter ki bilmeyi iste Kulak kabartmak ister misin s\u00f6ylediklerine? Mavisel Yener, gezgin bir<span class=\"excerpt-hellip\"> [\u2026]<\/span><\/p>\n","protected":false},"featured_media":0,"template":"","meta":{"_monsterinsights_skip_tracking":false,"_monsterinsights_sitenote_active":false,"_monsterinsights_sitenote_note":"","_monsterinsights_sitenote_category":0},"product_brand":[],"product_cat":[12274,12284],"product_tag":[],"class_list":{"0":"post-744360","1":"product","2":"type-product","3":"status-publish","5":"product_cat-cocuk-ve-genclik-kitaplari","6":"product_cat-hikayeler","7":"pa_cilt-ciltsiz","8":"pa_tur-kitap","9":"pa_yayinevi-dogan-cocuk","10":"pa_yazar-mavisel-yener","12":"first","13":"instock","14":"sale","15":"shipping-taxable","16":"purchasable","17":"product-type-simple"},"_links":{"self":[{"href":"https:\/\/roveyayinevi.com.tr\/index.php\/wp-json\/wp\/v2\/product\/744360","targetHints":{"allow":["GET"]}}],"collection":[{"href":"https:\/\/roveyayinevi.com.tr\/index.php\/wp-json\/wp\/v2\/product"}],"about":[{"href":"https:\/\/roveyayinevi.com.tr\/index.php\/wp-json\/wp\/v2\/types\/product"}],"wp:attachment":[{"href":"https:\/\/roveyayinevi.com.tr\/index.php\/wp-json\/wp\/v2\/media?parent=744360"}],"wp:term":[{"taxonomy":"product_brand","embeddable":true,"href":"https:\/\/roveyayinevi.com.tr\/index.php\/wp-json\/wp\/v2\/product_brand?post=744360"},{"taxonomy":"product_cat","embeddable":true,"href":"https:\/\/roveyayinevi.com.tr\/index.php\/wp-json\/wp\/v2\/product_cat?post=744360"},{"taxonomy":"product_tag","embeddable":true,"href":"https:\/\/roveyayinevi.com.tr\/index.php\/wp-json\/wp\/v2\/product_tag?post=744360"}],"curies":[{"name":"wp","href":"https:\/\/api.w.org\/{rel}","templated":true}]}}