{"id":744359,"date":"2025-08-28T01:55:10","date_gmt":"2025-08-27T22:55:10","guid":{"rendered":"https:\/\/roveyayinevi.com.tr\/index.php\/urun\/baslat-ready-player-two\/"},"modified":"2026-04-16T02:56:28","modified_gmt":"2026-04-15T23:56:28","slug":"baslat-ready-player-two","status":"publish","type":"product","link":"https:\/\/roveyayinevi.com.tr\/index.php\/urun\/baslat-ready-player-two\/","title":{"rendered":"Ba\u015flat Ready Player Two"},"content":{"rendered":"<p>Diledi\u011fin ki\u015fi olabilece\u011fin ve istedi\u011fin her \u015feyi yapabilece\u011fin sanal bir evrendi Oasis. Yarat\u0131c\u0131s\u0131 Halliday bir yar\u0131\u015fma d\u00fczenlemi\u015f ve kazanana t\u00fcm servetini vaat etmi\u015fti. Yar\u0131\u015fmay\u0131 kazanan Wade, d\u00fcnyan\u0131n en zengin, en g\u00fc\u00e7l\u00fc ve en mutlu adamlar\u0131ndan biri oldu. Ama bir g\u00fcn, y\u0131llard\u0131r gizli kalm\u0131\u015f bir s\u0131rr\u0131 ke\u015ffetti ve bu ke\u015fif yepyeni bir yar\u0131\u015fma ile geldi. \u015eimdi Oasis, Wade&#8217;in hayal etti\u011finden bile bin kat daha harika ve ba\u011f\u0131ml\u0131l\u0131k yap\u0131c\u0131. Art\u0131k Siren\u2019in Yedi Par\u00e7as\u0131 bulunmal\u0131! Ve beklenmedik, korkun\u00e7 d\u00fc\u015fman haklanmal\u0131! Sadece Ernest Cline\u2019\u0131n dehas\u0131yla yazabilece\u011fi, nostaljik ve f\u00fct\u00fcristik Ba\u015flat: Ready Player Two, Steven Spielberg taraf\u0131ndan filme \u00e7ekilen ve milyonlarca hayran kitlesine sahip olan Ba\u015flat: Ready Player One\u2019dan daha \u00e7\u0131lg\u0131n ve e\u011flenceli. <\/p>\n","protected":false},"excerpt":{"rendered":"<p>Diledi\u011fin ki\u015fi olabilece\u011fin ve istedi\u011fin her \u015feyi yapabilece\u011fin sanal bir evrendi Oasis. Yarat\u0131c\u0131s\u0131 Halliday bir yar\u0131\u015fma d\u00fczenlemi\u015f ve kazanana t\u00fcm servetini vaat etmi\u015fti. Yar\u0131\u015fmay\u0131 kazanan Wade,<span class=\"excerpt-hellip\"> [\u2026]<\/span><\/p>\n","protected":false},"featured_media":0,"template":"","meta":{"_monsterinsights_skip_tracking":false,"_monsterinsights_sitenote_active":false,"_monsterinsights_sitenote_note":"","_monsterinsights_sitenote_category":0},"product_brand":[],"product_cat":[12540,12291],"product_tag":[],"class_list":{"0":"post-744359","1":"product","2":"type-product","3":"status-publish","5":"product_cat-bilim-kurgu","6":"product_cat-edebiyat","7":"pa_cilt-ciltsiz","8":"pa_tur-kitap","9":"pa_yayinevi-dex-yayinevi","10":"pa_yazar-ernest-cline","12":"first","13":"instock","14":"sale","15":"shipping-taxable","16":"purchasable","17":"product-type-simple"},"_links":{"self":[{"href":"https:\/\/roveyayinevi.com.tr\/index.php\/wp-json\/wp\/v2\/product\/744359","targetHints":{"allow":["GET"]}}],"collection":[{"href":"https:\/\/roveyayinevi.com.tr\/index.php\/wp-json\/wp\/v2\/product"}],"about":[{"href":"https:\/\/roveyayinevi.com.tr\/index.php\/wp-json\/wp\/v2\/types\/product"}],"wp:attachment":[{"href":"https:\/\/roveyayinevi.com.tr\/index.php\/wp-json\/wp\/v2\/media?parent=744359"}],"wp:term":[{"taxonomy":"product_brand","embeddable":true,"href":"https:\/\/roveyayinevi.com.tr\/index.php\/wp-json\/wp\/v2\/product_brand?post=744359"},{"taxonomy":"product_cat","embeddable":true,"href":"https:\/\/roveyayinevi.com.tr\/index.php\/wp-json\/wp\/v2\/product_cat?post=744359"},{"taxonomy":"product_tag","embeddable":true,"href":"https:\/\/roveyayinevi.com.tr\/index.php\/wp-json\/wp\/v2\/product_tag?post=744359"}],"curies":[{"name":"wp","href":"https:\/\/api.w.org\/{rel}","templated":true}]}}