{"id":744346,"date":"2025-08-28T01:54:56","date_gmt":"2025-08-27T22:54:56","guid":{"rendered":"https:\/\/roveyayinevi.com.tr\/index.php\/urun\/bozoglanin-hikayeleri\/"},"modified":"2026-04-16T02:55:50","modified_gmt":"2026-04-15T23:55:50","slug":"bozoglanin-hikayeleri","status":"publish","type":"product","link":"https:\/\/roveyayinevi.com.tr\/index.php\/urun\/bozoglanin-hikayeleri\/","title":{"rendered":"Bozo\u011flan\u2019\u0131n Hikayeleri"},"content":{"rendered":"<p>Darac\u0131k sokaklarda \u00e7ift kale ma\u00e7 oynan\u0131rd\u0131 o zamanlar, kimse yorulmazd\u0131. Herkesin cebinde ekme\u011fi olurdu, kimse ac\u0131kmazd\u0131. Mek\u00e2nlar geni\u015f, zaman uzundu. Okulda \u00f6\u011fretmenden aferin almak i\u00e7in yar\u0131\u015f\u0131l\u0131r, y\u0131ld\u0131zl\u0131 pekiyi ile s\u0131n\u0131f ge\u00e7mekle \u00f6v\u00fcn\u00fcl\u00fcrd\u00fc. Her g\u00fcn yeni bir macera ya\u015fan\u0131r, her ak\u015fam yeni bir hik\u00e2ye kurulurdu. Sizden sakl\u0131 de\u011fil herkesin bir hik\u00e2yesi vard\u0131 asl\u0131nda. Sorsalar Mikail de anlatabilirdi, Kemal de. Kimse sormad\u0131 hik\u00e2yelerini ama Bozo\u011flan yerinde duramay\u0131p anlatmaya ba\u015flad\u0131. Ben \u015fahidim hepsi ya\u015fand\u0131. \u0130nanmazsan\u0131z Mikail\u2019e sorun.<\/p>\n","protected":false},"excerpt":{"rendered":"<p>Darac\u0131k sokaklarda \u00e7ift kale ma\u00e7 oynan\u0131rd\u0131 o zamanlar, kimse yorulmazd\u0131. Herkesin cebinde ekme\u011fi olurdu, kimse ac\u0131kmazd\u0131. Mek\u00e2nlar geni\u015f, zaman uzundu. Okulda \u00f6\u011fretmenden aferin almak i\u00e7in yar\u0131\u015f\u0131l\u0131r,<span class=\"excerpt-hellip\"> [\u2026]<\/span><\/p>\n","protected":false},"featured_media":0,"template":"","meta":{"_monsterinsights_skip_tracking":false,"_monsterinsights_sitenote_active":false,"_monsterinsights_sitenote_note":"","_monsterinsights_sitenote_category":0},"product_brand":[],"product_cat":[12291,18202],"product_tag":[],"class_list":{"0":"post-744346","1":"product","2":"type-product","3":"status-publish","5":"product_cat-edebiyat","6":"product_cat-hikaye","7":"pa_cilt-ciltsiz","8":"pa_tur-kitap","9":"pa_yayinevi-yeditepe-yayinevi","10":"pa_yazar-tufan-gunduz","12":"first","13":"instock","14":"sale","15":"shipping-taxable","16":"purchasable","17":"product-type-simple"},"_links":{"self":[{"href":"https:\/\/roveyayinevi.com.tr\/index.php\/wp-json\/wp\/v2\/product\/744346","targetHints":{"allow":["GET"]}}],"collection":[{"href":"https:\/\/roveyayinevi.com.tr\/index.php\/wp-json\/wp\/v2\/product"}],"about":[{"href":"https:\/\/roveyayinevi.com.tr\/index.php\/wp-json\/wp\/v2\/types\/product"}],"wp:attachment":[{"href":"https:\/\/roveyayinevi.com.tr\/index.php\/wp-json\/wp\/v2\/media?parent=744346"}],"wp:term":[{"taxonomy":"product_brand","embeddable":true,"href":"https:\/\/roveyayinevi.com.tr\/index.php\/wp-json\/wp\/v2\/product_brand?post=744346"},{"taxonomy":"product_cat","embeddable":true,"href":"https:\/\/roveyayinevi.com.tr\/index.php\/wp-json\/wp\/v2\/product_cat?post=744346"},{"taxonomy":"product_tag","embeddable":true,"href":"https:\/\/roveyayinevi.com.tr\/index.php\/wp-json\/wp\/v2\/product_tag?post=744346"}],"curies":[{"name":"wp","href":"https:\/\/api.w.org\/{rel}","templated":true}]}}