{"id":744345,"date":"2025-08-28T01:54:56","date_gmt":"2025-08-27T22:54:56","guid":{"rendered":"https:\/\/roveyayinevi.com.tr\/index.php\/urun\/izlene\/"},"modified":"2026-04-16T02:55:50","modified_gmt":"2026-04-15T23:55:50","slug":"izlene","status":"publish","type":"product","link":"https:\/\/roveyayinevi.com.tr\/index.php\/urun\/izlene\/","title":{"rendered":"\u0130zlene"},"content":{"rendered":"<p>Do\u011fru izlenceyi haz\u0131rlamak i\u00e7in konu bilgisinden daha fazlas\u0131 laz\u0131md\u0131r: Bu, s\u0131n\u0131f\u0131n ne yapmas\u0131 gerekti\u011fine (ve ne \u201cyapabilece\u011fine\u201d) dair bir kavray\u0131\u015f gerektirir. \u0130yi bir izlence, bir hapishaneye d\u00f6n\u00fc\u015fmeksizin \u00f6\u011frencinin hocayla birlikte \u00e7al\u0131\u015fabilece\u011fi bir yap\u0131 sunar. Do\u011fas\u0131 gere\u011fi derslerdeki tepkisi \u201c\u00f6ng\u00f6r\u00fclemez\u201d olan \u00f6\u011frencilerin, onlar\u0131n parlak fikirlerinin ve co\u015fkular\u0131n\u0131n geli\u015febilmesi i\u00e7in se\u00e7enekleri a\u00e7\u0131k tutmay\u0131 tercih eden hocalara esnek bir alan sunulmal\u0131d\u0131r.   Ders vermek zordur, dersi haz\u0131rlamak ise daha zordur. Bir d\u00f6nem boyunca bir s\u0131n\u0131f dolusu \u00f6\u011frencinin dikkatini canl\u0131 tutabilmek, onlara fikirlerinizi, bilgilerinizi aktarabilmek konu hakk\u0131nda bir uzmanl\u0131k kadar \u00e7ok iyi bir planlama da gerektirir. \u0130\u015fte bu plan\u0131n ad\u0131 izlence. Ama bu birka\u00e7 sayfal\u0131k metni basit bir \u00e7izelge olarak d\u00fc\u015f\u00fcnmek do\u011fru mu? Yaz\u0131 ve edebiyat alan\u0131nda k\u0131demli iki ara\u015ft\u0131rmac\u0131 William Germano ve Kit Nicholls\u2019un beraber kaleme ald\u0131klar\u0131 bu kitab\u0131n, pek ihmal edilen bu \u00f6nemli belge ile ilgili dikkat \u00e7ekici fikirleri var. Ders vermenin ve s\u0131n\u0131f\u0131n felsefesini izlence \u015fekillendiriyor. Onlara g\u00f6re \u00fcniversitede bir s\u0131n\u0131f asl\u0131nda bir ulus devlete benziyor; \u00f6\u011fretmen buran\u0131n h\u00fck\u00fcmdar\u0131, \u00f6\u011frenciler ise halk. S\u0131n\u0131f\u0131n gayesi ise e\u011fitim alabilmek. Peki bu ulusun bir toplumsal s\u00f6zle\u015fmesi var m\u0131? Evet, i\u015fte o izlence. <\/p>\n","protected":false},"excerpt":{"rendered":"<p>Do\u011fru izlenceyi haz\u0131rlamak i\u00e7in konu bilgisinden daha fazlas\u0131 laz\u0131md\u0131r: Bu, s\u0131n\u0131f\u0131n ne yapmas\u0131 gerekti\u011fine (ve ne \u201cyapabilece\u011fine\u201d) dair bir kavray\u0131\u015f gerektirir. \u0130yi bir izlence, bir hapishaneye<span class=\"excerpt-hellip\"> [\u2026]<\/span><\/p>\n","protected":false},"featured_media":0,"template":"","meta":{"_monsterinsights_skip_tracking":false,"_monsterinsights_sitenote_active":false,"_monsterinsights_sitenote_note":"","_monsterinsights_sitenote_category":0},"product_brand":[],"product_cat":[14787,13488],"product_tag":[],"class_list":{"0":"post-744345","1":"product","2":"type-product","3":"status-publish","5":"product_cat-diger-toplum-ve-insan","6":"product_cat-toplum-ve-insan","7":"pa_cilt-ciltsiz","8":"pa_tur-kitap","9":"pa_yayinevi-vakifbank-kultur-yayinlari","10":"pa_yazar-william-germano-kit-nicholls","12":"first","13":"instock","14":"sale","15":"shipping-taxable","16":"purchasable","17":"product-type-simple"},"_links":{"self":[{"href":"https:\/\/roveyayinevi.com.tr\/index.php\/wp-json\/wp\/v2\/product\/744345","targetHints":{"allow":["GET"]}}],"collection":[{"href":"https:\/\/roveyayinevi.com.tr\/index.php\/wp-json\/wp\/v2\/product"}],"about":[{"href":"https:\/\/roveyayinevi.com.tr\/index.php\/wp-json\/wp\/v2\/types\/product"}],"wp:attachment":[{"href":"https:\/\/roveyayinevi.com.tr\/index.php\/wp-json\/wp\/v2\/media?parent=744345"}],"wp:term":[{"taxonomy":"product_brand","embeddable":true,"href":"https:\/\/roveyayinevi.com.tr\/index.php\/wp-json\/wp\/v2\/product_brand?post=744345"},{"taxonomy":"product_cat","embeddable":true,"href":"https:\/\/roveyayinevi.com.tr\/index.php\/wp-json\/wp\/v2\/product_cat?post=744345"},{"taxonomy":"product_tag","embeddable":true,"href":"https:\/\/roveyayinevi.com.tr\/index.php\/wp-json\/wp\/v2\/product_tag?post=744345"}],"curies":[{"name":"wp","href":"https:\/\/api.w.org\/{rel}","templated":true}]}}