{"id":744340,"date":"2025-08-28T01:54:49","date_gmt":"2025-08-27T22:54:49","guid":{"rendered":"https:\/\/roveyayinevi.com.tr\/index.php\/urun\/northanger-manastiri-3\/"},"modified":"2026-04-16T02:55:50","modified_gmt":"2026-04-15T23:55:50","slug":"northanger-manastiri-3","status":"publish","type":"product","link":"https:\/\/roveyayinevi.com.tr\/index.php\/urun\/northanger-manastiri-3\/","title":{"rendered":"Northanger Manast\u0131r\u0131"},"content":{"rendered":"<p>Austen\u2019\u0131n en sevilen romanlar\u0131ndan, yirmili ya\u015flar\u0131nda yazd\u0131\u011f\u0131 Northanger Manast\u0131r\u0131, muzipli\u011fi elden b\u0131rakmadan, on yedi ya\u015f\u0131nda bir gen\u00e7 k\u0131z\u0131n g\u00f6zlemleri \u00fczerinden d\u00f6nem insan\u0131n\u0131n, g\u00f6rg\u00fc kurallar\u0131n\u0131n, hepsi birbirinin ayn\u0131 olay ve karakterlerle dolu gotik romanlar\u0131n samimi bir parodisini sunar.   Gotik romantik romanlara tutkun Catherine Morland\u2019in bu ellerden d\u00fc\u015fmeyen kitaplardaki kad\u0131n karakterlerle uzaktan yak\u0131ndan alakas\u0131 yoktur: Sade, s\u0131radan ve sakindir Catherine. T\u00fcm sosyetenin ak\u0131n etti\u011fi Bath\u2019a ilk kez gidece\u011fi i\u00e7in son derece heyecanl\u0131d\u0131r. Hayalperest gen\u00e7 kad\u0131n, d\u00fcnyay\u0131 gotik romanlar\u0131n \u00e7er\u00e7evesinden yorumlar. Yazar\u0131n s\u0131radanl\u0131\u011f\u0131ndan dem vurdu\u011fu Catherine, Bath salonlar\u0131ndan Northanger Manast\u0131r\u0131\u2019na uzanan maceras\u0131nda a\u015fk, dostluk, aile gibi kavramlar\u0131 ilk kez sahiden tan\u0131rken, zek\u00e2s\u0131, n\u00fcktedan halleri ve safl\u0131\u011f\u0131yla romandaki pek \u00e7ok karakterin ve okurun g\u00f6nl\u00fcn\u00fc \u00e7alar. <\/p>\n","protected":false},"excerpt":{"rendered":"<p>Austen\u2019\u0131n en sevilen romanlar\u0131ndan, yirmili ya\u015flar\u0131nda yazd\u0131\u011f\u0131 Northanger Manast\u0131r\u0131, muzipli\u011fi elden b\u0131rakmadan, on yedi ya\u015f\u0131nda bir gen\u00e7 k\u0131z\u0131n g\u00f6zlemleri \u00fczerinden d\u00f6nem insan\u0131n\u0131n, g\u00f6rg\u00fc kurallar\u0131n\u0131n, hepsi birbirinin<span class=\"excerpt-hellip\"> [\u2026]<\/span><\/p>\n","protected":false},"featured_media":0,"template":"","meta":{"_monsterinsights_skip_tracking":false,"_monsterinsights_sitenote_active":false,"_monsterinsights_sitenote_note":"","_monsterinsights_sitenote_category":0},"product_brand":[],"product_cat":[12291,12866],"product_tag":[],"class_list":{"0":"post-744340","1":"product","2":"type-product","3":"status-publish","5":"product_cat-edebiyat","6":"product_cat-ingiliz-edebiyati","7":"pa_cilt-ciltsiz","8":"pa_tur-kitap","9":"pa_yayinevi-can-yayinlari","10":"pa_yazar-jane-austen","12":"first","13":"instock","14":"sale","15":"shipping-taxable","16":"purchasable","17":"product-type-simple"},"_links":{"self":[{"href":"https:\/\/roveyayinevi.com.tr\/index.php\/wp-json\/wp\/v2\/product\/744340","targetHints":{"allow":["GET"]}}],"collection":[{"href":"https:\/\/roveyayinevi.com.tr\/index.php\/wp-json\/wp\/v2\/product"}],"about":[{"href":"https:\/\/roveyayinevi.com.tr\/index.php\/wp-json\/wp\/v2\/types\/product"}],"wp:attachment":[{"href":"https:\/\/roveyayinevi.com.tr\/index.php\/wp-json\/wp\/v2\/media?parent=744340"}],"wp:term":[{"taxonomy":"product_brand","embeddable":true,"href":"https:\/\/roveyayinevi.com.tr\/index.php\/wp-json\/wp\/v2\/product_brand?post=744340"},{"taxonomy":"product_cat","embeddable":true,"href":"https:\/\/roveyayinevi.com.tr\/index.php\/wp-json\/wp\/v2\/product_cat?post=744340"},{"taxonomy":"product_tag","embeddable":true,"href":"https:\/\/roveyayinevi.com.tr\/index.php\/wp-json\/wp\/v2\/product_tag?post=744340"}],"curies":[{"name":"wp","href":"https:\/\/api.w.org\/{rel}","templated":true}]}}