{"id":744337,"date":"2025-08-28T01:54:46","date_gmt":"2025-08-27T22:54:46","guid":{"rendered":"https:\/\/roveyayinevi.com.tr\/index.php\/urun\/felsefe-icin-kisa-bir-mola\/"},"modified":"2026-04-16T02:55:50","modified_gmt":"2026-04-15T23:55:50","slug":"felsefe-icin-kisa-bir-mola","status":"publish","type":"product","link":"https:\/\/roveyayinevi.com.tr\/index.php\/urun\/felsefe-icin-kisa-bir-mola\/","title":{"rendered":"Felsefe \u0130\u00e7in K\u0131sa Bir Mola"},"content":{"rendered":"<p>Sokrates\u2019i, Platon\u2019u, Descartes\u2019\u0131 ve Nietzsche\u2019yi ne kadar iyi tan\u0131yorsunuz?Aristoteles\u00e7ilikten faydac\u0131l\u0131\u011fa, e\u015fit\u00e7ilikten varolu\u015f\u00e7ulu\u011fa felsefeyi ne kadar biliyorsunuz? Felsefe, varolu\u015fumuzun i\u015fleyi\u015fini yorumlar ve destekler. Fakat ka\u00e7\u0131m\u0131z felsefenin say\u0131s\u0131z ve geli\u015fmekte olan fikirleri hakk\u0131nda net bir anlay\u0131\u015fa sahip oldu\u011fumuzu iddia edebilir?Felsefeyi a\u015fk, dil ve mutluluktan bilim, siyaset ve ahlaka kadar k\u00fc\u00e7\u00fck par\u00e7alara ay\u0131ran Alain Stephen, ba\u015fl\u0131ca kuramc\u0131lar\u0131 ve kavramlar\u0131 a\u00e7\u0131kl\u0131yor. Filozoflar, net bir \u015fekilde a\u00e7\u0131klanm\u0131\u015f teorileri ve d\u00fc\u015f\u00fcnce okullar\u0131 i\u00e7indeki yerleriyle capcanl\u0131 bir \u015fekilde g\u00f6zler \u00f6n\u00fcne seriliyor.Elinizdeki kitap sizi felsefe i\u00e7in k\u0131sa bir molaya \u00e7a\u011f\u0131ran, ustal\u0131kla \u00f6zetlenmi\u015f bir k\u0131lavuz.<\/p>\n","protected":false},"excerpt":{"rendered":"<p>Sokrates\u2019i, Platon\u2019u, Descartes\u2019\u0131 ve Nietzsche\u2019yi ne kadar iyi tan\u0131yorsunuz?Aristoteles\u00e7ilikten faydac\u0131l\u0131\u011fa, e\u015fit\u00e7ilikten varolu\u015f\u00e7ulu\u011fa felsefeyi ne kadar biliyorsunuz? Felsefe, varolu\u015fumuzun i\u015fleyi\u015fini yorumlar ve destekler. Fakat ka\u00e7\u0131m\u0131z felsefenin say\u0131s\u0131z<span class=\"excerpt-hellip\"> [\u2026]<\/span><\/p>\n","protected":false},"featured_media":0,"template":"","meta":{"_monsterinsights_skip_tracking":false,"_monsterinsights_sitenote_active":false,"_monsterinsights_sitenote_note":"","_monsterinsights_sitenote_category":0},"product_brand":[],"product_cat":[12388,13555],"product_tag":[],"class_list":{"0":"post-744337","1":"product","2":"type-product","3":"status-publish","5":"product_cat-felsefe","6":"product_cat-genel-felsefe","7":"pa_cilt-ciltsiz","8":"pa_tur-kitap","9":"pa_yayinevi-epsilon-yayinlari","10":"pa_yazar-alain-stephen","12":"first","13":"instock","14":"sale","15":"shipping-taxable","16":"purchasable","17":"product-type-simple"},"_links":{"self":[{"href":"https:\/\/roveyayinevi.com.tr\/index.php\/wp-json\/wp\/v2\/product\/744337","targetHints":{"allow":["GET"]}}],"collection":[{"href":"https:\/\/roveyayinevi.com.tr\/index.php\/wp-json\/wp\/v2\/product"}],"about":[{"href":"https:\/\/roveyayinevi.com.tr\/index.php\/wp-json\/wp\/v2\/types\/product"}],"wp:attachment":[{"href":"https:\/\/roveyayinevi.com.tr\/index.php\/wp-json\/wp\/v2\/media?parent=744337"}],"wp:term":[{"taxonomy":"product_brand","embeddable":true,"href":"https:\/\/roveyayinevi.com.tr\/index.php\/wp-json\/wp\/v2\/product_brand?post=744337"},{"taxonomy":"product_cat","embeddable":true,"href":"https:\/\/roveyayinevi.com.tr\/index.php\/wp-json\/wp\/v2\/product_cat?post=744337"},{"taxonomy":"product_tag","embeddable":true,"href":"https:\/\/roveyayinevi.com.tr\/index.php\/wp-json\/wp\/v2\/product_tag?post=744337"}],"curies":[{"name":"wp","href":"https:\/\/api.w.org\/{rel}","templated":true}]}}