{"id":744336,"date":"2025-08-28T01:54:45","date_gmt":"2025-08-27T22:54:45","guid":{"rendered":"https:\/\/roveyayinevi.com.tr\/index.php\/urun\/otonom\/"},"modified":"2026-04-16T02:55:50","modified_gmt":"2026-04-15T23:55:50","slug":"otonom","status":"publish","type":"product","link":"https:\/\/roveyayinevi.com.tr\/index.php\/urun\/otonom\/","title":{"rendered":"Otonom"},"content":{"rendered":"<p>\u201cNewitz karma\u015f\u0131k sistemleri her zaman esas noktas\u0131ndan kavr\u0131yor ve \u015fiirsel bir vah\u015fetle par\u00e7alar\u0131na ay\u0131r\u0131yor.\u201d \u2014N. K. Jemisin  Otonom ve s\u00f6zle\u015fmeli robotlar, k\u00f6le insanlar, sat\u0131n al\u0131nan ayr\u0131cal\u0131klar\u0131n oldu\u011fu bir d\u00fcnya&#8230;   D\u00fcnya gezegeninde 2144 y\u0131l\u0131. \u0130la\u00e7 korsan\u0131 Jack, patent kar\u015f\u0131t\u0131 bir bilimci. Denizalt\u0131s\u0131yla d\u00fcnyay\u0131 eczac\u0131 bir Robin Hood gibi dola\u015farak yeterli paras\u0131 olmayanlara ucuz ila\u00e7lar \u00fcretiyor. Ancak kopyalad\u0131\u011f\u0131 son ila\u00e7 tam bir fiyasko. \u0130lac\u0131 kullananlar i\u015flerine ba\u011f\u0131ml\u0131 h\u00e2le gelip a\u015f\u0131r\u0131 dozdan bir bir \u00f6l\u00fcyor. D\u00fcnya bir salg\u0131n\u0131n pen\u00e7esinde. S\u00fcrekli ayn\u0131 i\u015fleri yapmaktan kendine zarar vermeye ba\u015flay\u0131p \u00e7evresine tehlike sa\u00e7an insanlar, delirenler, devreleri b\u00fcsb\u00fct\u00fcn yananlar&#8230;   \u0130lgin\u00e7 bir ikiliyse Jack\u2019in pe\u015finde: Kederli askeri ajan Eliasz ile robot deste\u011fi Paladin. Jack\u2019in piyasaya s\u00fcrd\u00fc\u011f\u00fc ilac\u0131n \u015feytani kayna\u011f\u0131 ortaya \u00e7\u0131kmadan \u00f6nce onu durdurmal\u0131lar. Kaybedecek vakitleri yok ancak insan ve robotun i\u00e7 i\u00e7e ge\u00e7ti\u011fi bu d\u00fcnyada kim veya ne olduklar\u0131n\u0131 ke\u015ffetmek sadece bir zaman de\u011fil, varolu\u015f meselesi&#8230;   Sistemin devrelerinde gezinen esas soru ise: Her \u015feyin, insanlar\u0131n bile bir sahibinin oldu\u011fu bu k\u00fclt\u00fcrde \u00f6zg\u00fcr olmak m\u00fcmk\u00fcn m\u00fc?   \u201cGer\u00e7ekten heyecan verici, ger\u00e7ekten yeni.\u201d \u2013WILLIAM GIBSON   \u201cNeuromancer internetin habercisiydi, Otonom da yapay zek\u00e2 ve biyoteknolojinin.\u201d \u2013NEAL STEPHENSON<\/p>\n","protected":false},"excerpt":{"rendered":"<p>\u201cNewitz karma\u015f\u0131k sistemleri her zaman esas noktas\u0131ndan kavr\u0131yor ve \u015fiirsel bir vah\u015fetle par\u00e7alar\u0131na ay\u0131r\u0131yor.\u201d \u2014N. K. Jemisin Otonom ve s\u00f6zle\u015fmeli robotlar, k\u00f6le insanlar, sat\u0131n al\u0131nan ayr\u0131cal\u0131klar\u0131n<span class=\"excerpt-hellip\"> [\u2026]<\/span><\/p>\n","protected":false},"featured_media":0,"template":"","meta":{"_monsterinsights_skip_tracking":false,"_monsterinsights_sitenote_active":false,"_monsterinsights_sitenote_note":"","_monsterinsights_sitenote_category":0},"product_brand":[],"product_cat":[12540,12291],"product_tag":[],"class_list":{"0":"post-744336","1":"product","2":"type-product","3":"status-publish","5":"product_cat-bilim-kurgu","6":"product_cat-edebiyat","7":"pa_cilt-ciltsiz","8":"pa_tur-kitap","9":"pa_yayinevi-epsilon-yayinlari","10":"pa_yazar-annalee-newitz","12":"first","13":"instock","14":"sale","15":"shipping-taxable","16":"purchasable","17":"product-type-simple"},"_links":{"self":[{"href":"https:\/\/roveyayinevi.com.tr\/index.php\/wp-json\/wp\/v2\/product\/744336","targetHints":{"allow":["GET"]}}],"collection":[{"href":"https:\/\/roveyayinevi.com.tr\/index.php\/wp-json\/wp\/v2\/product"}],"about":[{"href":"https:\/\/roveyayinevi.com.tr\/index.php\/wp-json\/wp\/v2\/types\/product"}],"wp:attachment":[{"href":"https:\/\/roveyayinevi.com.tr\/index.php\/wp-json\/wp\/v2\/media?parent=744336"}],"wp:term":[{"taxonomy":"product_brand","embeddable":true,"href":"https:\/\/roveyayinevi.com.tr\/index.php\/wp-json\/wp\/v2\/product_brand?post=744336"},{"taxonomy":"product_cat","embeddable":true,"href":"https:\/\/roveyayinevi.com.tr\/index.php\/wp-json\/wp\/v2\/product_cat?post=744336"},{"taxonomy":"product_tag","embeddable":true,"href":"https:\/\/roveyayinevi.com.tr\/index.php\/wp-json\/wp\/v2\/product_tag?post=744336"}],"curies":[{"name":"wp","href":"https:\/\/api.w.org\/{rel}","templated":true}]}}