{"id":744327,"date":"2025-08-28T01:54:34","date_gmt":"2025-08-27T22:54:34","guid":{"rendered":"https:\/\/roveyayinevi.com.tr\/index.php\/urun\/kendi-ayak-izini-olusturan-kadinlar\/"},"modified":"2026-04-16T02:55:50","modified_gmt":"2026-04-15T23:55:50","slug":"kendi-ayak-izini-olusturan-kadinlar","status":"publish","type":"product","link":"https:\/\/roveyayinevi.com.tr\/index.php\/urun\/kendi-ayak-izini-olusturan-kadinlar\/","title":{"rendered":"Kendi Ayak \u0130zini Olu\u015fturan Kad\u0131nlar"},"content":{"rendered":"<p>Kendi Ayak \u0130zini Olu\u015fturan Kad\u0131nlar Kitap A\u00e7\u0131klamas\u0131 \u0130\u00e7imizdeki cevherin fark\u0131na varal\u0131m ve yeteneklerimizi bo\u015fa sarf etmeyelim. Banu Tozluyurt, Kendi Ayak \u0130zini Olu\u015fturan Kad\u0131nlar\u2019da 24 kad\u0131n\u0131n ya\u015fam\u0131na odaklan\u0131yor ve onlar\u0131n ba\u015far\u0131 hik\u00e2yelerini okura aktar\u0131yor. Kitapta yer alan isimlerin kendi ayak izlerini olu\u015ftururken y\u00fcr\u00fcd\u00fckleri yollardaki engeller, kar\u015f\u0131lar\u0131na \u00e7\u0131kan f\u0131rsatlar, hayatlar\u0131 boyunca edindikleri deneyimler, hedeflerine ula\u015ft\u0131klar\u0131nda vard\u0131klar\u0131 sonu\u00e7 ve zaferin her biri bir ders niteli\u011finde.   Kendi Ayak \u0130zini Olu\u015fturan Kad\u0131nlar\u2019da me\u015fakkatli, b\u00fcy\u00fck \u00e7\u0131kmazlar\u0131n i\u00e7inden direnerek, sab\u0131r ve inan\u00e7la m\u00fccadele ederek ba\u015far\u0131ya ula\u015fan kad\u0131nlar\u0131n hayat hik\u00e2yelerinin herkese ilham olaca\u011f\u0131na inan\u0131yoruz. Banu Tozluyurt, ya\u015fam\u0131n\u0131n sorumlulu\u011funu eline alan, psikolojik sermayesi g\u00fc\u00e7l\u00fc; y\u0131lmaz, iyimser, umutlu ve \u00f6z yeterlik sahibi Feyzalar\u0131n, Nazifelerin, Mervelerin, \u00d6zlemlerin ve daha nicelerinin ba\u015far\u0131l\u0131 hayat\u0131na \u0131\u015f\u0131k tutuyor. Bu \u0131\u015f\u0131ktan ilham alman\u0131z ve umudunuzu yitirmemeniz dile\u011fiyle\u2026  (Tan\u0131t\u0131m B\u00fclteninden)<\/p>\n","protected":false},"excerpt":{"rendered":"<p>Kendi Ayak \u0130zini Olu\u015fturan Kad\u0131nlar Kitap A\u00e7\u0131klamas\u0131 \u0130\u00e7imizdeki cevherin fark\u0131na varal\u0131m ve yeteneklerimizi bo\u015fa sarf etmeyelim. Banu Tozluyurt, Kendi Ayak \u0130zini Olu\u015fturan Kad\u0131nlar\u2019da 24 kad\u0131n\u0131n ya\u015fam\u0131na<span class=\"excerpt-hellip\"> [\u2026]<\/span><\/p>\n","protected":false},"featured_media":0,"template":"","meta":{"_monsterinsights_skip_tracking":false,"_monsterinsights_sitenote_active":false,"_monsterinsights_sitenote_note":"","_monsterinsights_sitenote_category":0},"product_brand":[],"product_cat":[14741,13488],"product_tag":[],"class_list":{"0":"post-744327","1":"product","2":"type-product","3":"status-publish","5":"product_cat-kadin-sorunlari-feminizm","6":"product_cat-toplum-ve-insan","7":"pa_cilt-ciltsiz","8":"pa_tur-kitap","9":"pa_yayinevi-nemesis-kitap","10":"pa_yazar-banu-tozluyurt","12":"first","13":"instock","14":"sale","15":"shipping-taxable","16":"purchasable","17":"product-type-simple"},"_links":{"self":[{"href":"https:\/\/roveyayinevi.com.tr\/index.php\/wp-json\/wp\/v2\/product\/744327","targetHints":{"allow":["GET"]}}],"collection":[{"href":"https:\/\/roveyayinevi.com.tr\/index.php\/wp-json\/wp\/v2\/product"}],"about":[{"href":"https:\/\/roveyayinevi.com.tr\/index.php\/wp-json\/wp\/v2\/types\/product"}],"wp:attachment":[{"href":"https:\/\/roveyayinevi.com.tr\/index.php\/wp-json\/wp\/v2\/media?parent=744327"}],"wp:term":[{"taxonomy":"product_brand","embeddable":true,"href":"https:\/\/roveyayinevi.com.tr\/index.php\/wp-json\/wp\/v2\/product_brand?post=744327"},{"taxonomy":"product_cat","embeddable":true,"href":"https:\/\/roveyayinevi.com.tr\/index.php\/wp-json\/wp\/v2\/product_cat?post=744327"},{"taxonomy":"product_tag","embeddable":true,"href":"https:\/\/roveyayinevi.com.tr\/index.php\/wp-json\/wp\/v2\/product_tag?post=744327"}],"curies":[{"name":"wp","href":"https:\/\/api.w.org\/{rel}","templated":true}]}}