{"id":744317,"date":"2025-08-28T01:54:20","date_gmt":"2025-08-27T22:54:20","guid":{"rendered":"https:\/\/roveyayinevi.com.tr\/index.php\/urun\/gulmek\/"},"modified":"2026-04-16T02:55:49","modified_gmt":"2026-04-15T23:55:49","slug":"gulmek","status":"publish","type":"product","link":"https:\/\/roveyayinevi.com.tr\/index.php\/urun\/gulmek\/","title":{"rendered":"G\u00fclmek"},"content":{"rendered":"<p>Fotograflarla deneme tarz\u0131 az rastlanan bir \u00e7al\u0131\u015fma. Yazar bu kitapta payla\u015ft\u0131\u011f\u0131 denemelerinde foto\u011fraflar\u0131n\u0131n vermi\u015f oldu\u011fu g\u00fcc\u00fc yan\u0131nda hissederken g\u00fcnceli takip etme gayretinde oldu. Neden az g\u00fcI\u00fcyoruz? \u0130nsan iyi mi yoksa k\u00f6t\u00fc m\u00fc? Vicdan m\u0131 de\u011filse ahl\u00e2k m\u0131? Neden \u00f6fkeliyiz? Sorular\u0131na yaz\u0131lan ile a\u00e7\u0131l\u0131m getirirken cevaplanni bulmaniz i\u00e7n fotograflar\u0131 ile destek verme gayretinde olmu\u015ftur. &#8220;G\u00fclmek&#8221; e\u011flenceli kolay okunabilen tarz da bir deneme kitab\u0131. T\u00fcr\u00fcn\u00fcn ilk \u00f6rneklerinden olan bu eser, bai ucu kitab\u0131n\u0131z olmaya aday. Mersinli, Girit g\u00f6\u00e7meni bir ailenin oglu. Yirmi be\u015f y\u0131l \u00f6zel sekt\u00f6r orta ve \u00fcst d\u00fczey y\u00f6neticilik deneyimini takiben foto\u011fraf\u0131n  merkezine yerle\u015ftirdi\u011fi yeni ve \u00e7ok sevdi\u011fi bir r\u00fczgarla hayat yelkenini doldurmaya \u00e7al\u0131\u015f\u0131yor. R\u00fczgar zaman zaman sert zaman zaman yumu\u015fak esse dahi sevgisi hep ayn\u0131 kal\u0131yor. Onun i\u00e7in foto\u011fraf g\u00f6n\u00fcl g\u00f6z\u00fc<\/p>\n","protected":false},"excerpt":{"rendered":"<p>Fotograflarla deneme tarz\u0131 az rastlanan bir \u00e7al\u0131\u015fma. Yazar bu kitapta payla\u015ft\u0131\u011f\u0131 denemelerinde foto\u011fraflar\u0131n\u0131n vermi\u015f oldu\u011fu g\u00fcc\u00fc yan\u0131nda hissederken g\u00fcnceli takip etme gayretinde oldu. Neden az g\u00fcI\u00fcyoruz?<span class=\"excerpt-hellip\"> [\u2026]<\/span><\/p>\n","protected":false},"featured_media":0,"template":"","meta":{"_monsterinsights_skip_tracking":false,"_monsterinsights_sitenote_active":false,"_monsterinsights_sitenote_note":"","_monsterinsights_sitenote_category":0},"product_brand":[],"product_cat":[12777,12291],"product_tag":[],"class_list":{"0":"post-744317","1":"product","2":"type-product","3":"status-publish","5":"product_cat-deneme","6":"product_cat-edebiyat","7":"pa_cilt-ciltsiz","8":"pa_tur-kitap","9":"pa_yayinevi-platanus-publishing","10":"pa_yazar-hulki-muradi","12":"first","13":"instock","14":"sale","15":"shipping-taxable","16":"purchasable","17":"product-type-simple"},"_links":{"self":[{"href":"https:\/\/roveyayinevi.com.tr\/index.php\/wp-json\/wp\/v2\/product\/744317","targetHints":{"allow":["GET"]}}],"collection":[{"href":"https:\/\/roveyayinevi.com.tr\/index.php\/wp-json\/wp\/v2\/product"}],"about":[{"href":"https:\/\/roveyayinevi.com.tr\/index.php\/wp-json\/wp\/v2\/types\/product"}],"wp:attachment":[{"href":"https:\/\/roveyayinevi.com.tr\/index.php\/wp-json\/wp\/v2\/media?parent=744317"}],"wp:term":[{"taxonomy":"product_brand","embeddable":true,"href":"https:\/\/roveyayinevi.com.tr\/index.php\/wp-json\/wp\/v2\/product_brand?post=744317"},{"taxonomy":"product_cat","embeddable":true,"href":"https:\/\/roveyayinevi.com.tr\/index.php\/wp-json\/wp\/v2\/product_cat?post=744317"},{"taxonomy":"product_tag","embeddable":true,"href":"https:\/\/roveyayinevi.com.tr\/index.php\/wp-json\/wp\/v2\/product_tag?post=744317"}],"curies":[{"name":"wp","href":"https:\/\/api.w.org\/{rel}","templated":true}]}}