{"id":744312,"date":"2025-08-28T01:54:13","date_gmt":"2025-08-27T22:54:13","guid":{"rendered":"https:\/\/roveyayinevi.com.tr\/index.php\/urun\/medya-gercegi\/"},"modified":"2026-04-16T02:55:49","modified_gmt":"2026-04-15T23:55:49","slug":"medya-gercegi","status":"publish","type":"product","link":"https:\/\/roveyayinevi.com.tr\/index.php\/urun\/medya-gercegi\/","title":{"rendered":"Medya Ger\u00e7e\u011fi"},"content":{"rendered":"<p>Y\u0131llar \u00f6nce, zavall\u0131 bir ku\u015fun petrole bulanm\u0131\u015f, \u00e7aresiz g\u00f6r\u00fcnt\u00fcs\u00fc kar\u015f\u0131s\u0131nda deh\u015fete kap\u0131l\u0131p lanetler ya\u011fd\u0131racak kadar hassas oldu\u011fumuz g\u00fcnlerde, \u00e7o\u011fu kad\u0131n ve \u00e7ocuk 100 bine yak\u0131n insan\u0131n g\u00f6ky\u00fcz\u00fcnden ya\u011fan bombalar alt\u0131nda \u00f6l\u00fcm\u00fcn\u00fc, s\u0131cak odalar\u0131m\u0131zda kahvemizi yudumlay\u0131p havai fi\u015fek g\u00f6sterileri gibi izlemi\u015ftik. Anla\u015f\u0131lan Guy Debord\u2019\u2019un 1968\u2019\u2019lerde \u00f6ng\u00f6rd\u00fc\u011f\u00fc \u201cG\u00f6steri Toplumu\u201d ger\u00e7ekle\u015fmi\u015fti. 11 Eyl\u00fcl sald\u0131r\u0131s\u0131n\u0131n hemen ard\u0131ndan ABD\u2019nin bir \u201ccezaland\u0131rma eylemi\u201d olarak giri\u015fti\u011fi Afganistan operasyonu, \u015earon\u2019\u2019un b\u00fct\u00fcn pervas\u0131zl\u0131\u011f\u0131yla Filistin \u015fehirlerini yak\u0131p y\u0131kmas\u0131 ve Arafat\u2019\u2019\u0131 ku\u015fatma alt\u0131nda tutmas\u0131n\u0131n yan\u0131 s\u0131ra \u201cIrak operasyonu\u201d o g\u00fcnlere hem ne kadar uzak hem de ne kadar yak\u0131n oldu\u011fumuzu g\u00f6sterdi. Bu s\u00fcre\u00e7 i\u00e7inde, medyan\u0131n \u201cr\u0131zan\u0131n \u00fcretilmesi\u201dndeki ve \u201cg\u00fcd\u00fcml\u00fc ger\u00e7eklik yarat\u0131lmas\u0131\u201dndaki rol\u00fc hi\u00e7 de\u011fi\u015fmedi. Medya daha incelikli y\u00f6ntemlerle d\u00fc\u015fmanlar\u0131 \u015feytanla\u015ft\u0131r\u0131rken, yanda\u015flar\u0131n\u0131 melekle\u015ftirmekten vazge\u00e7medi. Medyan\u0131n sermaye ve iktidarla ili\u015fkisi her ge\u00e7en g\u00fcn taraflar\u0131n me\u015fruiyetini daha \u00e7ok kemiren bir sorun olarak ortaya \u00e7\u0131kt\u0131. Noam Chomsky, bu kitab\u0131nda, medyan\u0131n h\u00fck\u00fcmet, sermaye ve elit kesimlerle s\u0131k\u0131 f\u0131k\u0131 ba\u011flar\u0131 ve \u00e7\u0131kar ili\u015fkileri temelinde i\u015fleyi\u015f mekanizmas\u0131n\u0131, \u00f6zellikle Ortado\u011fu, Filistin ve Nikaragua\u2019\u2019dan zengin \u00f6rneklerle g\u00f6zler \u00f6n\u00fcne sermektedir. <\/p>\n","protected":false},"excerpt":{"rendered":"<p>Y\u0131llar \u00f6nce, zavall\u0131 bir ku\u015fun petrole bulanm\u0131\u015f, \u00e7aresiz g\u00f6r\u00fcnt\u00fcs\u00fc kar\u015f\u0131s\u0131nda deh\u015fete kap\u0131l\u0131p lanetler ya\u011fd\u0131racak kadar hassas oldu\u011fumuz g\u00fcnlerde, \u00e7o\u011fu kad\u0131n ve \u00e7ocuk 100 bine yak\u0131n insan\u0131n<span class=\"excerpt-hellip\"> [\u2026]<\/span><\/p>\n","protected":false},"featured_media":0,"template":"","meta":{"_monsterinsights_skip_tracking":false,"_monsterinsights_sitenote_active":false,"_monsterinsights_sitenote_note":"","_monsterinsights_sitenote_category":0},"product_brand":[],"product_cat":[15983,13488],"product_tag":[],"class_list":{"0":"post-744312","1":"product","2":"type-product","3":"status-publish","5":"product_cat-iletisim-ve-medya","6":"product_cat-toplum-ve-insan","7":"pa_cilt-ciltsiz","8":"pa_tur-kitap","9":"pa_yayinevi-alfa-yayinlari","10":"pa_yazar-noam-chomsky","12":"first","13":"instock","14":"sale","15":"shipping-taxable","16":"purchasable","17":"product-type-simple"},"_links":{"self":[{"href":"https:\/\/roveyayinevi.com.tr\/index.php\/wp-json\/wp\/v2\/product\/744312","targetHints":{"allow":["GET"]}}],"collection":[{"href":"https:\/\/roveyayinevi.com.tr\/index.php\/wp-json\/wp\/v2\/product"}],"about":[{"href":"https:\/\/roveyayinevi.com.tr\/index.php\/wp-json\/wp\/v2\/types\/product"}],"wp:attachment":[{"href":"https:\/\/roveyayinevi.com.tr\/index.php\/wp-json\/wp\/v2\/media?parent=744312"}],"wp:term":[{"taxonomy":"product_brand","embeddable":true,"href":"https:\/\/roveyayinevi.com.tr\/index.php\/wp-json\/wp\/v2\/product_brand?post=744312"},{"taxonomy":"product_cat","embeddable":true,"href":"https:\/\/roveyayinevi.com.tr\/index.php\/wp-json\/wp\/v2\/product_cat?post=744312"},{"taxonomy":"product_tag","embeddable":true,"href":"https:\/\/roveyayinevi.com.tr\/index.php\/wp-json\/wp\/v2\/product_tag?post=744312"}],"curies":[{"name":"wp","href":"https:\/\/api.w.org\/{rel}","templated":true}]}}