{"id":744307,"date":"2025-08-28T01:54:07","date_gmt":"2025-08-27T22:54:07","guid":{"rendered":"https:\/\/roveyayinevi.com.tr\/index.php\/urun\/neve\/"},"modified":"2026-04-16T02:55:49","modified_gmt":"2026-04-15T23:55:49","slug":"neve","status":"publish","type":"product","link":"https:\/\/roveyayinevi.com.tr\/index.php\/urun\/neve\/","title":{"rendered":"Neve"},"content":{"rendered":"<p>Lisa on be\u015f ya\u015f\u0131nda Romal\u0131 bir gen\u00e7 k\u0131zd\u0131r. \u00d6z g\u00fcveni zay\u0131f ve i\u00e7ine kapan\u0131k olan Lisa, uzun s\u00fcren pandemi s\u00fcrecinde ya\u015f\u0131tlar\u0131ndan daha da kopmu\u015ftur. Ailesi, psikoterapistlerine de dan\u0131\u015farak Lisa\u2019y\u0131 lise ikinci s\u0131n\u0131fta \u0130svi\u00e7re\u2019de bir yat\u0131l\u0131 okul olan Clevermind\u2019a g\u00f6nderir. Lisa i\u00e7in yeni ortam, yeni \u00f6\u011fretmen ve yeni arkada\u015flara uyum sa\u011flama s\u00fcreci olduk\u00e7a sanc\u0131l\u0131 ba\u015flam\u0131\u015ft\u0131r. Tam da Noel tatili \u00f6ncesi en sevdi\u011fi \u00f6\u011fretmeninin ve en yak\u0131n arkada\u015f\u0131n\u0131n Clevermind\u2019dan beklenmedik ayr\u0131l\u0131\u015flar\u0131yla ilgili fark etti\u011fi bir dizi ku\u015fku uyand\u0131r\u0131c\u0131 detay onu, ger\u00e7eklerin pe\u015fine d\u00fc\u015fmeye iter. Kendin olma cesaretini ve i\u00e7indeki potansiyeli ke\u015ffedebilmeyi konu alan bu roman, insano\u011flunun do\u011fada b\u0131rakt\u0131\u011f\u0131 tahribat\u0131 gen\u00e7lerin g\u00f6z\u00fcnden anlat\u0131yor ve gezegenin gelece\u011finin hepimize ba\u011fl\u0131 oldu\u011funun alt\u0131n\u0131 \u00e7iziyor.<\/p>\n","protected":false},"excerpt":{"rendered":"<p>Lisa on be\u015f ya\u015f\u0131nda Romal\u0131 bir gen\u00e7 k\u0131zd\u0131r. \u00d6z g\u00fcveni zay\u0131f ve i\u00e7ine kapan\u0131k olan Lisa, uzun s\u00fcren pandemi s\u00fcrecinde ya\u015f\u0131tlar\u0131ndan daha da kopmu\u015ftur. Ailesi, psikoterapistlerine<span class=\"excerpt-hellip\"> [\u2026]<\/span><\/p>\n","protected":false},"featured_media":0,"template":"","meta":{"_monsterinsights_skip_tracking":false,"_monsterinsights_sitenote_active":false,"_monsterinsights_sitenote_note":"","_monsterinsights_sitenote_category":0},"product_brand":[],"product_cat":[12275,12274],"product_tag":[],"class_list":{"0":"post-744307","1":"product","2":"type-product","3":"status-publish","5":"product_cat-6-12-yas-kitaplari","6":"product_cat-cocuk-ve-genclik-kitaplari","7":"pa_cilt-ciltsiz","8":"pa_tur-kitap","9":"pa_yayinevi-peta-kitap","10":"pa_yazar-simona-baldelli","12":"first","13":"instock","14":"sale","15":"shipping-taxable","16":"purchasable","17":"product-type-simple"},"_links":{"self":[{"href":"https:\/\/roveyayinevi.com.tr\/index.php\/wp-json\/wp\/v2\/product\/744307","targetHints":{"allow":["GET"]}}],"collection":[{"href":"https:\/\/roveyayinevi.com.tr\/index.php\/wp-json\/wp\/v2\/product"}],"about":[{"href":"https:\/\/roveyayinevi.com.tr\/index.php\/wp-json\/wp\/v2\/types\/product"}],"wp:attachment":[{"href":"https:\/\/roveyayinevi.com.tr\/index.php\/wp-json\/wp\/v2\/media?parent=744307"}],"wp:term":[{"taxonomy":"product_brand","embeddable":true,"href":"https:\/\/roveyayinevi.com.tr\/index.php\/wp-json\/wp\/v2\/product_brand?post=744307"},{"taxonomy":"product_cat","embeddable":true,"href":"https:\/\/roveyayinevi.com.tr\/index.php\/wp-json\/wp\/v2\/product_cat?post=744307"},{"taxonomy":"product_tag","embeddable":true,"href":"https:\/\/roveyayinevi.com.tr\/index.php\/wp-json\/wp\/v2\/product_tag?post=744307"}],"curies":[{"name":"wp","href":"https:\/\/api.w.org\/{rel}","templated":true}]}}