{"id":744285,"date":"2025-08-28T01:53:36","date_gmt":"2025-08-27T22:53:36","guid":{"rendered":"https:\/\/roveyayinevi.com.tr\/index.php\/urun\/modern-cagda-savas-ve-diplomasi\/"},"modified":"2026-04-16T02:55:48","modified_gmt":"2026-04-15T23:55:48","slug":"modern-cagda-savas-ve-diplomasi","status":"publish","type":"product","link":"https:\/\/roveyayinevi.com.tr\/index.php\/urun\/modern-cagda-savas-ve-diplomasi\/","title":{"rendered":"Modern \u00c7a\u011f&#8217;da Sava\u015f ve Diplomasi"},"content":{"rendered":"<p>Bu kitap, iki ana ba\u015fl\u0131k alt\u0131nda 12 b\u00f6l\u00fcmden olu\u015fuyor. Konular\u0131nda uzman, farkl\u0131 disip &#8211; linlerden akademisyenlerin haz\u0131rlad\u0131\u011f\u0131 yaz\u0131lar\u0131n ilk sekizi, 1815 Viyana Kongresi\u2019nden g\u00fcn\u00fcm\u00fcze kadar ge\u00e7en s\u00fcre\u00e7te diplomatik geli\u015fmeleri a\u00e7\u0131kl\u0131yor. Son d\u00f6rt \u00e7al\u0131\u015fma ise diplomasinin kamu, kent, enerji gibi farkl\u0131 sahalarda uygulama alanlar\u0131n\u0131 detayl\u0131 olarak ele al\u0131yor. T\u00fcm yaz\u0131lar birbirinden ba\u011f\u0131ms\u0131z birer makale olarak kaleme al\u0131nm\u0131\u015f olmakla birlikte, \u00e7al\u0131\u015fmalar\u0131n toplam\u0131 Modern \u00c7a\u011f\u2019da sava\u015f ve diplomasiyi, diplo &#8211; masinin farkl\u0131 uygulama alanlar\u0131n\u0131 bir b\u00fct\u00fcn olarak g\u00f6zler \u00f6n\u00fcne seriyor. Mehmet Alaaddin Yal\u00e7\u0131nkaya Viyana Kongresi\u2019nden 1830 \u0130htilali\u2019ne kadar ge\u00e7en periyotta modern diplomasiye a\u00e7\u0131lan yolu ortaya koyuyor. Ahmet D\u00f6nmez, 1830 ve 1848 \u0130htilalleri aras\u0131ndaki d\u00f6nemde ya\u015fanan siyasi, asker\u00ee ve diplomatik olaylar \u00e7er\u00e7eve &#8211; sinde Viyana d\u00fczeninin \u00e7\u00f6k\u00fc\u015f\u00fcn\u00fc a\u00e7\u0131kl\u0131yor. Adil Calap, 1850 y\u0131l\u0131ndan 1875 y\u0131l\u0131na kadar ge\u00e7en y\u0131llardaki sava\u015f diplomasisini ayr\u0131nt\u0131l\u0131 bir \u015fekilde inceliyor. Necmettin Alkan, 1876 y\u0131l\u0131ndan Birinci D\u00fcnya Sava\u015f\u0131\u2019n\u0131n ba\u015flamas\u0131na kadar ge\u00e7en d\u00f6nemde modern diplomasinin zihniyeti, kurumlar\u0131 ve uygulamas\u0131n\u0131 ele al\u0131yor. Musa K\u0131l\u0131\u00e7, Birinci D\u00fcnya Sava\u015f\u0131; Nezihe Selcen Korkmazcan ise \u0130kinci D\u00fcnya Sava\u015f\u0131 diplomasisini g\u00f6zler \u00f6n\u00fcne seriyor. Evren K\u00fc\u00e7\u00fck, So\u011fuk Sava\u015f d\u00f6nemindeki diplomasiyi a\u00e7\u0131kl\u0131yor. Ay\u015fe \u00d6m\u00fcr Atmaca, So\u011fuk Sava\u015f\u2019tan g\u00fcn\u00fcm\u00fcze de\u011fi\u015fen d\u00fcnyadaki diplomatik geli\u015fmeleri ortaya koyuyor. Esra Banu Sipahi ve Bahar \u00d6zsoy, kent diplomasisinin ortaya \u00e7\u0131k\u0131\u015f\u0131n\u0131 ve geli\u015fimini \u00e7al\u0131\u015fmas\u0131n\u0131n merkezine oturtuyor. Dicle Korkmaz, enerji diplomasisini kavramsal olarak ortaya koyarak uygulama alanlar\u0131n\u0131 a\u00e7\u0131kl\u0131yor. Sel\u00e7uk Kahraman ve \u00d6nder Kutlu kamu diplomasisini \u00e7ok y\u00f6nl\u00fc olarak inceliyor. G\u00fcl\u015fah K\u00f6pr\u00fcl\u00fc ve Murat \u00c7emrek ise k\u00fcreselle\u015fen d\u00fcnyada diplomasinin ge\u00e7irdi\u011fi d\u00f6n\u00fc\u015f\u00fcm\u00fc sorguluyor. Ahmet D\u00f6nmez, Necmettin Erbakan \u00dcniversitesi Sosyal ve Be\u015feri Bilimler Fak\u00fcltesi Tarih B\u00f6l\u00fcm\u00fcnde \u00f6\u011fretim \u00fcyesi.   <\/p>\n","protected":false},"excerpt":{"rendered":"<p>Bu kitap, iki ana ba\u015fl\u0131k alt\u0131nda 12 b\u00f6l\u00fcmden olu\u015fuyor. Konular\u0131nda uzman, farkl\u0131 disip &#8211; linlerden akademisyenlerin haz\u0131rlad\u0131\u011f\u0131 yaz\u0131lar\u0131n ilk sekizi, 1815 Viyana Kongresi\u2019nden g\u00fcn\u00fcm\u00fcze kadar ge\u00e7en<span class=\"excerpt-hellip\"> [\u2026]<\/span><\/p>\n","protected":false},"featured_media":0,"template":"","meta":{"_monsterinsights_skip_tracking":false,"_monsterinsights_sitenote_active":false,"_monsterinsights_sitenote_note":"","_monsterinsights_sitenote_category":0},"product_brand":[],"product_cat":[12370,12304],"product_tag":[],"class_list":{"0":"post-744285","1":"product","2":"type-product","3":"status-publish","5":"product_cat-arastirma-inceleme","6":"product_cat-tarih","7":"pa_cilt-ciltsiz","8":"pa_tur-kitap","9":"pa_yayinevi-altinordu-yayinlari","10":"pa_yazar-kolektif","12":"first","13":"instock","14":"sale","15":"shipping-taxable","16":"purchasable","17":"product-type-simple"},"_links":{"self":[{"href":"https:\/\/roveyayinevi.com.tr\/index.php\/wp-json\/wp\/v2\/product\/744285","targetHints":{"allow":["GET"]}}],"collection":[{"href":"https:\/\/roveyayinevi.com.tr\/index.php\/wp-json\/wp\/v2\/product"}],"about":[{"href":"https:\/\/roveyayinevi.com.tr\/index.php\/wp-json\/wp\/v2\/types\/product"}],"wp:attachment":[{"href":"https:\/\/roveyayinevi.com.tr\/index.php\/wp-json\/wp\/v2\/media?parent=744285"}],"wp:term":[{"taxonomy":"product_brand","embeddable":true,"href":"https:\/\/roveyayinevi.com.tr\/index.php\/wp-json\/wp\/v2\/product_brand?post=744285"},{"taxonomy":"product_cat","embeddable":true,"href":"https:\/\/roveyayinevi.com.tr\/index.php\/wp-json\/wp\/v2\/product_cat?post=744285"},{"taxonomy":"product_tag","embeddable":true,"href":"https:\/\/roveyayinevi.com.tr\/index.php\/wp-json\/wp\/v2\/product_tag?post=744285"}],"curies":[{"name":"wp","href":"https:\/\/api.w.org\/{rel}","templated":true}]}}