{"id":744284,"date":"2025-08-28T01:53:35","date_gmt":"2025-08-27T22:53:35","guid":{"rendered":"https:\/\/roveyayinevi.com.tr\/index.php\/urun\/ilk-cagdan-viyana-kongresine-diplomasi\/"},"modified":"2026-04-16T02:55:48","modified_gmt":"2026-04-15T23:55:48","slug":"ilk-cagdan-viyana-kongresine-diplomasi","status":"publish","type":"product","link":"https:\/\/roveyayinevi.com.tr\/index.php\/urun\/ilk-cagdan-viyana-kongresine-diplomasi\/","title":{"rendered":"\u0130lk \u00c7a\u011f&#8217;dan Viyana Kongresi&#8217;ne Diplomasi"},"content":{"rendered":"<p>Bu kitap, iki ana ba\u015fl\u0131k alt\u0131nda 10 b\u00f6l\u00fcmden olu\u015fuyor. Konular\u0131nda uzman, farkl\u0131 disiplinlerden akademisyenlerin haz\u0131rlad\u0131\u011f\u0131 \u00e7al\u0131\u015fmalar\u0131n ilk yedisinde, \u0130lk \u00c7a\u011f\u2019da ve Orta \u00c7a\u011f\u2019da diplomasinin geli\u015fimi a\u00e7\u0131klan\u0131yor. Son \u00fc\u00e7 yaz\u0131da ise, diplomasinin kurumsalla\u015fmas\u0131yla birlikte modern diplomasinin ortaya \u00e7\u0131k\u0131\u015f\u0131 anlat\u0131l\u0131yor. T\u00fcm b\u00f6l\u00fcmler birbirinden ba\u011f\u0131ms\u0131z birer makale olarak kaleme al\u0131nm\u0131\u015f olmakla birlikte, \u00e7al\u0131\u015fmalar\u0131n toplam\u0131 Modern \u00c7a\u011f \u00f6ncesi diplomasinin geli\u015fimini ortaya koyuyor. Fatih Mehmet Berk, \u00e7al\u0131\u015fmas\u0131nda Eski Yak\u0131n Do\u011fu diplomasi tarihini ayr\u0131nt\u0131l\u0131 bir \u015fekilde ele al\u0131yor. Murat Turgut, Asur Ticaret Kolonileri d\u00f6neminden Ge\u00e7 Hitit Krall\u0131klar\u0131 d\u00f6neminin sonuna kadarki periyotta Eski Anadolu\u2019da diplomasiyi a\u00e7\u0131kl\u0131yor. O\u011fuz Yarl\u0131ga\u015f, iki farkl\u0131 makaleyle \u00e7al\u0131\u015fmada yer al\u0131yor. Birinci yaz\u0131s\u0131nda Eski Yunan diplomasisini, ikinci yaz\u0131s\u0131nda ise Roma d\u00fcnyas\u0131nda diplomasi ilkelerinin meydana \u00e7\u0131k\u0131\u015f\u0131n\u0131 inceliyor. Oktay Berber, XIII. Y\u00fczy\u0131la kadar T\u00fcrk ve \u00c7in diplomasisinin kurumsal yap\u0131lar\u0131ndaki benzerlikleri ve farkl\u0131l\u0131klar\u0131 g\u00f6steriyor. C\u00fcneyt G\u00fcne\u015f, Orta \u00c7a\u011f Avrupas\u0131 diplomasisinin IV. y\u00fczy\u0131ldan XII. y\u00fczy\u0131la kadar ge\u00e7en d\u00f6nemini g\u00f6zler \u00f6n\u00fcne seriyor. Birsel K\u00fc\u00e7\u00fcksipahio\u011flu, Bizans \u0130mparatorlu\u011fu\u2019nda siyaset ve diplomasiyi \u00e7al\u0131\u015fmas\u0131n\u0131n merkezine oturtuyor. G\u00f6khan Erdem ve Atay Akdevelio\u011flu, Erken Modern D\u00f6nemde Avrupa\u2019da diplomasinin geli\u015fimini ele al\u0131yor. U\u011fur Kurtaran 1648 Westphalia Antla\u015fmas\u0131\u2019ndan Frans\u0131z \u0130htilali\u2019ne kadar ge\u00e7en s\u00fcredeki diplomatik geli\u015fmeleri ortaya koyuyor. Mehmet Alaaddin Yal\u00e7\u0131nkaya ise Frans\u0131z \u0130htilali\u2019nden 1815 Viyana Kongresi\u2019ne kadar ge\u00e7en periyottaki diplomatik olaylar \u00e7er\u00e7evesinde yeni d\u00fcnya d\u00fczeninin ortaya \u00e7\u0131k\u0131\u015f\u0131n\u0131 a\u00e7\u0131kl\u0131yor. Ahmet D\u00f6nmez, Necmettin Erbakan \u00dcniversitesi Sosyal ve Be\u015feri Bilimler Fak\u00fcltesi Tarih B\u00f6l\u00fcm\u00fcnde \u00f6\u011fretim \u00fcyesi <\/p>\n","protected":false},"excerpt":{"rendered":"<p>Bu kitap, iki ana ba\u015fl\u0131k alt\u0131nda 10 b\u00f6l\u00fcmden olu\u015fuyor. Konular\u0131nda uzman, farkl\u0131 disiplinlerden akademisyenlerin haz\u0131rlad\u0131\u011f\u0131 \u00e7al\u0131\u015fmalar\u0131n ilk yedisinde, \u0130lk \u00c7a\u011f\u2019da ve Orta \u00c7a\u011f\u2019da diplomasinin geli\u015fimi a\u00e7\u0131klan\u0131yor.<span class=\"excerpt-hellip\"> [\u2026]<\/span><\/p>\n","protected":false},"featured_media":0,"template":"","meta":{"_monsterinsights_skip_tracking":false,"_monsterinsights_sitenote_active":false,"_monsterinsights_sitenote_note":"","_monsterinsights_sitenote_category":0},"product_brand":[],"product_cat":[12370,12304],"product_tag":[],"class_list":{"0":"post-744284","1":"product","2":"type-product","3":"status-publish","5":"product_cat-arastirma-inceleme","6":"product_cat-tarih","7":"pa_cilt-ciltsiz","8":"pa_tur-kitap","9":"pa_yayinevi-altinordu-yayinlari","10":"pa_yazar-kolektif","12":"first","13":"instock","14":"sale","15":"shipping-taxable","16":"purchasable","17":"product-type-simple"},"_links":{"self":[{"href":"https:\/\/roveyayinevi.com.tr\/index.php\/wp-json\/wp\/v2\/product\/744284","targetHints":{"allow":["GET"]}}],"collection":[{"href":"https:\/\/roveyayinevi.com.tr\/index.php\/wp-json\/wp\/v2\/product"}],"about":[{"href":"https:\/\/roveyayinevi.com.tr\/index.php\/wp-json\/wp\/v2\/types\/product"}],"wp:attachment":[{"href":"https:\/\/roveyayinevi.com.tr\/index.php\/wp-json\/wp\/v2\/media?parent=744284"}],"wp:term":[{"taxonomy":"product_brand","embeddable":true,"href":"https:\/\/roveyayinevi.com.tr\/index.php\/wp-json\/wp\/v2\/product_brand?post=744284"},{"taxonomy":"product_cat","embeddable":true,"href":"https:\/\/roveyayinevi.com.tr\/index.php\/wp-json\/wp\/v2\/product_cat?post=744284"},{"taxonomy":"product_tag","embeddable":true,"href":"https:\/\/roveyayinevi.com.tr\/index.php\/wp-json\/wp\/v2\/product_tag?post=744284"}],"curies":[{"name":"wp","href":"https:\/\/api.w.org\/{rel}","templated":true}]}}