{"id":744268,"date":"2025-08-28T01:53:17","date_gmt":"2025-08-27T22:53:17","guid":{"rendered":"https:\/\/roveyayinevi.com.tr\/index.php\/urun\/dunya-devriminin-gezginleri\/"},"modified":"2026-04-16T02:55:48","modified_gmt":"2026-04-15T23:55:48","slug":"dunya-devriminin-gezginleri","status":"publish","type":"product","link":"https:\/\/roveyayinevi.com.tr\/index.php\/urun\/dunya-devriminin-gezginleri\/","title":{"rendered":"Du\u0308nya Devriminin Gezginleri"},"content":{"rendered":"<p>Du\u0308nya Devriminin Gezginleri, bir yandan, Komu\u0308nist Enternasyonal\u2019in (Komintern) bellibas\u0327l\u0131 \u201chareka\u0302tlar\u0131n\u0131n\u201d hika\u0302yesini anlat\u0131yor: Baku\u0308 ve Tas\u0327kent u\u0308zerinden devrimi Dog\u0306u\u2019ya tas\u0327\u0131ma giris\u0327imi; uzun su\u0308ren C\u0327in devrimi giris\u0327imi; I\u0307spanya ic\u0327 savas\u0327\u0131&#8230; Bu su\u0308rec\u0327te, Komintern\u2019in anti- emperyalist \u201cgo\u0308revinin\u201d nas\u0131l serpildig\u0306ini de go\u0308steriyor. Kitab\u0131n bir bas\u0327ka kesitinde, Komintern\u2019in o\u0308rdu\u0308g\u0306u\u0308 ulus-as\u0327\u0131r\u0131 ag\u0306lar\u0131n ve bu ag\u0306 o\u0308rgu\u0308su\u0308 ic\u0327inde Avrupa\u2019da du\u0308g\u0306u\u0308m noktas\u0131 is\u0327levi go\u0308ren metropollerdeki deneyimlerin hika\u0302yesi yer al\u0131yor. Kitap bu hika\u0302yelerin ic\u0327inden, Komintern go\u0308revlilerinin hayat tarz\u0131na, profillerine ve bu arada o zamanlar bir \u201cmesele\u201d olmayan toplumsal cinsiyet ayr\u0131mlar\u0131na eg\u0306iliyor. Arka planda, uluslararas\u0131 komu\u0308nist hareketin ufkunu karartan bu\u0308rokratikles\u0327me ve dogmatikles\u0327me eg\u0306iliminin pekis\u0327mesini izliyoruz. Brigitte Studer, su\u0308rekli illegal kos\u0327ullarda, \u201ctoplanm\u0131s\u0327 bavullarla\u201d yas\u0327ayan bir kus\u0327ag\u0306\u0131n portreleriyle, bir tu\u0308r Komintern etnografisi ortaya koyuyor. \u201cBu Komintern ajanlar\u0131, siyasi adanm\u0131s\u0327l\u0131g\u0306\u0131n, hem kendi hayat\u0131n\u0131 ortaya koymak bak\u0131m\u0131ndan hem de amac\u0327lar\u0131n arac\u0327lar\u0131 hakl\u0131 k\u0131ld\u0131g\u0306\u0131 anlay\u0131s\u0327\u0131 bak\u0131m\u0131ndan ne kadar ileri gidebileceg\u0306ini go\u0308sterirler. Yeni siyasi pratikleri du\u0308nya c\u0327ap\u0131nda dolas\u0327\u0131ma soktular ve yerelde kap\u0131y\u0131 ac\u0327anlar\u0131n varl\u0131g\u0306\u0131 sayesinde su\u0308rekli farkl\u0131 siyasi ortamlara ve a\u0302lemlere nu\u0308fuz ettiler. Kendilerini meka\u0302n\u0131n ve zaman\u0131n u\u0308zerindeki bir adalet fikrinin arac\u0131lar\u0131 olarak go\u0308ru\u0308yorlard\u0131. Lakin bu fikir ve kendi sec\u0327tikleri bu misyon, gitgide bir partinin ve bir devletin c\u0327\u0131karlar\u0131yla, Stalin\u2019in Sovyetler Birlig\u0306i\u2019yle bu\u0308tu\u0308nles\u0327ti. Burada portreleri c\u0327izilenlerin bu gelis\u0327meye go\u0308sterdig\u0306i tepkiler farkl\u0131yd\u0131&#8230; gerc\u0327i hadiselerin \u0131rmag\u0306\u0131nda su\u0308ru\u0308klendiler ama farkl\u0131 rotalar izlediler \u2013 kimisi ak\u0131nt\u0131yla beraber, kimisi ak\u0131nt\u0131ya kars\u0327\u0131.\u201d BRIGITTE STUDER <\/p>\n","protected":false},"excerpt":{"rendered":"<p>Du\u0308nya Devriminin Gezginleri, bir yandan, Komu\u0308nist Enternasyonal\u2019in (Komintern) bellibas\u0327l\u0131 \u201chareka\u0302tlar\u0131n\u0131n\u201d hika\u0302yesini anlat\u0131yor: Baku\u0308 ve Tas\u0327kent u\u0308zerinden devrimi Dog\u0306u\u2019ya tas\u0327\u0131ma giris\u0327imi; uzun su\u0308ren C\u0327in devrimi giris\u0327imi; I\u0307spanya<span class=\"excerpt-hellip\"> [\u2026]<\/span><\/p>\n","protected":false},"featured_media":0,"template":"","meta":{"_monsterinsights_skip_tracking":false,"_monsterinsights_sitenote_active":false,"_monsterinsights_sitenote_note":"","_monsterinsights_sitenote_category":0},"product_brand":[],"product_cat":[12337,14528],"product_tag":[],"class_list":{"0":"post-744268","1":"product","2":"type-product","3":"status-publish","5":"product_cat-politika-siyaset","6":"product_cat-siyaset-tarihi","7":"pa_cilt-ciltsiz","8":"pa_tur-kitap","9":"pa_yayinevi-iletisim-yayinlari","10":"pa_yazar-brigitte-studer","12":"first","13":"instock","14":"sale","15":"shipping-taxable","16":"purchasable","17":"product-type-simple"},"_links":{"self":[{"href":"https:\/\/roveyayinevi.com.tr\/index.php\/wp-json\/wp\/v2\/product\/744268","targetHints":{"allow":["GET"]}}],"collection":[{"href":"https:\/\/roveyayinevi.com.tr\/index.php\/wp-json\/wp\/v2\/product"}],"about":[{"href":"https:\/\/roveyayinevi.com.tr\/index.php\/wp-json\/wp\/v2\/types\/product"}],"wp:attachment":[{"href":"https:\/\/roveyayinevi.com.tr\/index.php\/wp-json\/wp\/v2\/media?parent=744268"}],"wp:term":[{"taxonomy":"product_brand","embeddable":true,"href":"https:\/\/roveyayinevi.com.tr\/index.php\/wp-json\/wp\/v2\/product_brand?post=744268"},{"taxonomy":"product_cat","embeddable":true,"href":"https:\/\/roveyayinevi.com.tr\/index.php\/wp-json\/wp\/v2\/product_cat?post=744268"},{"taxonomy":"product_tag","embeddable":true,"href":"https:\/\/roveyayinevi.com.tr\/index.php\/wp-json\/wp\/v2\/product_tag?post=744268"}],"curies":[{"name":"wp","href":"https:\/\/api.w.org\/{rel}","templated":true}]}}