{"id":744259,"date":"2025-08-28T01:53:06","date_gmt":"2025-08-27T22:53:06","guid":{"rendered":"https:\/\/roveyayinevi.com.tr\/index.php\/urun\/keske-yuzume-baksaniz\/"},"modified":"2025-12-30T10:58:47","modified_gmt":"2025-12-30T07:58:47","slug":"keske-yuzume-baksaniz","status":"publish","type":"product","link":"https:\/\/roveyayinevi.com.tr\/index.php\/urun\/keske-yuzume-baksaniz\/","title":{"rendered":"Kes\u0327ke Yu\u0308zu\u0308me Baksan\u0131z"},"content":{"rendered":"<p>\u201cKendimi lavaboya soksam, suyu da buz gibi ac\u0327sam, bir elimle s\u0327ampuan\u0131 do\u0308ku\u0308p dig\u0306er elimle sac\u0327lar\u0131m\u0131 oks\u0327asam. Kendime yetsem ya ben. Ag\u0306lad\u0131kc\u0327a go\u0308zlerimin rengi ortaya c\u0327\u0131ksa. S\u0327ampuanlar\u0131n aras\u0131ndan yeniden ag\u0306lasam pazarlar gene eski pazar olur mu acaba? Kokular pes\u0327imi b\u0131rak\u0131r m\u0131?.. S\u0327imdi ben bu pazarlar\u0131 yeniden yas\u0327ayamayacag\u0306\u0131m\u0131, kac\u0327 zamand\u0131r kahvalt\u0131dan tiksindig\u0306imi, tavalar\u0131 masa o\u0308rtu\u0308su\u0308ne yap\u0131s\u0327t\u0131rd\u0131g\u0306\u0131m\u0131 m\u0131 anlatay\u0131m bu insanlara?..\u201d Tatl\u0131 sersemler, as\u0327kzedeler, bir tu\u0308rlu\u0308 olduramayan beceriksizler, mutfag\u0306a giren kar\u0131ncalar\u0131 suyla bog\u0306up o\u0308ldu\u0308renler, zamana ayak uyduramayanlar, ac\u0131 c\u0327eken erkek enkaz\u0131ndan bildirenler&#8230; Terk edilmenin ac\u0131s\u0131na ilac\u0327 olur mu s\u0327ark\u0131lar? Televizyon da olmasa ne yapar bu yaln\u0131zlar? Sahi gu\u0308nlerden hangi dizi bugu\u0308n? Halil Yo\u0308ru\u0308kog\u0306lu, kurmaca ile gerc\u0327ek hayat aras\u0131nda gu\u0308c\u0327lu\u0308 bir ko\u0308pru\u0308 kuruyor. Anlatt\u0131klar\u0131yla bizi kendi yas\u0327anm\u0131s\u0327l\u0131klar\u0131m\u0131za go\u0308tu\u0308ru\u0308yor. Kes\u0327ke Yu\u0308zu\u0308me Baksan\u0131z, hayat\u0131n ic\u0327inden usulca c\u0327ekilmis\u0327 fotog\u0306raf kareleri gibi o\u0308yku\u0308lerin kitab\u0131<\/p>\n","protected":false},"excerpt":{"rendered":"<p>\u201cKendimi lavaboya soksam, suyu da buz gibi ac\u0327sam, bir elimle s\u0327ampuan\u0131 do\u0308ku\u0308p dig\u0306er elimle sac\u0327lar\u0131m\u0131 oks\u0327asam. Kendime yetsem ya ben. Ag\u0306lad\u0131kc\u0327a go\u0308zlerimin rengi ortaya c\u0327\u0131ksa. S\u0327ampuanlar\u0131n<span class=\"excerpt-hellip\"> [\u2026]<\/span><\/p>\n","protected":false},"featured_media":0,"template":"","meta":{"_monsterinsights_skip_tracking":false,"_monsterinsights_sitenote_active":false,"_monsterinsights_sitenote_note":"","_monsterinsights_sitenote_category":0},"product_brand":[],"product_cat":[12291,12711],"product_tag":[],"class_list":{"0":"post-744259","1":"product","2":"type-product","3":"status-publish","5":"product_cat-edebiyat","6":"product_cat-roman-oyku","7":"pa_cilt-ciltsiz","8":"pa_tur-kitap","9":"pa_yayinevi-iletisim-yayinlari","10":"pa_yazar-halil-yorukoglu","12":"first","13":"instock","14":"sale","15":"shipping-taxable","16":"purchasable","17":"product-type-simple"},"_links":{"self":[{"href":"https:\/\/roveyayinevi.com.tr\/index.php\/wp-json\/wp\/v2\/product\/744259","targetHints":{"allow":["GET"]}}],"collection":[{"href":"https:\/\/roveyayinevi.com.tr\/index.php\/wp-json\/wp\/v2\/product"}],"about":[{"href":"https:\/\/roveyayinevi.com.tr\/index.php\/wp-json\/wp\/v2\/types\/product"}],"wp:attachment":[{"href":"https:\/\/roveyayinevi.com.tr\/index.php\/wp-json\/wp\/v2\/media?parent=744259"}],"wp:term":[{"taxonomy":"product_brand","embeddable":true,"href":"https:\/\/roveyayinevi.com.tr\/index.php\/wp-json\/wp\/v2\/product_brand?post=744259"},{"taxonomy":"product_cat","embeddable":true,"href":"https:\/\/roveyayinevi.com.tr\/index.php\/wp-json\/wp\/v2\/product_cat?post=744259"},{"taxonomy":"product_tag","embeddable":true,"href":"https:\/\/roveyayinevi.com.tr\/index.php\/wp-json\/wp\/v2\/product_tag?post=744259"}],"curies":[{"name":"wp","href":"https:\/\/api.w.org\/{rel}","templated":true}]}}