{"id":744237,"date":"2025-08-28T01:52:38","date_gmt":"2025-08-27T22:52:38","guid":{"rendered":"https:\/\/roveyayinevi.com.tr\/index.php\/urun\/sunun-bir-gunu\/"},"modified":"2026-04-16T02:55:47","modified_gmt":"2026-04-15T23:55:47","slug":"sunun-bir-gunu","status":"publish","type":"product","link":"https:\/\/roveyayinevi.com.tr\/index.php\/urun\/sunun-bir-gunu\/","title":{"rendered":"\u015eu\u2019nun Bir G\u00fcn\u00fc"},"content":{"rendered":"<p>\u015eu, kocaman bir hap\u015f\u0131r\u0131\u011f\u0131 olan minicik bir pandayd\u0131. Ve o hap\u015f\u0131rd\u0131\u011f\u0131nda, baz\u0131 k\u00f6t\u00fc \u015feyler ya\u015fan\u0131rd\u0131. Bir g\u00fcn, annesi ve babas\u0131yla birlikte k\u00fct\u00fcphaneye, lokantaya ve sirke gitti\u011finde k\u00fc\u00e7\u00fck burnunda yine bir g\u0131d\u0131klanma hissetti! Bakal\u0131m \u015eu ve \u00e7evresindekileri neler bekliyordu&#8230; Newberry \u00d6d\u00fcll\u00fc yazar Neil Gaiman ve \u00fcnl\u00fc ill\u00fcstrat\u00f6r Adam Rex\u2019ten, en k\u00fc\u00e7\u00fck \u00e7ocuklar\u0131n bile b\u00fcy\u00fck \u015feylere sebep olabilece\u011fini g\u00f6steren, k\u0131k\u0131r k\u0131k\u0131r okunacak, m\u00fckemmel bir hik\u00e2ye! <\/p>\n","protected":false},"excerpt":{"rendered":"<p>\u015eu, kocaman bir hap\u015f\u0131r\u0131\u011f\u0131 olan minicik bir pandayd\u0131. Ve o hap\u015f\u0131rd\u0131\u011f\u0131nda, baz\u0131 k\u00f6t\u00fc \u015feyler ya\u015fan\u0131rd\u0131. Bir g\u00fcn, annesi ve babas\u0131yla birlikte k\u00fct\u00fcphaneye, lokantaya ve sirke gitti\u011finde<span class=\"excerpt-hellip\"> [\u2026]<\/span><\/p>\n","protected":false},"featured_media":0,"template":"","meta":{"_monsterinsights_skip_tracking":false,"_monsterinsights_sitenote_active":false,"_monsterinsights_sitenote_note":"","_monsterinsights_sitenote_category":0},"product_brand":[],"product_cat":[12913,12274],"product_tag":[],"class_list":{"0":"post-744237","1":"product","2":"type-product","3":"status-publish","5":"product_cat-3-6-yas-kitaplari","6":"product_cat-cocuk-ve-genclik-kitaplari","7":"pa_cilt-ciltsiz","8":"pa_tur-kitap","9":"pa_yayinevi-ithaki-yayinlari","10":"pa_yazar-neil-gaiman","12":"first","13":"instock","14":"sale","15":"shipping-taxable","16":"purchasable","17":"product-type-simple"},"_links":{"self":[{"href":"https:\/\/roveyayinevi.com.tr\/index.php\/wp-json\/wp\/v2\/product\/744237","targetHints":{"allow":["GET"]}}],"collection":[{"href":"https:\/\/roveyayinevi.com.tr\/index.php\/wp-json\/wp\/v2\/product"}],"about":[{"href":"https:\/\/roveyayinevi.com.tr\/index.php\/wp-json\/wp\/v2\/types\/product"}],"wp:attachment":[{"href":"https:\/\/roveyayinevi.com.tr\/index.php\/wp-json\/wp\/v2\/media?parent=744237"}],"wp:term":[{"taxonomy":"product_brand","embeddable":true,"href":"https:\/\/roveyayinevi.com.tr\/index.php\/wp-json\/wp\/v2\/product_brand?post=744237"},{"taxonomy":"product_cat","embeddable":true,"href":"https:\/\/roveyayinevi.com.tr\/index.php\/wp-json\/wp\/v2\/product_cat?post=744237"},{"taxonomy":"product_tag","embeddable":true,"href":"https:\/\/roveyayinevi.com.tr\/index.php\/wp-json\/wp\/v2\/product_tag?post=744237"}],"curies":[{"name":"wp","href":"https:\/\/api.w.org\/{rel}","templated":true}]}}