{"id":744236,"date":"2025-08-28T01:52:36","date_gmt":"2025-08-27T22:52:36","guid":{"rendered":"https:\/\/roveyayinevi.com.tr\/index.php\/urun\/gercek-oldugunda\/"},"modified":"2026-04-16T02:55:47","modified_gmt":"2026-04-15T23:55:47","slug":"gercek-oldugunda","status":"publish","type":"product","link":"https:\/\/roveyayinevi.com.tr\/index.php\/urun\/gercek-oldugunda\/","title":{"rendered":"Ger\u00e7ek Oldu\u011funda"},"content":{"rendered":"<p>D\u00fcnyan\u0131n g\u00f6z\u00fc senin \u00fczerindeyken a\u015fk\u0131 nas\u0131l bulabilirsin?Normal \u015fartlarda Oakley Ford ve Vaughn Bennett\u2019\u0131n yollar\u0131n\u0131n kesi\u015fmesi imk\u00e2ns\u0131zd\u0131. Ama milyonlarca hayran\u0131 olan Grammy \u00f6d\u00fcll\u00fc Oakley\u2019nin hayat\u0131nda hi\u00e7bir \u015fey normal de\u011fildi. \u0130lham\u0131n\u0131 kaybetmi\u015fti ve magazin dergileri onun fiyaskolar\u0131yla doluydu. Art\u0131k d\u00fcnyaya, durulmaya niyetli oldu\u011funu g\u00f6stermesi gerekiyordu. Bu konuda ona tipik bir kom\u015fu k\u0131z\u0131 olan Vaughn\u2019dan daha iyi kim yard\u0131m edebilirdi ki?Vaughn, onun k\u0131z arkada\u015f\u0131 rol\u00fcn\u00fc \u00fcstlenecek ve Oakley\u2019nin k\u00f6t\u00fc \u00e7ocuk imaj\u0131n\u0131 de\u011fi\u015ftirerek sanat\u00e7\u0131 kimli\u011fini \u00f6n plana \u00e7\u0131karacakt\u0131. Ailesine bir gelecek kurabilmek i\u00e7in sa\u00e7ma sapan Hollywood partilerine ve dikkatle kurgulanm\u0131\u015f Twitter yaz\u0131\u015fmalar\u0131na katlanabilirdi. Sonu\u00e7ta sadece bir senelik bir anla\u015fman\u0131n ard\u0131ndan \u00f6zg\u00fcr olacakt\u0131.Ancak bazen insan\u0131n kalbini yalanlar de\u011fil, onlar\u0131n ger\u00e7ek olmaya ba\u015flamas\u0131 k\u0131rard\u0131.\u201cBa\u011f\u0131ml\u0131l\u0131k yapacak!\u201d \u2014Katie McGarry\u201cH\u0131zl\u0131 tempolu ve iki karakterin de bak\u0131\u015f a\u00e7\u0131s\u0131ndan anlat\u0131lan ak\u0131c\u0131 bir romantik hik\u00e2ye.\u201d \u2014School Library Journal\u201cE\u011flenceli oldu\u011fu ink\u00e2r edilemez.\u201d \u2014Kirkus<\/p>\n","protected":false},"excerpt":{"rendered":"<p>D\u00fcnyan\u0131n g\u00f6z\u00fc senin \u00fczerindeyken a\u015fk\u0131 nas\u0131l bulabilirsin?Normal \u015fartlarda Oakley Ford ve Vaughn Bennett\u2019\u0131n yollar\u0131n\u0131n kesi\u015fmesi imk\u00e2ns\u0131zd\u0131. Ama milyonlarca hayran\u0131 olan Grammy \u00f6d\u00fcll\u00fc Oakley\u2019nin hayat\u0131nda hi\u00e7bir \u015fey<span class=\"excerpt-hellip\"> [\u2026]<\/span><\/p>\n","protected":false},"featured_media":0,"template":"","meta":{"_monsterinsights_skip_tracking":false,"_monsterinsights_sitenote_active":false,"_monsterinsights_sitenote_note":"","_monsterinsights_sitenote_category":0},"product_brand":[],"product_cat":[12291,12711],"product_tag":[],"class_list":{"0":"post-744236","1":"product","2":"type-product","3":"status-publish","5":"product_cat-edebiyat","6":"product_cat-roman-oyku","7":"pa_cilt-ciltsiz","8":"pa_tur-kitap","9":"pa_yayinevi-yabanci-yayinevi","10":"pa_yazar-erin-watt","12":"first","13":"instock","14":"sale","15":"shipping-taxable","16":"purchasable","17":"product-type-simple"},"_links":{"self":[{"href":"https:\/\/roveyayinevi.com.tr\/index.php\/wp-json\/wp\/v2\/product\/744236","targetHints":{"allow":["GET"]}}],"collection":[{"href":"https:\/\/roveyayinevi.com.tr\/index.php\/wp-json\/wp\/v2\/product"}],"about":[{"href":"https:\/\/roveyayinevi.com.tr\/index.php\/wp-json\/wp\/v2\/types\/product"}],"wp:attachment":[{"href":"https:\/\/roveyayinevi.com.tr\/index.php\/wp-json\/wp\/v2\/media?parent=744236"}],"wp:term":[{"taxonomy":"product_brand","embeddable":true,"href":"https:\/\/roveyayinevi.com.tr\/index.php\/wp-json\/wp\/v2\/product_brand?post=744236"},{"taxonomy":"product_cat","embeddable":true,"href":"https:\/\/roveyayinevi.com.tr\/index.php\/wp-json\/wp\/v2\/product_cat?post=744236"},{"taxonomy":"product_tag","embeddable":true,"href":"https:\/\/roveyayinevi.com.tr\/index.php\/wp-json\/wp\/v2\/product_tag?post=744236"}],"curies":[{"name":"wp","href":"https:\/\/api.w.org\/{rel}","templated":true}]}}