{"id":744230,"date":"2025-08-28T01:52:26","date_gmt":"2025-08-27T22:52:26","guid":{"rendered":"https:\/\/roveyayinevi.com.tr\/index.php\/urun\/on-iki-sandalye-2\/"},"modified":"2026-04-16T02:55:46","modified_gmt":"2026-04-15T23:55:46","slug":"on-iki-sandalye-2","status":"publish","type":"product","link":"https:\/\/roveyayinevi.com.tr\/index.php\/urun\/on-iki-sandalye-2\/","title":{"rendered":"On \u0130ki Sandalye"},"content":{"rendered":"<p>\u201c\u0130lf ve Petrov muhte\u015fem yetene\u011fe sahip iki yazard\u0131.\u201d \u2013Vladimir Nabokov\u00d6l\u00fcm d\u00f6\u015fe\u011findeki Klavdiya \u0130vanovna, damad\u0131 \u0130ppolit Matveyevi\u00e7\u2019e, h\u00fck\u00fcmetin eline ge\u00e7mesin diye saklad\u0131\u011f\u0131 p\u0131rlantalardan bahsetti\u011finde, \u0130ppolit Matveyevi\u00e7 t\u00fcm enerjisini bu p\u0131rlantalar\u0131 bulmaya adayacakt\u0131r. Bu yolculukta ona e\u015flik edecek ki\u015fi ise usta bir d\u00fczenbaz olan Ostap Bender\u2019dir. P\u0131rlantalar, \u0130vanovna\u2019n\u0131n haczedilerek bir huzurevine d\u00f6n\u00fc\u015ft\u00fcr\u00fclen eski evindeki on iki sandalyeden birinin d\u00f6\u015femesine saklanm\u0131\u015ft\u0131r. Ne var ki bu sandalyeler art\u0131k huzurevinde de\u011fildir ve Rusya\u2019n\u0131n d\u00f6rt bir yan\u0131na da\u011f\u0131lm\u0131\u015f olan sandalyeleri bulmak hi\u00e7 de kolay olmayacakt\u0131r.Ne bireylere ne de iktidara laf s\u00f6ylemekten geri duran sivri dili sebebiyle yay\u0131mland\u0131ktan sonra \u201cpolitik bir hata\u201d \u015feklinde nitelendirilip yasaklanan On \u0130ki Sandalye Rus edebiyat\u0131n\u0131n \u00f6nde gelen mizah klasiklerinden biri.<\/p>\n","protected":false},"excerpt":{"rendered":"<p>\u201c\u0130lf ve Petrov muhte\u015fem yetene\u011fe sahip iki yazard\u0131.\u201d \u2013Vladimir Nabokov\u00d6l\u00fcm d\u00f6\u015fe\u011findeki Klavdiya \u0130vanovna, damad\u0131 \u0130ppolit Matveyevi\u00e7\u2019e, h\u00fck\u00fcmetin eline ge\u00e7mesin diye saklad\u0131\u011f\u0131 p\u0131rlantalardan bahsetti\u011finde, \u0130ppolit Matveyevi\u00e7 t\u00fcm<span class=\"excerpt-hellip\"> [\u2026]<\/span><\/p>\n","protected":false},"featured_media":0,"template":"","meta":{"_monsterinsights_skip_tracking":false,"_monsterinsights_sitenote_active":false,"_monsterinsights_sitenote_note":"","_monsterinsights_sitenote_category":0},"product_brand":[],"product_cat":[12291,13570],"product_tag":[],"class_list":{"0":"post-744230","1":"product","2":"type-product","3":"status-publish","5":"product_cat-edebiyat","6":"product_cat-rus-edebiyati","7":"pa_cilt-ciltsiz","8":"pa_tur-kitap","9":"pa_yayinevi-ithaki-yayinlari","10":"pa_yazar-ilya-ilf-yevgeni-petrov","12":"first","13":"instock","14":"sale","15":"shipping-taxable","16":"purchasable","17":"product-type-simple"},"_links":{"self":[{"href":"https:\/\/roveyayinevi.com.tr\/index.php\/wp-json\/wp\/v2\/product\/744230","targetHints":{"allow":["GET"]}}],"collection":[{"href":"https:\/\/roveyayinevi.com.tr\/index.php\/wp-json\/wp\/v2\/product"}],"about":[{"href":"https:\/\/roveyayinevi.com.tr\/index.php\/wp-json\/wp\/v2\/types\/product"}],"wp:attachment":[{"href":"https:\/\/roveyayinevi.com.tr\/index.php\/wp-json\/wp\/v2\/media?parent=744230"}],"wp:term":[{"taxonomy":"product_brand","embeddable":true,"href":"https:\/\/roveyayinevi.com.tr\/index.php\/wp-json\/wp\/v2\/product_brand?post=744230"},{"taxonomy":"product_cat","embeddable":true,"href":"https:\/\/roveyayinevi.com.tr\/index.php\/wp-json\/wp\/v2\/product_cat?post=744230"},{"taxonomy":"product_tag","embeddable":true,"href":"https:\/\/roveyayinevi.com.tr\/index.php\/wp-json\/wp\/v2\/product_tag?post=744230"}],"curies":[{"name":"wp","href":"https:\/\/api.w.org\/{rel}","templated":true}]}}