{"id":744219,"date":"2025-08-28T01:52:02","date_gmt":"2025-08-27T22:52:02","guid":{"rendered":"https:\/\/roveyayinevi.com.tr\/index.php\/urun\/edebiyatta-uslup-ve-problemleri\/"},"modified":"2026-04-08T03:04:08","modified_gmt":"2026-04-08T00:04:08","slug":"edebiyatta-uslup-ve-problemleri","status":"publish","type":"product","link":"https:\/\/roveyayinevi.com.tr\/index.php\/urun\/edebiyatta-uslup-ve-problemleri\/","title":{"rendered":"Edebiyatta \u00dcslup ve Problemleri"},"content":{"rendered":"<p>XX. y\u00fczy\u0131lda edebiyat tarihi \u00f6\u011fretimi yan\u0131nda, metin incelemesinin yeniden de\u011fer kazand\u0131\u011f\u0131 bilinmektedir. Metnin yap\u0131 bak\u0131m\u0131ndan tahlili \u00fcsl\u00fbp incelemesiyle bir b\u00fct\u00fcn te\u015fkil etmektedir. Bu iki \u00e7al\u0131\u015fma tarz\u0131n\u0131 birbirinden kesin \u00e7izgilerle ay\u0131rmak, teoride m\u00fcmk\u00fcn olsa da uygulamada baz\u0131 yanl\u0131\u015f anla\u015f\u0131lmalara sebep olmaktad\u0131r. Biz bu kitapla, edeb\u00ee tenkit ile dilbilim aras\u0131nda bir yer i\u015fgal eden metnin de\u011ferlendirilmesi i\u00e7in gerekli bir \u00e7al\u0131\u015fma sahas\u0131n\u0131n varl\u0131\u011f\u0131n\u0131 ve bu sahada faaliyet g\u00f6stereceklerin \u00e7al\u0131\u015fma tarzlar\u0131n\u0131 sezdirmek istedik. \u00dcsl\u00fbp incelemesinin, bizde bel\u00e2gat, Avrupa\u2019da retori\u011fin kendi devirlerinde \u00fcstlendikleri bir g\u00f6revi zaman\u0131m\u0131z\u0131n \u015fartlar\u0131 i\u00e7erisinde yerine getirmeye gayret etti\u011fini belirttik. \u00dcsl\u00fbp incelemesi ile ilgili \u00e7al\u0131\u015fmalar\u0131n tarih\u00ee geli\u015fmesini vermekten \u00f6zellikle ka\u00e7\u0131nd\u0131k. \u00c7\u00fcnk\u00fc bu, ayr\u0131 bir \u00e7al\u0131\u015fma konusudur. Zaman\u0131m\u0131zda \u00fcsl\u00fbp incelemesinde dilbiliminden gelen terminoloji kullan\u0131lmaktad\u0131r. Bu sebeple s\u00f6z konusu terminolojiyi \u00fcsl\u00fbpla ilgili y\u00f6nleriyle tan\u0131tmay\u0131 ihmal etmedik. <\/p>\n","protected":false},"excerpt":{"rendered":"<p>XX. y\u00fczy\u0131lda edebiyat tarihi \u00f6\u011fretimi yan\u0131nda, metin incelemesinin yeniden de\u011fer kazand\u0131\u011f\u0131 bilinmektedir. Metnin yap\u0131 bak\u0131m\u0131ndan tahlili \u00fcsl\u00fbp incelemesiyle bir b\u00fct\u00fcn te\u015fkil etmektedir. Bu iki \u00e7al\u0131\u015fma tarz\u0131n\u0131<span class=\"excerpt-hellip\"> [\u2026]<\/span><\/p>\n","protected":false},"featured_media":0,"template":"","meta":{"_monsterinsights_skip_tracking":false,"_monsterinsights_sitenote_active":false,"_monsterinsights_sitenote_note":"","_monsterinsights_sitenote_category":0},"product_brand":[],"product_cat":[13072,12291],"product_tag":[],"class_list":{"0":"post-744219","1":"product","2":"type-product","3":"status-publish","5":"product_cat-arastirma-inceleme-referans","6":"product_cat-edebiyat","7":"pa_cilt-ciltsiz","8":"pa_tur-kitap","9":"pa_yayinevi-bilge-kultur-sanat","10":"pa_yazar-serif-aktas","12":"first","13":"instock","14":"sale","15":"shipping-taxable","16":"purchasable","17":"product-type-simple"},"_links":{"self":[{"href":"https:\/\/roveyayinevi.com.tr\/index.php\/wp-json\/wp\/v2\/product\/744219","targetHints":{"allow":["GET"]}}],"collection":[{"href":"https:\/\/roveyayinevi.com.tr\/index.php\/wp-json\/wp\/v2\/product"}],"about":[{"href":"https:\/\/roveyayinevi.com.tr\/index.php\/wp-json\/wp\/v2\/types\/product"}],"wp:attachment":[{"href":"https:\/\/roveyayinevi.com.tr\/index.php\/wp-json\/wp\/v2\/media?parent=744219"}],"wp:term":[{"taxonomy":"product_brand","embeddable":true,"href":"https:\/\/roveyayinevi.com.tr\/index.php\/wp-json\/wp\/v2\/product_brand?post=744219"},{"taxonomy":"product_cat","embeddable":true,"href":"https:\/\/roveyayinevi.com.tr\/index.php\/wp-json\/wp\/v2\/product_cat?post=744219"},{"taxonomy":"product_tag","embeddable":true,"href":"https:\/\/roveyayinevi.com.tr\/index.php\/wp-json\/wp\/v2\/product_tag?post=744219"}],"curies":[{"name":"wp","href":"https:\/\/api.w.org\/{rel}","templated":true}]}}