{"id":744213,"date":"2025-08-28T01:51:53","date_gmt":"2025-08-27T22:51:53","guid":{"rendered":"https:\/\/roveyayinevi.com.tr\/index.php\/urun\/hastalik-hastasi-6\/"},"modified":"2026-04-16T02:55:46","modified_gmt":"2026-04-15T23:55:46","slug":"hastalik-hastasi-6","status":"publish","type":"product","link":"https:\/\/roveyayinevi.com.tr\/index.php\/urun\/hastalik-hastasi-6\/","title":{"rendered":"Hastal\u0131k Hastas\u0131"},"content":{"rendered":"<p>Hastal\u0131k Hastas\u0131 orijinal ad\u0131yla \u201cLe Maladeimaginaire\u201d klasizmin temsilcilerinden olan \u00fcnl\u00fc Frans\u0131z oyun yazar\u0131 Moli\u00e8re taraf\u0131ndan komedi ve bale t\u00fcr\u00fcnde yaz\u0131lm\u0131\u015f \u00fc\u00e7 perdelik m\u00fczikal komedidir. Doktoru taraf\u0131ndan kand\u0131r\u0131larak \u00f6l\u00fcmc\u00fcl bir hastal\u0131\u011f\u0131 oldu\u011funa inand\u0131r\u0131lan ya\u015fl\u0131 ve saf bir adam\u0131 konu al\u0131r. Moli\u00e8re, bu eserinde toplumun ahlaki yap\u0131s\u0131n\u0131 ve mesle\u011fini k\u00f6t\u00fcye kullanarak hastalar\u0131n\u0131 s\u00f6m\u00fcren bilgisiz hekimleri ele\u015ftirel bir yakla\u015f\u0131mla konu almaktad\u0131r. Bu eser Moliere\u2019in son eseridir. Hastal\u0131k Hastas\u0131 10 \u015eubat 1673 y\u0131l\u0131nda Paris\u2019te Kral XIV. Louis\u2019in huzurunda sahnelenmi\u015f ve ba\u015frol Argan\u2019\u0131 oyunun yazar\u0131 olan Moli\u00e8re hasta oldu\u011fu i\u00e7in koltu\u011fundan kalkmada oynam\u0131\u015ft\u0131r. Bu oyun esnas\u0131nda verem hastas\u0131 olan Moli\u00e8re sahnede fenala\u015farak d\u00fc\u015fer. \u00d6ks\u00fcr\u00fck krizini atlatan yazar rol\u00fcn\u00fc tamamlar anca oyundan birka\u00e7 g\u00fcn sonra ikinci bir krize dayanamayarak vefat eder. <\/p>\n","protected":false},"excerpt":{"rendered":"<p>Hastal\u0131k Hastas\u0131 orijinal ad\u0131yla \u201cLe Maladeimaginaire\u201d klasizmin temsilcilerinden olan \u00fcnl\u00fc Frans\u0131z oyun yazar\u0131 Moli\u00e8re taraf\u0131ndan komedi ve bale t\u00fcr\u00fcnde yaz\u0131lm\u0131\u015f \u00fc\u00e7 perdelik m\u00fczikal komedidir. Doktoru taraf\u0131ndan<span class=\"excerpt-hellip\"> [\u2026]<\/span><\/p>\n","protected":false},"featured_media":0,"template":"","meta":{"_monsterinsights_skip_tracking":false,"_monsterinsights_sitenote_active":false,"_monsterinsights_sitenote_note":"","_monsterinsights_sitenote_category":0},"product_brand":[],"product_cat":[12291,12711],"product_tag":[],"class_list":{"0":"post-744213","1":"product","2":"type-product","3":"status-publish","5":"product_cat-edebiyat","6":"product_cat-roman-oyku","7":"pa_cilt-ciltsiz","8":"pa_tur-kitap","9":"pa_yayinevi-fark-yayinlari","10":"pa_yazar-moleire","12":"first","13":"instock","14":"sale","15":"shipping-taxable","16":"purchasable","17":"product-type-simple"},"_links":{"self":[{"href":"https:\/\/roveyayinevi.com.tr\/index.php\/wp-json\/wp\/v2\/product\/744213","targetHints":{"allow":["GET"]}}],"collection":[{"href":"https:\/\/roveyayinevi.com.tr\/index.php\/wp-json\/wp\/v2\/product"}],"about":[{"href":"https:\/\/roveyayinevi.com.tr\/index.php\/wp-json\/wp\/v2\/types\/product"}],"wp:attachment":[{"href":"https:\/\/roveyayinevi.com.tr\/index.php\/wp-json\/wp\/v2\/media?parent=744213"}],"wp:term":[{"taxonomy":"product_brand","embeddable":true,"href":"https:\/\/roveyayinevi.com.tr\/index.php\/wp-json\/wp\/v2\/product_brand?post=744213"},{"taxonomy":"product_cat","embeddable":true,"href":"https:\/\/roveyayinevi.com.tr\/index.php\/wp-json\/wp\/v2\/product_cat?post=744213"},{"taxonomy":"product_tag","embeddable":true,"href":"https:\/\/roveyayinevi.com.tr\/index.php\/wp-json\/wp\/v2\/product_tag?post=744213"}],"curies":[{"name":"wp","href":"https:\/\/api.w.org\/{rel}","templated":true}]}}