{"id":744197,"date":"2025-08-28T01:51:30","date_gmt":"2025-08-27T22:51:30","guid":{"rendered":"https:\/\/roveyayinevi.com.tr\/index.php\/urun\/siyam-kis-gunesi\/"},"modified":"2026-04-16T02:55:45","modified_gmt":"2026-04-15T23:55:45","slug":"siyam-kis-gunesi","status":"publish","type":"product","link":"https:\/\/roveyayinevi.com.tr\/index.php\/urun\/siyam-kis-gunesi\/","title":{"rendered":"Siyam K\u0131\u015f G\u00fcne\u015fi"},"content":{"rendered":"<p>\u201cSence Sezen Aksu kime diyor ayk\u0131r\u0131 \u00e7i\u00e7ek diye?\u201d \u201cKalana besbelli.\u201d \u201cO zaman gitmek icap eder.\u201d \u201cHerkes gitmi\u015f diye gidilir mi?\u201d \u201cHerkese inat kal\u0131n\u0131r m\u0131?\u201d   D\u00fcnyan\u0131n en bo\u011fucu sabahlar\u0131, uyanmak istemedi\u011fin bir g\u00fcne g\u00f6zlerini a\u00e7manla ba\u015flar. Eninde sonunda \u00e7\u0131kars\u0131n o yataktan, kalkars\u0131n aya\u011fa&#8230;   Ve yeniden uyuyabilmek i\u00e7in ak\u015fam\u0131n gelmesini beklersin. T\u0131p fak\u00fcltesi d\u00f6rd\u00fcnc\u00fc s\u0131n\u0131f \u00f6\u011frencisi Karaca, \u00f6\u011frenim g\u00f6rd\u00fc\u011f\u00fc hastaneye gelen \u00e7a\u011fr\u0131 ile y\u0131llar \u00f6nce evi terk etmi\u015f abisinin boks m\u00fcsabakas\u0131na gitti\u011finde pek de ray\u0131nda olmayan hayat\u0131n\u0131n tamamen ray\u0131ndan \u00e7\u0131kaca\u011f\u0131ndan bihaberdi. Se\u00e7imler yap\u0131ld\u0131. Kararlar verildi. Gece sona erdi. Bo\u011fucu sabahlar ba\u015flad\u0131&#8230; Ard\u0131ndan ona bir se\u00e7im \u015fans\u0131 verildi: Ya \u00f6lenin gitti\u011fini kabullenecek ve yas\u0131n\u0131 sessizce, hayat\u0131na kald\u0131\u011f\u0131 yerden devam ederek tutacakt\u0131 ya da d\u00fc\u015fmanla i\u015fbirli\u011fi yapacak ve ger\u00e7ekleri t\u0131rnaklar\u0131yla kaz\u0131yacakt\u0131 ge\u00e7mi\u015fin tozlu duvarlar\u0131ndan. Bir \u015f\u00fcphenin pe\u015finden&#8230;   Kur\u015fun kurda at\u0131ld\u0131 ama karacay\u0131 deldi. <\/p>\n","protected":false},"excerpt":{"rendered":"<p>\u201cSence Sezen Aksu kime diyor ayk\u0131r\u0131 \u00e7i\u00e7ek diye?\u201d \u201cKalana besbelli.\u201d \u201cO zaman gitmek icap eder.\u201d \u201cHerkes gitmi\u015f diye gidilir mi?\u201d \u201cHerkese inat kal\u0131n\u0131r m\u0131?\u201d D\u00fcnyan\u0131n en<span class=\"excerpt-hellip\"> [\u2026]<\/span><\/p>\n","protected":false},"featured_media":0,"template":"","meta":{"_monsterinsights_skip_tracking":false,"_monsterinsights_sitenote_active":false,"_monsterinsights_sitenote_note":"","_monsterinsights_sitenote_category":0},"product_brand":[],"product_cat":[12291,50487],"product_tag":[],"class_list":{"0":"post-744197","1":"product","2":"type-product","3":"status-publish","5":"product_cat-edebiyat","6":"product_cat-kurgu","7":"pa_cilt-ciltsiz","8":"pa_tur-kitap","9":"pa_yayinevi-epsilon-yayinlari","10":"pa_yazar-beyza-aksoy","12":"first","13":"instock","14":"sale","15":"shipping-taxable","16":"purchasable","17":"product-type-simple"},"_links":{"self":[{"href":"https:\/\/roveyayinevi.com.tr\/index.php\/wp-json\/wp\/v2\/product\/744197","targetHints":{"allow":["GET"]}}],"collection":[{"href":"https:\/\/roveyayinevi.com.tr\/index.php\/wp-json\/wp\/v2\/product"}],"about":[{"href":"https:\/\/roveyayinevi.com.tr\/index.php\/wp-json\/wp\/v2\/types\/product"}],"wp:attachment":[{"href":"https:\/\/roveyayinevi.com.tr\/index.php\/wp-json\/wp\/v2\/media?parent=744197"}],"wp:term":[{"taxonomy":"product_brand","embeddable":true,"href":"https:\/\/roveyayinevi.com.tr\/index.php\/wp-json\/wp\/v2\/product_brand?post=744197"},{"taxonomy":"product_cat","embeddable":true,"href":"https:\/\/roveyayinevi.com.tr\/index.php\/wp-json\/wp\/v2\/product_cat?post=744197"},{"taxonomy":"product_tag","embeddable":true,"href":"https:\/\/roveyayinevi.com.tr\/index.php\/wp-json\/wp\/v2\/product_tag?post=744197"}],"curies":[{"name":"wp","href":"https:\/\/api.w.org\/{rel}","templated":true}]}}

Siyam Kış Güneşi

<p>“Sence Sezen Aksu kime diyor aykırı çiçek diye?” “Kalana besbelli.” “O zaman gitmek icap eder.” “Herkes gitmiş diye gidilir mi?” “Herkese inat kalınır mı?”   Dünyanın en boğucu sabahları, uyanmak istemediğin bir güne gözlerini açmanla başlar. Eninde sonunda çıkarsın o yataktan, kalkarsın ayağa&#8230;   Ve yeniden uyuyabilmek için akşamın gelmesini beklersin. Tıp fakültesi dördüncü sınıf öğrencisi Karaca, öğrenim gördüğü hastaneye gelen çağrı ile yıllar önce evi terk etmiş abisinin boks müsabakasına gittiğinde pek de rayında olmayan hayatının tamamen rayından çıkacağından bihaberdi. Seçimler yapıldı. Kararlar verildi. Gece sona erdi. Boğucu sabahlar başladı&#8230; Ardından ona bir seçim şansı verildi: Ya ölenin gittiğini kabullenecek ve yasını sessizce, hayatına kaldığı yerden devam ederek tutacaktı ya da düşmanla işbirliği yapacak ve gerçekleri tırnaklarıyla kazıyacaktı geçmişin tozlu duvarlarından. Bir şüphenin peşinden&#8230;   Kurşun kurda atıldı ama karacayı deldi. </p>

<p>“Sence Sezen Aksu kime diyor aykırı çiçek diye?” “Kalana besbelli.” “O zaman gitmek icap eder.” “Herkes gitmiş diye gidilir mi?” “Herkese inat kalınır mı?” Dünyanın en<span class="excerpt-hellip"> […]</span></p>
