{"id":744165,"date":"2025-08-28T01:50:48","date_gmt":"2025-08-27T22:50:48","guid":{"rendered":"https:\/\/roveyayinevi.com.tr\/index.php\/urun\/kimliksiz-hakikatler\/"},"modified":"2026-04-16T02:55:44","modified_gmt":"2026-04-15T23:55:44","slug":"kimliksiz-hakikatler","status":"publish","type":"product","link":"https:\/\/roveyayinevi.com.tr\/index.php\/urun\/kimliksiz-hakikatler\/","title":{"rendered":"Kimliksiz Hakikatler"},"content":{"rendered":"<p>Hakikat, biraz sab\u0131r biraz da s\u00fck\u00fbnet g\u00f6sterilirse b\u00fct\u00fcn mu\u011flakl\u0131klar\u0131 \u00e7\u00f6zecek g\u00fcce ve kuvvete sahip derin bir kelimedir. F\u0131trat\u0131n i\u015faret etti\u011fi hakikatin izini s\u00fcren insan, bu sayede hep do\u011fru de\u011ferlendirmelerde bulunmaya \u00e7al\u0131\u015fm\u0131\u015f ve nihayetinde ger\u00e7e\u011fe ula\u015fm\u0131\u015ft\u0131r.   Bu kitap, insan do\u011fas\u0131ndan yola \u00e7\u0131k\u0131p \u00f6zg\u00fcrl\u00fck, de\u011ferler ve insan onuru \u00fczerine doyurucu bilgiler vererek modern zamanlarda din ve d\u00fcnya alg\u0131s\u0131 \u00fczerine geni\u015f bir a\u00e7\u0131klama yapmaktad\u0131r. \u0130slam d\u00fc\u015f\u00fcncesinin kendini yeniden tazelemesini ve yeni bir ivme kazanmas\u0131n\u0131 \u00f6ng\u00f6ren yazar, bu eseriyle yine ayd\u0131nlat\u0131c\u0131 bilgiler sunmaktad\u0131r. Eser, i\u00e7eri\u011findeki orijinallik ve ba\u015fl\u0131klar\u0131ndaki \u00e7ekicili\u011fiyle okuyucular\u0131 kendine hayran b\u0131rakacak niteliktedir.<\/p>\n","protected":false},"excerpt":{"rendered":"<p>Hakikat, biraz sab\u0131r biraz da s\u00fck\u00fbnet g\u00f6sterilirse b\u00fct\u00fcn mu\u011flakl\u0131klar\u0131 \u00e7\u00f6zecek g\u00fcce ve kuvvete sahip derin bir kelimedir. F\u0131trat\u0131n i\u015faret etti\u011fi hakikatin izini s\u00fcren insan, bu sayede<span class=\"excerpt-hellip\"> [\u2026]<\/span><\/p>\n","protected":false},"featured_media":0,"template":"","meta":{"_monsterinsights_skip_tracking":false,"_monsterinsights_sitenote_active":false,"_monsterinsights_sitenote_note":"","_monsterinsights_sitenote_category":0},"product_brand":[],"product_cat":[12718,12719],"product_tag":[],"class_list":{"0":"post-744165","1":"product","2":"type-product","3":"status-publish","5":"product_cat-din","6":"product_cat-islam","7":"pa_cilt-ciltsiz","8":"pa_tur-kitap","9":"pa_yayinevi-otto-yayinlari","10":"pa_yazar-saban-ali-duzgun","12":"first","13":"instock","14":"sale","15":"shipping-taxable","16":"purchasable","17":"product-type-simple"},"_links":{"self":[{"href":"https:\/\/roveyayinevi.com.tr\/index.php\/wp-json\/wp\/v2\/product\/744165","targetHints":{"allow":["GET"]}}],"collection":[{"href":"https:\/\/roveyayinevi.com.tr\/index.php\/wp-json\/wp\/v2\/product"}],"about":[{"href":"https:\/\/roveyayinevi.com.tr\/index.php\/wp-json\/wp\/v2\/types\/product"}],"wp:attachment":[{"href":"https:\/\/roveyayinevi.com.tr\/index.php\/wp-json\/wp\/v2\/media?parent=744165"}],"wp:term":[{"taxonomy":"product_brand","embeddable":true,"href":"https:\/\/roveyayinevi.com.tr\/index.php\/wp-json\/wp\/v2\/product_brand?post=744165"},{"taxonomy":"product_cat","embeddable":true,"href":"https:\/\/roveyayinevi.com.tr\/index.php\/wp-json\/wp\/v2\/product_cat?post=744165"},{"taxonomy":"product_tag","embeddable":true,"href":"https:\/\/roveyayinevi.com.tr\/index.php\/wp-json\/wp\/v2\/product_tag?post=744165"}],"curies":[{"name":"wp","href":"https:\/\/api.w.org\/{rel}","templated":true}]}}