{"id":744164,"date":"2025-08-28T01:50:46","date_gmt":"2025-08-27T22:50:46","guid":{"rendered":"https:\/\/roveyayinevi.com.tr\/index.php\/urun\/iskender-2\/"},"modified":"2026-04-16T02:55:44","modified_gmt":"2026-04-15T23:55:44","slug":"iskender-2","status":"publish","type":"product","link":"https:\/\/roveyayinevi.com.tr\/index.php\/urun\/iskender-2\/","title":{"rendered":"\u0130skender"},"content":{"rendered":"<p>Bilinen d\u00fcnyan\u0131n gizemlerle dolu co\u011frafyalar\u0131: Makedonya Krall\u0131\u011f\u0131, Yunan birli\u011fi ve Pers \u0130mparatorlu\u011fu&#8230;Bunlar\u0131n \u00f6tesindeyse bilinmeyen bir d\u00fcnya&#8230;Ve bu d\u00fcnyan\u0131n fatihi olmakta ad\u0131m ad\u0131m ilerleyen gen\u00e7 ve h\u0131rsl\u0131 bir lider: B\u00fcy\u00fck \u0130skender.O, b\u00fcy\u00fck filozof Aristoteles\u2019in sad\u0131k \u00f6\u011frencisi, tarih sahnesinde e\u015fi benzeri g\u00f6r\u00fclmemi\u015f asker\u00ee ba\u015far\u0131lara imza atm\u0131\u015f bir komutan ve k\u0131vrak zek\u00e2s\u0131yla Pers \u0130mparatorlu\u011fu\u2019nu dize getirmi\u015f bir h\u00fck\u00fcmdard\u0131. Babas\u0131 Kral Philip\u2019in ard\u0131ndan kadim d\u00fc\u015fmanlar\u0131 kibirli Yunan birli\u011finin bask\u0131s\u0131na ba\u015fkald\u0131r\u0131yor ve Perslerden alaca\u011f\u0131 intikam i\u00e7in haz\u0131rlan\u0131yordu. Bu u\u011furda Persepolis\u2019ten Hindistan\u2019a, Mavera\u00fcnnehir\u2019den Babil\u2019e d\u00fcnyay\u0131 d\u00f6necek ve e\u015fsiz ba\u015far\u0131lara imza atacakt\u0131.Eserleri alt\u0131 dile \u00e7evrilen, T\u00fcrkiye\u2019nin en \u00e7ok okunan tarih\u00ee romanlar\u0131n\u0131n yazar\u0131, &#8220;g\u00fcn\u00fcm\u00fcz\u00fcn Peyami Safa&#8217;s\u0131&#8221; olarak an\u0131lan Okay Tiryakio\u011flu\u2019nun kaleminden zek\u00e2s\u0131, liderli\u011fi ve azmiyle pek \u00e7ok h\u00fck\u00fcmdara ilham olmu\u015f bir d\u00fcnya fatihinin s\u00fcr\u00fckleyici ve derinlikli hik\u00e2yesi: \u0130skender\u2026<\/p>\n","protected":false},"excerpt":{"rendered":"<p>Bilinen d\u00fcnyan\u0131n gizemlerle dolu co\u011frafyalar\u0131: Makedonya Krall\u0131\u011f\u0131, Yunan birli\u011fi ve Pers \u0130mparatorlu\u011fu&#8230;Bunlar\u0131n \u00f6tesindeyse bilinmeyen bir d\u00fcnya&#8230;Ve bu d\u00fcnyan\u0131n fatihi olmakta ad\u0131m ad\u0131m ilerleyen gen\u00e7 ve h\u0131rsl\u0131<span class=\"excerpt-hellip\"> [\u2026]<\/span><\/p>\n","protected":false},"featured_media":0,"template":"","meta":{"_monsterinsights_skip_tracking":false,"_monsterinsights_sitenote_active":false,"_monsterinsights_sitenote_note":"","_monsterinsights_sitenote_category":0},"product_brand":[],"product_cat":[12291,12711],"product_tag":[],"class_list":{"0":"post-744164","1":"product","2":"type-product","3":"status-publish","5":"product_cat-edebiyat","6":"product_cat-roman-oyku","7":"pa_cilt-ciltsiz","8":"pa_tur-kitap","9":"pa_yayinevi-timas-yayinlari","10":"pa_yazar-okay-tiryakioglu","12":"first","13":"instock","14":"sale","15":"shipping-taxable","16":"purchasable","17":"product-type-simple"},"_links":{"self":[{"href":"https:\/\/roveyayinevi.com.tr\/index.php\/wp-json\/wp\/v2\/product\/744164","targetHints":{"allow":["GET"]}}],"collection":[{"href":"https:\/\/roveyayinevi.com.tr\/index.php\/wp-json\/wp\/v2\/product"}],"about":[{"href":"https:\/\/roveyayinevi.com.tr\/index.php\/wp-json\/wp\/v2\/types\/product"}],"wp:attachment":[{"href":"https:\/\/roveyayinevi.com.tr\/index.php\/wp-json\/wp\/v2\/media?parent=744164"}],"wp:term":[{"taxonomy":"product_brand","embeddable":true,"href":"https:\/\/roveyayinevi.com.tr\/index.php\/wp-json\/wp\/v2\/product_brand?post=744164"},{"taxonomy":"product_cat","embeddable":true,"href":"https:\/\/roveyayinevi.com.tr\/index.php\/wp-json\/wp\/v2\/product_cat?post=744164"},{"taxonomy":"product_tag","embeddable":true,"href":"https:\/\/roveyayinevi.com.tr\/index.php\/wp-json\/wp\/v2\/product_tag?post=744164"}],"curies":[{"name":"wp","href":"https:\/\/api.w.org\/{rel}","templated":true}]}}