{"id":744163,"date":"2025-08-28T01:50:45","date_gmt":"2025-08-27T22:50:45","guid":{"rendered":"https:\/\/roveyayinevi.com.tr\/index.php\/urun\/dilek-tuttum-okunsun-ahim-arsa-dokunsun\/"},"modified":"2026-04-16T02:55:44","modified_gmt":"2026-04-15T23:55:44","slug":"dilek-tuttum-okunsun-ahim-arsa-dokunsun","status":"publish","type":"product","link":"https:\/\/roveyayinevi.com.tr\/index.php\/urun\/dilek-tuttum-okunsun-ahim-arsa-dokunsun\/","title":{"rendered":"Dilek Tuttum Okunsun Ah\u0131m Ar\u015fa Dokunsun"},"content":{"rendered":"<p>Nurullah Gen\u00e7&#8217;in hayata arma\u011fan etti\u011fi kelimeler, \u015fiirin en g\u00fczel duraklar\u0131na g\u00f6t\u00fcr\u00fcyor okuru yeniden.\u0130ki ankay\u0131z ki, seherde u\u00e7an\u0130ki ayr\u0131 kainatt\u0131r yuvam\u0131zKanatlar\u0131m\u0131zda h\u00fczn\u00fcn ba\u015fa\u011f\u0131Kafda\u011f\u0131\u2019na varamad\u0131k, ne \u00e7areNe bulut ve \u015fim\u015fek, ne g\u00f6kku\u015fa\u011f\u0131Anlamaz, bedende can pare pareBizi bizden iyi bilirsin RabbimBir ankay\u0131 bir ankan\u0131n g\u00f6\u011f\u00fcndeYaln\u0131z sen u\u00e7urabilirsin Rabbim<\/p>\n","protected":false},"excerpt":{"rendered":"<p>Nurullah Gen\u00e7&#8217;in hayata arma\u011fan etti\u011fi kelimeler, \u015fiirin en g\u00fczel duraklar\u0131na g\u00f6t\u00fcr\u00fcyor okuru yeniden.\u0130ki ankay\u0131z ki, seherde u\u00e7an\u0130ki ayr\u0131 kainatt\u0131r yuvam\u0131zKanatlar\u0131m\u0131zda h\u00fczn\u00fcn ba\u015fa\u011f\u0131Kafda\u011f\u0131\u2019na varamad\u0131k, ne \u00e7areNe bulut<span class=\"excerpt-hellip\"> [\u2026]<\/span><\/p>\n","protected":false},"featured_media":0,"template":"","meta":{"_monsterinsights_skip_tracking":false,"_monsterinsights_sitenote_active":false,"_monsterinsights_sitenote_note":"","_monsterinsights_sitenote_category":0},"product_brand":[],"product_cat":[12291,12509],"product_tag":[],"class_list":{"0":"post-744163","1":"product","2":"type-product","3":"status-publish","5":"product_cat-edebiyat","6":"product_cat-siir","7":"pa_cilt-ciltsiz","8":"pa_tur-kitap","9":"pa_yayinevi-timas-yayinlari","10":"pa_yazar-nurullah-genc","12":"first","13":"instock","14":"sale","15":"shipping-taxable","16":"purchasable","17":"product-type-simple"},"_links":{"self":[{"href":"https:\/\/roveyayinevi.com.tr\/index.php\/wp-json\/wp\/v2\/product\/744163","targetHints":{"allow":["GET"]}}],"collection":[{"href":"https:\/\/roveyayinevi.com.tr\/index.php\/wp-json\/wp\/v2\/product"}],"about":[{"href":"https:\/\/roveyayinevi.com.tr\/index.php\/wp-json\/wp\/v2\/types\/product"}],"wp:attachment":[{"href":"https:\/\/roveyayinevi.com.tr\/index.php\/wp-json\/wp\/v2\/media?parent=744163"}],"wp:term":[{"taxonomy":"product_brand","embeddable":true,"href":"https:\/\/roveyayinevi.com.tr\/index.php\/wp-json\/wp\/v2\/product_brand?post=744163"},{"taxonomy":"product_cat","embeddable":true,"href":"https:\/\/roveyayinevi.com.tr\/index.php\/wp-json\/wp\/v2\/product_cat?post=744163"},{"taxonomy":"product_tag","embeddable":true,"href":"https:\/\/roveyayinevi.com.tr\/index.php\/wp-json\/wp\/v2\/product_tag?post=744163"}],"curies":[{"name":"wp","href":"https:\/\/api.w.org\/{rel}","templated":true}]}}