{"id":744157,"date":"2025-08-28T01:50:38","date_gmt":"2025-08-27T22:50:38","guid":{"rendered":"https:\/\/roveyayinevi.com.tr\/index.php\/urun\/gok-yazilar\/"},"modified":"2026-04-16T02:55:44","modified_gmt":"2026-04-15T23:55:44","slug":"gok-yazilar","status":"publish","type":"product","link":"https:\/\/roveyayinevi.com.tr\/index.php\/urun\/gok-yazilar\/","title":{"rendered":"G\u00f6k Yaz\u0131lar"},"content":{"rendered":"<p>Hayati S\u0131r \u015fu zor zamanda insan neslinin korunabilmesi i\u00e7in hepimizi toplu bir uyan\u0131\u015fa \u00e7a\u011f\u0131r\u0131yor; \u201cEn g\u00fczel oland\u0131r&#8230; Hayat! Birbirimize bak\u0131\u015f\u0131m\u0131z. Temas\u0131m\u0131z&#8230; Hissedi\u015fimiz. Yery\u00fcz\u00fcn\u00fcn bilgisi. \u0130nsan\u0131n o g\u00fczel tabiat\u0131d\u0131r. Ve insan b\u00f6ylesine bereketli bir d\u00fcnyada mutluyken&#8230; Y\u0131llard\u0131r k\u00fcresel \u015firk-etlerin o k\u00f6t\u00fcc\u00fcl hamleleriyle bug\u00fcnlere geldik. D\u00fcnya \u015fu an buhran i\u00e7inde! Pek \u00e7o\u011fumuz i\u00e7in bu kaostan \u00e7\u0131k\u0131\u015f yollar\u0131 kapanm\u0131\u015f gibi! Herkes diyor ki \u00e7are nedir? Kurtulu\u015f! G\u00f6klerden bir yard\u0131m gelmeli. Bir uyan\u0131\u015f ger\u00e7ekle\u015fmeli. \u2018G\u00f6k Yaz\u0131lar\u2019\u0131n\u0131 okuyaca\u011f\u0131z o zaman. Asr\u0131n s\u0131r ta\u015f\u0131y\u0131c\u0131lar\u0131! Ruh muhaf\u0131zlar\u0131! Ash\u00e2b-\u0131 Kehf y\u00e2ran\u0131! S\u00f6ze geldi!.. Ve harfler, kelimeler. Hepsi de yeni m\u00e2n\u00e2lar. S\u0131rl\u0131 \u2018bir\u2019 \u00e7\u0131k\u0131\u015f yolu i\u015fte! Asl\u0131nda hayat h\u00e2l\u00e2 \u00f6ylesine g\u00fczel ki!.. Rabbimiz bizi terk etmedi. \u00dcmit her daim var olacak&#8230;\u201d     Ve Hayati S\u0131r bug\u00fcn ya\u015fananlar\u0131 da \u015f\u00f6yle dile getiriyor; \u201cGer\u00e7ek olan her harf, her kelimenin art\u0131k \u00e7ok daha de\u011ferli olaca\u011f\u0131 zor bir zaman\u0131n i\u00e7ine giriyoruz&#8230; Ata tohumlar\u0131m\u0131z gibiler! S\u00f6z\u00fcn hakikatinin devaml\u0131l\u0131\u011f\u0131 i\u00e7in direnmeliyiz. K\u00e2\u011f\u0131tlar olmazsa s\u00f6z, hakikatine kavu\u015famaz. Ekranlar\u0131n tahakk\u00fcm\u00fc alt\u0131na girer. Her harf, her kelime m\u00e2n\u00e2s\u0131n\u0131 yitirir. Ve hi\u00e7 kimse birbirini anlayamaz. Kaos bundand\u0131r. Elbette ki kas\u0131tl\u0131d\u0131r. \u0130\u015fte bunun i\u00e7indir. Yery\u00fcz\u00fcn\u00fcn, insanlar\u0131n, \u00e7ocuklar\u0131n sinsice imhas\u0131!.. S\u00f6z\u00fcn hakikatinin yitirilmesi y\u00fcz\u00fcndendir. Tarih boyunca bir daha ya\u015fanmamas\u0131 i\u00e7in ortak kabul g\u00f6ren o dayan\u0131lmaz kitlesel ac\u0131lar bile bug\u00fcn normalle\u015ftirilmeye \u00e7al\u0131\u015f\u0131l\u0131yor. Kitlesel imhalar top, t\u00fcfek, tankla yap\u0131lm\u0131yor ki art\u0131k! Fark edilemiyor bile! Y\u00fcksek teknoloji! Yapay genler! Genom! DNA tekam\u00fcl\u00fc! Tohum!.. Ve de uydulardan elektromanyetik frekanslar g\u00f6nderilerek yap\u0131l\u0131yor. \u015eunu da s\u00f6yleyelim ki; \u00fczerimize dijital tsunami gibi gelen bu Yeni D\u00fcnya D\u00fczeni! Maalesef insan neslinin sona erdirilmesiyle programlanm\u0131\u015f \u2018yapay zek\u00e2\u2019 \u00fcr\u00fcn\u00fcd\u00fcr. Ve t\u00fcm bunlar\u0131n ard\u0131ndan onlar\u0131n getirmek istedikleri gelecek! Yapay! Hibrit! Mekanik! Dijital esarettir&#8230; \u2018Great Reset\u2019 budur.   Elbette ki muvaffak olamayacaklar&#8230; A\u011fa\u00e7lar, ormanlar&#8230; U\u00e7an ku\u015flar&#8230; Bal\u0131klar. Kar\u0131ncalar bile direnecekler. Topluca bir uyan\u0131\u015f ger\u00e7ekle\u015fecek in\u015fallah. Yeter ki insanlar kendi nesillerinin korunmas\u0131 i\u00e7in bir an \u00f6nce bir araya gelebilsinler. Ve pasif iyilikten, aktif iyili\u011fe ge\u00e7ebilsinler. G\u00f6recekler ki o zaman. Uyan\u0131\u015f\u0131m\u0131z \u00e7ok yak\u0131n!..\u201d <\/p>\n","protected":false},"excerpt":{"rendered":"<p>Hayati S\u0131r \u015fu zor zamanda insan neslinin korunabilmesi i\u00e7in hepimizi toplu bir uyan\u0131\u015fa \u00e7a\u011f\u0131r\u0131yor; \u201cEn g\u00fczel oland\u0131r&#8230; Hayat! Birbirimize bak\u0131\u015f\u0131m\u0131z. Temas\u0131m\u0131z&#8230; Hissedi\u015fimiz. Yery\u00fcz\u00fcn\u00fcn bilgisi. \u0130nsan\u0131n o<span class=\"excerpt-hellip\"> [\u2026]<\/span><\/p>\n","protected":false},"featured_media":0,"template":"","meta":{"_monsterinsights_skip_tracking":false,"_monsterinsights_sitenote_active":false,"_monsterinsights_sitenote_note":"","_monsterinsights_sitenote_category":0},"product_brand":[],"product_cat":[12718,12719,15238],"product_tag":[],"class_list":{"0":"post-744157","1":"product","2":"type-product","3":"status-publish","5":"product_cat-din","6":"product_cat-islam","7":"product_cat-tasavvuf","8":"pa_cilt-ciltsiz","9":"pa_tur-kitap","10":"pa_yayinevi-hayykitap","11":"pa_yazar-hayati-sir","13":"first","14":"instock","15":"sale","16":"shipping-taxable","17":"purchasable","18":"product-type-simple"},"_links":{"self":[{"href":"https:\/\/roveyayinevi.com.tr\/index.php\/wp-json\/wp\/v2\/product\/744157","targetHints":{"allow":["GET"]}}],"collection":[{"href":"https:\/\/roveyayinevi.com.tr\/index.php\/wp-json\/wp\/v2\/product"}],"about":[{"href":"https:\/\/roveyayinevi.com.tr\/index.php\/wp-json\/wp\/v2\/types\/product"}],"wp:attachment":[{"href":"https:\/\/roveyayinevi.com.tr\/index.php\/wp-json\/wp\/v2\/media?parent=744157"}],"wp:term":[{"taxonomy":"product_brand","embeddable":true,"href":"https:\/\/roveyayinevi.com.tr\/index.php\/wp-json\/wp\/v2\/product_brand?post=744157"},{"taxonomy":"product_cat","embeddable":true,"href":"https:\/\/roveyayinevi.com.tr\/index.php\/wp-json\/wp\/v2\/product_cat?post=744157"},{"taxonomy":"product_tag","embeddable":true,"href":"https:\/\/roveyayinevi.com.tr\/index.php\/wp-json\/wp\/v2\/product_tag?post=744157"}],"curies":[{"name":"wp","href":"https:\/\/api.w.org\/{rel}","templated":true}]}}