{"id":744134,"date":"2025-08-28T01:50:07","date_gmt":"2025-08-27T22:50:07","guid":{"rendered":"https:\/\/roveyayinevi.com.tr\/index.php\/urun\/kuran-ve-ehl-i-kitap\/"},"modified":"2026-04-16T02:55:43","modified_gmt":"2026-04-15T23:55:43","slug":"kuran-ve-ehl-i-kitap","status":"publish","type":"product","link":"https:\/\/roveyayinevi.com.tr\/index.php\/urun\/kuran-ve-ehl-i-kitap\/","title":{"rendered":"Kur&#8217;an ve Ehl-i Kitap"},"content":{"rendered":"<p>Hz. Muhammed vefat\u0131na yak\u0131n g\u00fcnlerde; M\u00fcsl\u00fcmanlar\u0131n sapmamas\u0131 i\u00e7in bir ve tek bir ilke b\u0131rakt\u0131: \u201cKur\u2019an\u2019a ve Ehl-i Beytime sar\u0131l\u0131rsan\u0131z asla sapmazs\u0131n\u0131z,\u201d diye buyurdu. \u00c7\u00fcnk\u00fc Kur\u2019an\u2019da yeteri kadar ayet ve ilke vard\u0131.  Ehl-i Beytte de o ilkelerin sa\u011fl\u0131kl\u0131 anlay\u0131\u015f\u0131 ve prati\u011fi vard\u0131. \u00c7\u00fcnk\u00fc Ehl-i Beyt i\u015fin i\u00e7inde idi ve dinin as\u0131l varisleri idi.   Fakat Hz. Muhammed\u2019in vefat\u0131ndan k\u0131rk sene sonra; O\u2019nun ezeli d\u00fc\u015fmanlar\u0131 olan ve mecburiyetten M\u00fcsl\u00fcman g\u00f6r\u00fcnen Emeviler, kar\u015f\u0131 devrim yapt\u0131lar. \u0130\u015fi Ehl-i Beyt\u2019ten ald\u0131lar, onlar\u0131 katle ve s\u00fcrg\u00fcne maruz b\u0131rakt\u0131lar. (Bunlar Tarihen sabittir.)   \u00c7ok ge\u00e7meden \u201cSize Kur\u2019an ve Ehl-i Beytimi b\u0131rak\u0131yorum\u201d vasiyetini Kur\u2019an ve S\u00fcnnetimi b\u0131rak\u0131yorum, \u015fekline \u00e7evirdiler. \u00c7\u0131\u011f\u0131r ve pratik demek olan s\u00fcnnet kavram\u0131n\u0131 da Emevilerin izin verdi\u011fi kadar bize gelen ve \u00e7o\u011fu \u00e7eli\u015fkili; Emevilerin cebir ve antropomorfizmini i\u00e7eren hadis rivayetlerine \u00e7evirdiler. Ve maalesef as\u0131l \u00e7\u0131\u011f\u0131r ve pratikleri bilenler susturuldu, \u00f6ld\u00fcr\u00fcld\u00fc veya zehirletildi.   Bu rivayetlerin sahibi olan Ehl-i Hadis, tarihte Kur\u2019an\u2019\u0131, akl\u0131, ilmi ve yorumu esas alan, ba\u015fta Ehl-i Beyt \u0130mamlar\u0131n\u0131 ve Ebu Hanife gibi B\u00fcy\u00fck Mezhep \u0130mam\u0131n\u0131 \u00e7ok yordu\u011fu gibi, \u0130mam E\u015f\u2019ari ve \u0130mam Maturidi\u2019yi de sap\u0131kl\u0131kla su\u00e7lad\u0131lar. En son Vehhabili\u011fe d\u00f6n\u00fc\u015ft\u00fc, sonra I\u015fid ve El-Kaideye d\u00f6n\u00fc\u015ft\u00fc. Bunlar Hadis, Kur\u2019an\u2019\u0131n h\u00fckm\u00fcn\u00fc kald\u0131r\u0131r, diyorlar. Yorumu, akl\u0131 ve bilimi esas alan herkesi tekfir ediyorlar.   B\u00d6YLEL\u0130KLE HZ. MUHAMMED\u2019\u0130N MESAJI B\u0130R\u00c7OK KONUDA KAYBOLDU.   Bu konulardan biri Kur\u2019an\u2019\u0131n Cihad Anlay\u0131\u015f\u0131, di\u011feri ise, Kur\u2019an\u2019\u0131n Ehl-i Kitapla \u0130li\u015fkisi. <\/p>\n","protected":false},"excerpt":{"rendered":"<p>Hz. Muhammed vefat\u0131na yak\u0131n g\u00fcnlerde; M\u00fcsl\u00fcmanlar\u0131n sapmamas\u0131 i\u00e7in bir ve tek bir ilke b\u0131rakt\u0131: \u201cKur\u2019an\u2019a ve Ehl-i Beytime sar\u0131l\u0131rsan\u0131z asla sapmazs\u0131n\u0131z,\u201d diye buyurdu. \u00c7\u00fcnk\u00fc Kur\u2019an\u2019da yeteri<span class=\"excerpt-hellip\"> [\u2026]<\/span><\/p>\n","protected":false},"featured_media":0,"template":"","meta":{"_monsterinsights_skip_tracking":false,"_monsterinsights_sitenote_active":false,"_monsterinsights_sitenote_note":"","_monsterinsights_sitenote_category":0},"product_brand":[],"product_cat":[12777,12291],"product_tag":[],"class_list":{"0":"post-744134","1":"product","2":"type-product","3":"status-publish","5":"product_cat-deneme","6":"product_cat-edebiyat","7":"pa_cilt-ciltsiz","8":"pa_tur-kitap","9":"pa_yayinevi-gulnar-yayinlari","10":"pa_yazar-bahaeddin-saglam","12":"first","13":"instock","14":"sale","15":"shipping-taxable","16":"purchasable","17":"product-type-simple"},"_links":{"self":[{"href":"https:\/\/roveyayinevi.com.tr\/index.php\/wp-json\/wp\/v2\/product\/744134","targetHints":{"allow":["GET"]}}],"collection":[{"href":"https:\/\/roveyayinevi.com.tr\/index.php\/wp-json\/wp\/v2\/product"}],"about":[{"href":"https:\/\/roveyayinevi.com.tr\/index.php\/wp-json\/wp\/v2\/types\/product"}],"wp:attachment":[{"href":"https:\/\/roveyayinevi.com.tr\/index.php\/wp-json\/wp\/v2\/media?parent=744134"}],"wp:term":[{"taxonomy":"product_brand","embeddable":true,"href":"https:\/\/roveyayinevi.com.tr\/index.php\/wp-json\/wp\/v2\/product_brand?post=744134"},{"taxonomy":"product_cat","embeddable":true,"href":"https:\/\/roveyayinevi.com.tr\/index.php\/wp-json\/wp\/v2\/product_cat?post=744134"},{"taxonomy":"product_tag","embeddable":true,"href":"https:\/\/roveyayinevi.com.tr\/index.php\/wp-json\/wp\/v2\/product_tag?post=744134"}],"curies":[{"name":"wp","href":"https:\/\/api.w.org\/{rel}","templated":true}]}}