{"id":744133,"date":"2025-08-28T01:50:05","date_gmt":"2025-08-27T22:50:05","guid":{"rendered":"https:\/\/roveyayinevi.com.tr\/index.php\/urun\/nerde-o-eski-sen\/"},"modified":"2026-04-16T02:55:43","modified_gmt":"2026-04-15T23:55:43","slug":"nerde-o-eski-sen","status":"publish","type":"product","link":"https:\/\/roveyayinevi.com.tr\/index.php\/urun\/nerde-o-eski-sen\/","title":{"rendered":"Nerde O Eski Sen"},"content":{"rendered":"<p>\u201cNerde o eski sen?\u201d c\u00fcmlesinden anlayaca\u011f\u0131m\u0131z \u00fczere \u00e7evremizde de\u011fi\u015fen, d\u00f6n\u00fc\u015fen yahut d\u00fcnyevile\u015fen insanlar var. Belki kendimiz de bu de\u011fi\u015fimin bir par\u00e7as\u0131y\u0131z. \u201cEskiye \u00f6zlem\u201d kli\u015fesi yaln\u0131zca eski e\u015fyalar ve mekanla alakal\u0131 bir duygu de\u011fil. En \u00e7ok eski hassasiyetini, eski maneviyat\u0131n\u0131, eski samimiyetini kaybeden ki\u015filer i\u00e7in \u00fcz\u00fcl\u00fcr, hay\u0131flan\u0131r\u0131z. Ge\u00e7mi\u015fte her bak\u0131\u015f\u0131n\u0131n, her kelimesinin manas\u0131n\u0131 ezbere bildi\u011fimiz en yak\u0131n\u0131m\u0131zla bile art\u0131k konu\u015fabilmek, anla\u015fabilmek ve m\u00fc\u015fterek noktalarda bulu\u015fabilmek neredeyse imk\u00e2ns\u0131z hale gelmi\u015f olabilir. Bunu sorgularken bizi bu sonuca ula\u015ft\u0131ran dinamikleri de dikkate almak zorunday\u0131z.&#8221; <\/p>\n","protected":false},"excerpt":{"rendered":"<p>\u201cNerde o eski sen?\u201d c\u00fcmlesinden anlayaca\u011f\u0131m\u0131z \u00fczere \u00e7evremizde de\u011fi\u015fen, d\u00f6n\u00fc\u015fen yahut d\u00fcnyevile\u015fen insanlar var. Belki kendimiz de bu de\u011fi\u015fimin bir par\u00e7as\u0131y\u0131z. \u201cEskiye \u00f6zlem\u201d kli\u015fesi yaln\u0131zca eski<span class=\"excerpt-hellip\"> [\u2026]<\/span><\/p>\n","protected":false},"featured_media":0,"template":"","meta":{"_monsterinsights_skip_tracking":false,"_monsterinsights_sitenote_active":false,"_monsterinsights_sitenote_note":"","_monsterinsights_sitenote_category":0},"product_brand":[],"product_cat":[12777,12291],"product_tag":[],"class_list":{"0":"post-744133","1":"product","2":"type-product","3":"status-publish","5":"product_cat-deneme","6":"product_cat-edebiyat","7":"pa_cilt-ciltsiz","8":"pa_tur-kitap","9":"pa_yayinevi-gulnar-yayinlari","10":"pa_yazar-havva-butun-sarac","12":"first","13":"instock","14":"sale","15":"shipping-taxable","16":"purchasable","17":"product-type-simple"},"_links":{"self":[{"href":"https:\/\/roveyayinevi.com.tr\/index.php\/wp-json\/wp\/v2\/product\/744133","targetHints":{"allow":["GET"]}}],"collection":[{"href":"https:\/\/roveyayinevi.com.tr\/index.php\/wp-json\/wp\/v2\/product"}],"about":[{"href":"https:\/\/roveyayinevi.com.tr\/index.php\/wp-json\/wp\/v2\/types\/product"}],"wp:attachment":[{"href":"https:\/\/roveyayinevi.com.tr\/index.php\/wp-json\/wp\/v2\/media?parent=744133"}],"wp:term":[{"taxonomy":"product_brand","embeddable":true,"href":"https:\/\/roveyayinevi.com.tr\/index.php\/wp-json\/wp\/v2\/product_brand?post=744133"},{"taxonomy":"product_cat","embeddable":true,"href":"https:\/\/roveyayinevi.com.tr\/index.php\/wp-json\/wp\/v2\/product_cat?post=744133"},{"taxonomy":"product_tag","embeddable":true,"href":"https:\/\/roveyayinevi.com.tr\/index.php\/wp-json\/wp\/v2\/product_tag?post=744133"}],"curies":[{"name":"wp","href":"https:\/\/api.w.org\/{rel}","templated":true}]}}