{"id":744126,"date":"2025-08-28T01:49:59","date_gmt":"2025-08-27T22:49:59","guid":{"rendered":"https:\/\/roveyayinevi.com.tr\/index.php\/urun\/aglasam-gozlerime-ihanet\/"},"modified":"2026-04-16T02:55:42","modified_gmt":"2026-04-15T23:55:42","slug":"aglasam-gozlerime-ihanet","status":"publish","type":"product","link":"https:\/\/roveyayinevi.com.tr\/index.php\/urun\/aglasam-gozlerime-ihanet\/","title":{"rendered":"A\u011flasam G\u00f6zlerime \u0130hanet"},"content":{"rendered":"<p>Hep ba\u015fkalar\u0131m\u0131 ihanet eder? Kendisine ihaneti yokmudur insan\u0131n? Y\u00fczle\u015femedi\u011fi duygular\u0131, kabullenemedi\u011fi d\u00fc\u015f\u00fcnceleri, ko\u015farcas\u0131na ka\u00e7t\u0131\u011f\u0131 ger\u00e7ekleri.                                                                               \u0130hanetle d\u00f6k\u00fclen g\u00f6zya\u015flar\u0131n\u0131n ard\u0131ndan bir daha bakamayacak olan o ac\u0131 dolu g\u00f6zleri. A\u011eLASAM G\u00d6ZLER\u0130ME \u0130HANET Ba\u015f\u0131n\u0131 yast\u0131\u011fa her koyu\u015fun da,                                                                                                                                 Kimsesizli\u011finle ge\u00e7eceksin kendinden,                                                                                                                              G\u00f6zlerin usulca kapand\u0131\u011f\u0131nda,                                                                                                                                            \u0130nce bir s\u0131z\u0131 can bulacak derinden.                                                                                                                                         Ne kadar ya\u015fanm\u0131\u015fl\u0131klar olursa olsun,                                                                                                             Durduramayacaks\u0131n kay\u0131p gidecek ellerinden,                                                                                                                    Kimse bilmeyecek seni nas\u0131l yazd\u0131\u011f\u0131m\u0131 kalbime.                                                                                                           Kaz\u0131ya kaz\u0131ya \u00e7\u0131kartacaks\u0131n kendini benli\u011fimden.  Sokak \u00e7ocuklar\u0131 gibi sahipsiz duygular\u0131m,                                                                                                                                                 T\u00fckenecekler bir kez olsun \u015fefkat g\u00f6rmeden.                                                                                                                     Beklesen ne fayda gariban g\u00f6n\u00fcl,                                                                                                                                    Sevilen k\u0131ymet g\u00f6rmezmi\u015f hen\u00fcz \u00f6lmeden. Yetim kalm\u0131\u015f y\u0131llar bekliyor kap\u0131da,                                                                                                                             Uzakla\u015f\u0131yor \u015fehrimden hayal meyal g\u00f6lgen.                                                                                                                A\u011eLASAM G\u00d6ZLER\u0130ME \u0130HANET                                                                                                                                       B\u00fct\u00fcn yollar \u00e7\u0131kmaz nafile ne gelir elden.           Yoklu\u011fun koleksiyonu yap\u0131ld\u0131 \u015fu na\u00e7iz ruhumda,                                                                                                            Vakit t\u00fckenecek bir kere i\u00e7ten sevilmeden.                                                                                                                  Aynalar sensiz, duvarlar renksiz gelecek bizsiz.                                                                                                                                Bu beden topra\u011fa kavu\u015facak bir kez g\u00fclmeden. Yasin PAMUK<\/p>\n","protected":false},"excerpt":{"rendered":"<p>Hep ba\u015fkalar\u0131m\u0131 ihanet eder? Kendisine ihaneti yokmudur insan\u0131n? Y\u00fczle\u015femedi\u011fi duygular\u0131, kabullenemedi\u011fi d\u00fc\u015f\u00fcnceleri, ko\u015farcas\u0131na ka\u00e7t\u0131\u011f\u0131 ger\u00e7ekleri. \u0130hanetle d\u00f6k\u00fclen g\u00f6zya\u015flar\u0131n\u0131n ard\u0131ndan bir daha bakamayacak olan o ac\u0131 dolu<span class=\"excerpt-hellip\"> [\u2026]<\/span><\/p>\n","protected":false},"featured_media":0,"template":"","meta":{"_monsterinsights_skip_tracking":false,"_monsterinsights_sitenote_active":false,"_monsterinsights_sitenote_note":"","_monsterinsights_sitenote_category":0},"product_brand":[],"product_cat":[12291,12509],"product_tag":[],"class_list":{"0":"post-744126","1":"product","2":"type-product","3":"status-publish","5":"product_cat-edebiyat","6":"product_cat-siir","7":"pa_cilt-ciltsiz","8":"pa_tur-kitap","9":"pa_yayinevi-platanus-publishing","10":"pa_yazar-yasin-pamuk","12":"first","13":"instock","14":"sale","15":"shipping-taxable","16":"purchasable","17":"product-type-simple"},"_links":{"self":[{"href":"https:\/\/roveyayinevi.com.tr\/index.php\/wp-json\/wp\/v2\/product\/744126","targetHints":{"allow":["GET"]}}],"collection":[{"href":"https:\/\/roveyayinevi.com.tr\/index.php\/wp-json\/wp\/v2\/product"}],"about":[{"href":"https:\/\/roveyayinevi.com.tr\/index.php\/wp-json\/wp\/v2\/types\/product"}],"wp:attachment":[{"href":"https:\/\/roveyayinevi.com.tr\/index.php\/wp-json\/wp\/v2\/media?parent=744126"}],"wp:term":[{"taxonomy":"product_brand","embeddable":true,"href":"https:\/\/roveyayinevi.com.tr\/index.php\/wp-json\/wp\/v2\/product_brand?post=744126"},{"taxonomy":"product_cat","embeddable":true,"href":"https:\/\/roveyayinevi.com.tr\/index.php\/wp-json\/wp\/v2\/product_cat?post=744126"},{"taxonomy":"product_tag","embeddable":true,"href":"https:\/\/roveyayinevi.com.tr\/index.php\/wp-json\/wp\/v2\/product_tag?post=744126"}],"curies":[{"name":"wp","href":"https:\/\/api.w.org\/{rel}","templated":true}]}}