{"id":744109,"date":"2025-08-28T01:49:38","date_gmt":"2025-08-27T22:49:38","guid":{"rendered":"https:\/\/roveyayinevi.com.tr\/index.php\/urun\/omrune-sigmayan-adam-aziz-nesin-1915-2015-ciltli\/"},"modified":"2026-04-16T02:55:42","modified_gmt":"2026-04-15T23:55:42","slug":"omrune-sigmayan-adam-aziz-nesin-1915-2015-ciltli","status":"publish","type":"product","link":"https:\/\/roveyayinevi.com.tr\/index.php\/urun\/omrune-sigmayan-adam-aziz-nesin-1915-2015-ciltli\/","title":{"rendered":"\u00d6mr\u00fcne S\u0131\u011fmayan Adam Aziz Nesin 1915 &#8211; 2015 (Ciltli)"},"content":{"rendered":"<p>Aziz Nesin&#8217;in yaz\u0131lmam\u0131\u015f \u00f6zya\u015fam \u00f6yk\u00fcs\u00fc, \u00d6mr\u00fcne S\u0131\u011fmayan Adam&#8217;\u0131n 100 y\u0131ll\u0131k ser\u00fcveni&#8230;&#8221;Y\u0131l 1915, \u00c7anakkale Sava\u015f\u0131n\u0131n en k\u0131zg\u0131n, en civcivli zaman\u0131.Nusret, &#8220;yard\u0131m, Tanr\u0131 yard\u0131m\u0131, ba\u015far\u0131, \u00fcst\u00fcnl\u00fck&#8221; anlam\u0131na geliyor.Tanr\u0131 yard\u0131m etsin de \u00c7anakkale Sava\u015f\u0131n\u0131 kazanal\u0131m diye, b\u00f6yle bir dilekle ad\u0131m\u0131 Nusret koyuyorlar. Mehmet de dedemin ad\u0131. Ben Mehmet Nusret&#8230;&#8221;<\/p>\n","protected":false},"excerpt":{"rendered":"<p>Aziz Nesin&#8217;in yaz\u0131lmam\u0131\u015f \u00f6zya\u015fam \u00f6yk\u00fcs\u00fc, \u00d6mr\u00fcne S\u0131\u011fmayan Adam&#8217;\u0131n 100 y\u0131ll\u0131k ser\u00fcveni&#8230;&#8221;Y\u0131l 1915, \u00c7anakkale Sava\u015f\u0131n\u0131n en k\u0131zg\u0131n, en civcivli zaman\u0131.Nusret, &#8220;yard\u0131m, Tanr\u0131 yard\u0131m\u0131, ba\u015far\u0131, \u00fcst\u00fcnl\u00fck&#8221; anlam\u0131na geliyor.Tanr\u0131<span class=\"excerpt-hellip\"> [\u2026]<\/span><\/p>\n","protected":false},"featured_media":0,"template":"","meta":{"_monsterinsights_skip_tracking":false,"_monsterinsights_sitenote_active":false,"_monsterinsights_sitenote_note":"","_monsterinsights_sitenote_category":0},"product_brand":[],"product_cat":[14009,12291],"product_tag":[],"class_list":{"0":"post-744109","1":"product","2":"type-product","3":"status-publish","5":"product_cat-biyografi-otobiyografi-edebiyat","6":"product_cat-edebiyat","7":"pa_cilt-ciltli","8":"pa_tur-kitap","9":"pa_yayinevi-nesin-yayinlari","10":"pa_yazar-salih-bora","12":"first","13":"instock","14":"sale","15":"shipping-taxable","16":"purchasable","17":"product-type-simple"},"_links":{"self":[{"href":"https:\/\/roveyayinevi.com.tr\/index.php\/wp-json\/wp\/v2\/product\/744109","targetHints":{"allow":["GET"]}}],"collection":[{"href":"https:\/\/roveyayinevi.com.tr\/index.php\/wp-json\/wp\/v2\/product"}],"about":[{"href":"https:\/\/roveyayinevi.com.tr\/index.php\/wp-json\/wp\/v2\/types\/product"}],"wp:attachment":[{"href":"https:\/\/roveyayinevi.com.tr\/index.php\/wp-json\/wp\/v2\/media?parent=744109"}],"wp:term":[{"taxonomy":"product_brand","embeddable":true,"href":"https:\/\/roveyayinevi.com.tr\/index.php\/wp-json\/wp\/v2\/product_brand?post=744109"},{"taxonomy":"product_cat","embeddable":true,"href":"https:\/\/roveyayinevi.com.tr\/index.php\/wp-json\/wp\/v2\/product_cat?post=744109"},{"taxonomy":"product_tag","embeddable":true,"href":"https:\/\/roveyayinevi.com.tr\/index.php\/wp-json\/wp\/v2\/product_tag?post=744109"}],"curies":[{"name":"wp","href":"https:\/\/api.w.org\/{rel}","templated":true}]}}

Ömrüne Sığmayan Adam Aziz Nesin 1915 &#8211; 2015 (Ciltli)

<p>Aziz Nesin&#8217;in yazılmamış özyaşam öyküsü, Ömrüne Sığmayan Adam&#8217;ın 100 yıllık serüveni&#8230;&#8221;Yıl 1915, Çanakkale Savaşının en kızgın, en civcivli zamanı.Nusret, &#8220;yardım, Tanrı yardımı, başarı, üstünlük&#8221; anlamına geliyor.Tanrı yardım etsin de Çanakkale Savaşını kazanalım diye, böyle bir dilekle adımı Nusret koyuyorlar. Mehmet de dedemin adı. Ben Mehmet Nusret&#8230;&#8221;</p>

<p>Aziz Nesin&#8217;in yazılmamış özyaşam öyküsü, Ömrüne Sığmayan Adam&#8217;ın 100 yıllık serüveni&#8230;&#8221;Yıl 1915, Çanakkale Savaşının en kızgın, en civcivli zamanı.Nusret, &#8220;yardım, Tanrı yardımı, başarı, üstünlük&#8221; anlamına geliyor.Tanrı<span class="excerpt-hellip"> […]</span></p>
