{"id":744107,"date":"2025-08-28T01:49:37","date_gmt":"2025-08-27T22:49:37","guid":{"rendered":"https:\/\/roveyayinevi.com.tr\/index.php\/urun\/che-guevara\/"},"modified":"2026-04-16T02:55:42","modified_gmt":"2026-04-15T23:55:42","slug":"che-guevara","status":"publish","type":"product","link":"https:\/\/roveyayinevi.com.tr\/index.php\/urun\/che-guevara\/","title":{"rendered":"Che Guevara"},"content":{"rendered":"<p>\u00d6l\u00fcm nereden ve nas\u0131l gelirse gelsin&#8230;   Sava\u015f sloganlar\u0131m\u0131z kulaktan kula\u011fa yay\u0131lacaksa ve silahlar\u0131m\u0131z elden ele ge\u00e7ecekse ve ba\u015fkalar\u0131 mitraly\u00f6z sesleriyle, sava\u015f ve zafer naralar\u0131yla cenazelerimize a\u011f\u0131t yakacaklarsa \u00f6l\u00fcm ho\u015f geldi, safa geldi&#8230;   En \u00f6nemlisi, d\u00fcnyan\u0131n neresinde olursa olsun her haks\u0131zl\u0131\u011f\u0131 kendinize kar\u015f\u0131 yap\u0131lm\u0131\u015f gibi hissetme kabiliyetinizi koruyabilmenizdir. Bu bir devrimcinin en \u00f6nemli \u00f6zelli\u011fidir.   <\/p>\n","protected":false},"excerpt":{"rendered":"<p>\u00d6l\u00fcm nereden ve nas\u0131l gelirse gelsin&#8230; Sava\u015f sloganlar\u0131m\u0131z kulaktan kula\u011fa yay\u0131lacaksa ve silahlar\u0131m\u0131z elden ele ge\u00e7ecekse ve ba\u015fkalar\u0131 mitraly\u00f6z sesleriyle, sava\u015f ve zafer naralar\u0131yla cenazelerimize a\u011f\u0131t<span class=\"excerpt-hellip\"> [\u2026]<\/span><\/p>\n","protected":false},"featured_media":0,"template":"","meta":{"_monsterinsights_skip_tracking":false,"_monsterinsights_sitenote_active":false,"_monsterinsights_sitenote_note":"","_monsterinsights_sitenote_category":0},"product_brand":[],"product_cat":[13059,12337],"product_tag":[],"class_list":{"0":"post-744107","1":"product","2":"type-product","3":"status-publish","5":"product_cat-diger-politika-siyaset","6":"product_cat-politika-siyaset","7":"pa_cilt-ciltsiz","8":"pa_tur-kitap","9":"pa_yayinevi-kirmizi-ada-yayinlari","10":"pa_yazar-birol-buyukdogu","12":"first","13":"instock","14":"sale","15":"shipping-taxable","16":"purchasable","17":"product-type-simple"},"_links":{"self":[{"href":"https:\/\/roveyayinevi.com.tr\/index.php\/wp-json\/wp\/v2\/product\/744107","targetHints":{"allow":["GET"]}}],"collection":[{"href":"https:\/\/roveyayinevi.com.tr\/index.php\/wp-json\/wp\/v2\/product"}],"about":[{"href":"https:\/\/roveyayinevi.com.tr\/index.php\/wp-json\/wp\/v2\/types\/product"}],"wp:attachment":[{"href":"https:\/\/roveyayinevi.com.tr\/index.php\/wp-json\/wp\/v2\/media?parent=744107"}],"wp:term":[{"taxonomy":"product_brand","embeddable":true,"href":"https:\/\/roveyayinevi.com.tr\/index.php\/wp-json\/wp\/v2\/product_brand?post=744107"},{"taxonomy":"product_cat","embeddable":true,"href":"https:\/\/roveyayinevi.com.tr\/index.php\/wp-json\/wp\/v2\/product_cat?post=744107"},{"taxonomy":"product_tag","embeddable":true,"href":"https:\/\/roveyayinevi.com.tr\/index.php\/wp-json\/wp\/v2\/product_tag?post=744107"}],"curies":[{"name":"wp","href":"https:\/\/api.w.org\/{rel}","templated":true}]}}