{"id":744067,"date":"2025-08-28T01:48:48","date_gmt":"2025-08-27T22:48:48","guid":{"rendered":"https:\/\/roveyayinevi.com.tr\/index.php\/urun\/genc-futbolcularin-resmi-maclardaki-ic-ve-dis-yuk-profilleri\/"},"modified":"2026-04-16T02:55:40","modified_gmt":"2026-04-15T23:55:40","slug":"genc-futbolcularin-resmi-maclardaki-ic-ve-dis-yuk-profilleri","status":"publish","type":"product","link":"https:\/\/roveyayinevi.com.tr\/index.php\/urun\/genc-futbolcularin-resmi-maclardaki-ic-ve-dis-yuk-profilleri\/","title":{"rendered":"Gen\u00e7 Futbolcular\u0131n Resmi Ma\u00e7lardaki \u0130\u00e7 ve D\u0131\u015f Y\u00fck Profilleri"},"content":{"rendered":"<p>B\u00d6L\u00dcM 1 G\u0130R\u0130\u015e   B\u00d6L\u00dcM 2 KURAMSAL \u00c7ER\u00c7EVE VE \u0130LG\u0130L\u0130 ARA\u015eTIRMALAR   B\u00d6L\u00dcM 3 Y\u00d6NTEM   B\u00d6L\u00dcM 4 BULGULAR   B\u00d6L\u00dcM 5 TARTI\u015eMA, SONU\u00c7 VE \u00d6NER\u0130LER <\/p>\n","protected":false},"excerpt":{"rendered":"<p>B\u00d6L\u00dcM 1 G\u0130R\u0130\u015e B\u00d6L\u00dcM 2 KURAMSAL \u00c7ER\u00c7EVE VE \u0130LG\u0130L\u0130 ARA\u015eTIRMALAR B\u00d6L\u00dcM 3 Y\u00d6NTEM B\u00d6L\u00dcM 4 BULGULAR B\u00d6L\u00dcM 5 TARTI\u015eMA, SONU\u00c7 VE \u00d6NER\u0130LER<\/p>\n","protected":false},"featured_media":0,"template":"","meta":{"_monsterinsights_skip_tracking":false,"_monsterinsights_sitenote_active":false,"_monsterinsights_sitenote_note":"","_monsterinsights_sitenote_category":0},"product_brand":[],"product_cat":[15563,15564],"product_tag":[],"class_list":{"0":"post-744067","1":"product","2":"type-product","3":"status-publish","5":"product_cat-hobi","6":"product_cat-spor","7":"pa_cilt-ciltsiz","8":"pa_tur-kitap","9":"pa_yayinevi-gazi-kitabevi","10":"pa_yazar-onat-cetin","12":"first","13":"instock","14":"sale","15":"shipping-taxable","16":"purchasable","17":"product-type-simple"},"_links":{"self":[{"href":"https:\/\/roveyayinevi.com.tr\/index.php\/wp-json\/wp\/v2\/product\/744067","targetHints":{"allow":["GET"]}}],"collection":[{"href":"https:\/\/roveyayinevi.com.tr\/index.php\/wp-json\/wp\/v2\/product"}],"about":[{"href":"https:\/\/roveyayinevi.com.tr\/index.php\/wp-json\/wp\/v2\/types\/product"}],"wp:attachment":[{"href":"https:\/\/roveyayinevi.com.tr\/index.php\/wp-json\/wp\/v2\/media?parent=744067"}],"wp:term":[{"taxonomy":"product_brand","embeddable":true,"href":"https:\/\/roveyayinevi.com.tr\/index.php\/wp-json\/wp\/v2\/product_brand?post=744067"},{"taxonomy":"product_cat","embeddable":true,"href":"https:\/\/roveyayinevi.com.tr\/index.php\/wp-json\/wp\/v2\/product_cat?post=744067"},{"taxonomy":"product_tag","embeddable":true,"href":"https:\/\/roveyayinevi.com.tr\/index.php\/wp-json\/wp\/v2\/product_tag?post=744067"}],"curies":[{"name":"wp","href":"https:\/\/api.w.org\/{rel}","templated":true}]}}