{"id":744066,"date":"2025-08-28T01:48:47","date_gmt":"2025-08-27T22:48:47","guid":{"rendered":"https:\/\/roveyayinevi.com.tr\/index.php\/urun\/ana-hatlariyla-dil-ogretimi-ve-materyal-hazirlama-kilavuzu\/"},"modified":"2026-04-16T02:55:40","modified_gmt":"2026-04-15T23:55:40","slug":"ana-hatlariyla-dil-ogretimi-ve-materyal-hazirlama-kilavuzu","status":"publish","type":"product","link":"https:\/\/roveyayinevi.com.tr\/index.php\/urun\/ana-hatlariyla-dil-ogretimi-ve-materyal-hazirlama-kilavuzu\/","title":{"rendered":"Ana Hatlar\u0131yla Dil \u00d6\u011fretimi ve Materyal Haz\u0131rlama K\u0131lavuzu"},"content":{"rendered":"<p>1. YABANCI D\u0130L \u00d6\u011eRET\u0130M\u0130NDE D\u00d6RT TEMEL D\u0130L BECER\u0130S\u0130. 5 1.1. D\u0130NLEME ANLAMA BECER\u0130S\u0130 1.1.1. Dinleme T\u00fcrleri 1.1.2. Dinleme Modelleri 1.1.3. Dinleme A\u015famalar\u0131 1.1.4. Dinleme Anlama Sorunlar\u0131 1.1.5. Yabanc\u0131 Dil Setlerinde Dinleme \u00d6\u011fretimine \u0130li\u015fkin Kriterler 1.2. KONU\u015eMA (S\u00d6ZL\u00dc ANLATIM) BECER\u0130S\u0130 1.2.1 Konu\u015fma Becerisini Geli\u015ftiren S\u0131n\u0131f \u0130\u00e7i Etkinlikler 1.2.2. Telaffuz (Bo\u011fumlama \/ Artik\u00fclasyon) 1.2.3. Telaffuz \u00d6\u011fretiminde Kar\u015f\u0131la\u015f\u0131lan Sorunlar 1.2.4. Yabanc\u0131 Dil Setlerinde Konu\u015fma \u00d6\u011fretimine \u0130li\u015fkin Kriterler 1.3. OKUMA ANLAMA BECER\u0130S\u0130 1.3.1. Okuma Stratejileri 1.3.2. Okuma S\u00fcre\u00e7leri 1.3.3. Okuma T\u00fcrleri 1.3.4. Okuma Etkinliklerinin A\u015famalar\u0131 1.3.5. Arap\u00e7a Okuma Anlama Derslerinde \u00d6\u011frencilerin Kar\u015f\u0131la\u015ft\u0131\u011f\u0131 Zorluklar ve S\u0131k Kar\u015f\u0131la\u015f\u0131lan Okuma Hatalar\u0131 1.3.6. Yabanc\u0131 Dil Setlerinde Okuma \u00d6\u011fretimine \u0130li\u015fkin Kriterler 1.4. YAZMA (YAZILI ANLATIM) BECER\u0130S\u0130 1.4.1. Yazma \u00d6\u011fretim Y\u00f6ntemleri 1.4.2. Yazma \u00d6\u011fretiminin A\u015famalar\u0131 1.4.3. Yabanc\u0131 Dil Setlerinde Yazma \u00d6\u011fretimine \u0130li\u015fkin Kriterler <\/p>\n","protected":false},"excerpt":{"rendered":"<p>1. YABANCI D\u0130L \u00d6\u011eRET\u0130M\u0130NDE D\u00d6RT TEMEL D\u0130L BECER\u0130S\u0130. 5 1.1. D\u0130NLEME ANLAMA BECER\u0130S\u0130 1.1.1. Dinleme T\u00fcrleri 1.1.2. Dinleme Modelleri 1.1.3. Dinleme A\u015famalar\u0131 1.1.4. Dinleme Anlama Sorunlar\u0131<span class=\"excerpt-hellip\"> [\u2026]<\/span><\/p>\n","protected":false},"featured_media":0,"template":"","meta":{"_monsterinsights_skip_tracking":false,"_monsterinsights_sitenote_active":false,"_monsterinsights_sitenote_note":"","_monsterinsights_sitenote_category":0},"product_brand":[],"product_cat":[14597,12566],"product_tag":[],"class_list":{"0":"post-744066","1":"product","2":"type-product","3":"status-publish","5":"product_cat-dil-ogrenimi","6":"product_cat-egitim","7":"pa_cilt-ciltsiz","8":"pa_tur-kitap","9":"pa_yayinevi-gazi-kitabevi","10":"pa_yazar-kolektif","12":"first","13":"instock","14":"sale","15":"shipping-taxable","16":"purchasable","17":"product-type-simple"},"_links":{"self":[{"href":"https:\/\/roveyayinevi.com.tr\/index.php\/wp-json\/wp\/v2\/product\/744066","targetHints":{"allow":["GET"]}}],"collection":[{"href":"https:\/\/roveyayinevi.com.tr\/index.php\/wp-json\/wp\/v2\/product"}],"about":[{"href":"https:\/\/roveyayinevi.com.tr\/index.php\/wp-json\/wp\/v2\/types\/product"}],"wp:attachment":[{"href":"https:\/\/roveyayinevi.com.tr\/index.php\/wp-json\/wp\/v2\/media?parent=744066"}],"wp:term":[{"taxonomy":"product_brand","embeddable":true,"href":"https:\/\/roveyayinevi.com.tr\/index.php\/wp-json\/wp\/v2\/product_brand?post=744066"},{"taxonomy":"product_cat","embeddable":true,"href":"https:\/\/roveyayinevi.com.tr\/index.php\/wp-json\/wp\/v2\/product_cat?post=744066"},{"taxonomy":"product_tag","embeddable":true,"href":"https:\/\/roveyayinevi.com.tr\/index.php\/wp-json\/wp\/v2\/product_tag?post=744066"}],"curies":[{"name":"wp","href":"https:\/\/api.w.org\/{rel}","templated":true}]}}