{"id":744059,"date":"2025-08-28T01:48:36","date_gmt":"2025-08-27T22:48:36","guid":{"rendered":"https:\/\/roveyayinevi.com.tr\/index.php\/urun\/etkinlikli-cocuk-ilmihali\/"},"modified":"2026-04-16T02:55:40","modified_gmt":"2026-04-15T23:55:40","slug":"etkinlikli-cocuk-ilmihali","status":"publish","type":"product","link":"https:\/\/roveyayinevi.com.tr\/index.php\/urun\/etkinlikli-cocuk-ilmihali\/","title":{"rendered":"Etkinlikli \u00c7ocuk \u0130lmihali"},"content":{"rendered":"<p>A\u011fa\u00e7lar\u0131ndan lezzetli meyveler yedi\u011fimiz, denizlerinde y\u00fcz\u00fcp serinledi\u011fimiz, k\u0131rlar\u0131nda yuvarland\u0131\u011f\u0131m\u0131z, arkada\u015flar\u0131m\u0131zla ko\u015fup oynad\u0131\u011f\u0131m\u0131z ve saymakla bitmeyecek nimetlerle donat\u0131ld\u0131\u011f\u0131m\u0131z bu g\u00fczel d\u00fcnyay\u0131 y\u00fcce Allah bizim i\u00e7in yaratt\u0131. Bu d\u00fcnyada do\u011fru ve g\u00fczel olarak ya\u015fayanlar\u0131 ise yepyeni bir hayatta en g\u00fczel \u015fekilde \u00f6d\u00fcllendirece\u011finin m\u00fcjdesini verdi. Do\u011fru ve g\u00fczel ya\u015famak ve di\u011fer hayat\u0131m\u0131zda sonsuz mutlulu\u011fa kavu\u015fmam\u0131z i\u00e7inse bir k\u0131lavuza ihtiyac\u0131m\u0131z vard\u0131. Bug\u00fcne kadar yarat\u0131lan t\u00fcm insanlar\u0131n en g\u00fczeli olan Peygamber Efendimiz (s.a.v.) arac\u0131l\u0131\u011f\u0131yla t\u00fcm insanlara g\u00f6nderdi\u011fi \u0130slam dini, tam da ihtiyac\u0131m\u0131z olan \u015feydi. \u015eu an elinde tuttu\u011fun bu kitap dinimizi en g\u00fczel \u015fekilde ya\u015fayabilmen i\u00e7in sana yol g\u00f6sterecek. Dinimizin kurallar\u0131n\u0131 do\u011fru uygulaman, Efendimiz\u2019in (s.a.v.) g\u00fczel ahlak\u0131n\u0131 \u00f6rnek alabilmen i\u00e7in sana rehber olacak. Keyifli etkinler ve masallarla sana arkada\u015fl\u0131k edecek. Haydi sayfalar\u0131 \u00e7evirmeye ba\u015fla. Kim bilir, belki de bu sayfalar Allah\u2019\u0131n bize vadetti\u011fi sonsuz hayat i\u00e7in ilk ad\u0131m\u0131nd\u0131r. <\/p>\n","protected":false},"excerpt":{"rendered":"<p>A\u011fa\u00e7lar\u0131ndan lezzetli meyveler yedi\u011fimiz, denizlerinde y\u00fcz\u00fcp serinledi\u011fimiz, k\u0131rlar\u0131nda yuvarland\u0131\u011f\u0131m\u0131z, arkada\u015flar\u0131m\u0131zla ko\u015fup oynad\u0131\u011f\u0131m\u0131z ve saymakla bitmeyecek nimetlerle donat\u0131ld\u0131\u011f\u0131m\u0131z bu g\u00fczel d\u00fcnyay\u0131 y\u00fcce Allah bizim i\u00e7in yaratt\u0131. Bu<span class=\"excerpt-hellip\"> [\u2026]<\/span><\/p>\n","protected":false},"featured_media":0,"template":"","meta":{"_monsterinsights_skip_tracking":false,"_monsterinsights_sitenote_active":false,"_monsterinsights_sitenote_note":"","_monsterinsights_sitenote_category":0},"product_brand":[],"product_cat":[12275,12274],"product_tag":[],"class_list":{"0":"post-744059","1":"product","2":"type-product","3":"status-publish","5":"product_cat-6-12-yas-kitaplari","6":"product_cat-cocuk-ve-genclik-kitaplari","7":"pa_cilt-ciltsiz","8":"pa_tur-kitap","9":"pa_yayinevi-mosquito-yayinlari","10":"pa_yazar-ayse-serra-kara-zeynep-sevinc-eren","12":"first","13":"instock","14":"sale","15":"shipping-taxable","16":"purchasable","17":"product-type-simple"},"_links":{"self":[{"href":"https:\/\/roveyayinevi.com.tr\/index.php\/wp-json\/wp\/v2\/product\/744059","targetHints":{"allow":["GET"]}}],"collection":[{"href":"https:\/\/roveyayinevi.com.tr\/index.php\/wp-json\/wp\/v2\/product"}],"about":[{"href":"https:\/\/roveyayinevi.com.tr\/index.php\/wp-json\/wp\/v2\/types\/product"}],"wp:attachment":[{"href":"https:\/\/roveyayinevi.com.tr\/index.php\/wp-json\/wp\/v2\/media?parent=744059"}],"wp:term":[{"taxonomy":"product_brand","embeddable":true,"href":"https:\/\/roveyayinevi.com.tr\/index.php\/wp-json\/wp\/v2\/product_brand?post=744059"},{"taxonomy":"product_cat","embeddable":true,"href":"https:\/\/roveyayinevi.com.tr\/index.php\/wp-json\/wp\/v2\/product_cat?post=744059"},{"taxonomy":"product_tag","embeddable":true,"href":"https:\/\/roveyayinevi.com.tr\/index.php\/wp-json\/wp\/v2\/product_tag?post=744059"}],"curies":[{"name":"wp","href":"https:\/\/api.w.org\/{rel}","templated":true}]}}