{"id":744043,"date":"2025-08-28T01:48:16","date_gmt":"2025-08-27T22:48:16","guid":{"rendered":"https:\/\/roveyayinevi.com.tr\/index.php\/urun\/karakterler\/"},"modified":"2026-04-16T02:55:39","modified_gmt":"2026-04-15T23:55:39","slug":"karakterler","status":"publish","type":"product","link":"https:\/\/roveyayinevi.com.tr\/index.php\/urun\/karakterler\/","title":{"rendered":"Karakterler"},"content":{"rendered":"<p>\u0130nsanlar\u0131 nas\u0131l, ne \u00f6l\u00e7\u00fcde ve hangi ko\u015fullarda tan\u0131yoruz? Ya\u015fam\u0131n sonuna dek hi\u00e7 bitmeyen, yan\u0131tlanmas\u0131 zor bir soru\u2026 \u0130nsanlar aras\u0131ndaki deneyimler g\u00f6stermi\u015ftir ki, hata paylar\u0131n\u0131 g\u00f6z \u00f6n\u00fcne almadan ba\u015fkas\u0131 hakk\u0131nda aceleyle var\u0131lan iyimser h\u00fck\u00fcmler \u00e7o\u011fu zaman hayal k\u0131r\u0131kl\u0131\u011f\u0131yla sonu\u00e7lan\u0131r.    Kendini tan\u0131man\u0131n ve ger\u00e7ek bir e\u011fitimin belki de ilk ko\u015fulu birbirinden olduk\u00e7a farkl\u0131 insan tiplerini, yani karakterleri g\u00f6zlemlemektir. Bat\u0131 edebiyat\u0131n\u0131n temel yap\u0131tlar\u0131ndan olan Theophrastos\u2019un bu k\u0131sa ve \u00f6zl\u00fc \u00e7al\u0131\u015fmas\u0131, ba\u015fta La Bruy\u00e8re\u2019in Karakterler\u2019i olmak \u00fczere bir\u00e7ok esere ilham vermi\u015f, psikolojik \u00e7\u00f6z\u00fcmlemelerin kayna\u011f\u0131 olmu\u015ftur. Theophrastos insan do\u011fas\u0131n\u0131n son derece karma\u015f\u0131k yap\u0131s\u0131na \u2013belki de ya\u015fanan deneyimlerin ac\u0131s\u0131na dikkat \u00e7ekmek amac\u0131yla\u2013 ironik ve e\u011flenceli bir \u00fcslupla e\u011filmi\u015ftir.   Milattan \u00f6nce 300\u2019l\u00fc y\u0131llarda yaz\u0131lm\u0131\u015f eser, insana dair g\u00fcncelli\u011finden bir \u015fey yitirmemi\u015ftir. O g\u00fcnden bug\u00fcne \u201cdalkavuk\u201d h\u00e2l\u00e2 g\u00fczel s\u00f6zlerle kar\u015f\u0131s\u0131ndakini ok\u015famaya devam eder, \u201csinsi\u201d nefretini ustal\u0131kla gizlemeyi becerir, hi\u00e7 durmadan konu\u015fan \u201cgeveze\u201d birilerine \u00e7evremizde hep rastlar\u0131z, peki yol yordam bilmeyen \u201ck\u00f6yl\u00fcler\u201d ve \u201cg\u00f6rg\u00fcs\u00fczler\u201d etraf\u0131m\u0131zdan hi\u00e7 mi eksik olmaz, hesap yap\u0131p toplam\u0131 bulduktan sonra h\u00e2l\u00e2 sonucu bize soran \u201c\u015fap\u015fal\u201d arkada\u015flar\u0131m\u0131z\u0131 hat\u0131rlayal\u0131m, \u201cbele\u015f\u00e7i\u201d ve \u201cpinti\u201dler ise can\u0131m\u0131z\u0131 pek s\u0131kar, \u201ckendini be\u011fenmi\u015fler\u201dden, \u201cfesat\u201dlardan ve \u201cf\u0131rsat\u00e7\u0131lar\u201ddan s\u00f6z ederek tad\u0131m\u0131z\u0131 ise hi\u00e7 bozmayal\u0131m.  <\/p>\n","protected":false},"excerpt":{"rendered":"<p>\u0130nsanlar\u0131 nas\u0131l, ne \u00f6l\u00e7\u00fcde ve hangi ko\u015fullarda tan\u0131yoruz? Ya\u015fam\u0131n sonuna dek hi\u00e7 bitmeyen, yan\u0131tlanmas\u0131 zor bir soru\u2026 \u0130nsanlar aras\u0131ndaki deneyimler g\u00f6stermi\u015ftir ki, hata paylar\u0131n\u0131 g\u00f6z \u00f6n\u00fcne<span class=\"excerpt-hellip\"> [\u2026]<\/span><\/p>\n","protected":false},"featured_media":0,"template":"","meta":{"_monsterinsights_skip_tracking":false,"_monsterinsights_sitenote_active":false,"_monsterinsights_sitenote_note":"","_monsterinsights_sitenote_category":0},"product_brand":[],"product_cat":[12389,12388],"product_tag":[],"class_list":{"0":"post-744043","1":"product","2":"type-product","3":"status-publish","5":"product_cat-diger-felsefe","6":"product_cat-felsefe","7":"pa_cilt-ciltsiz","8":"pa_tur-kitap","9":"pa_yayinevi-dogu-bati-yayinlari","10":"pa_yazar-theophrastos","12":"first","13":"instock","14":"sale","15":"shipping-taxable","16":"purchasable","17":"product-type-simple"},"_links":{"self":[{"href":"https:\/\/roveyayinevi.com.tr\/index.php\/wp-json\/wp\/v2\/product\/744043","targetHints":{"allow":["GET"]}}],"collection":[{"href":"https:\/\/roveyayinevi.com.tr\/index.php\/wp-json\/wp\/v2\/product"}],"about":[{"href":"https:\/\/roveyayinevi.com.tr\/index.php\/wp-json\/wp\/v2\/types\/product"}],"wp:attachment":[{"href":"https:\/\/roveyayinevi.com.tr\/index.php\/wp-json\/wp\/v2\/media?parent=744043"}],"wp:term":[{"taxonomy":"product_brand","embeddable":true,"href":"https:\/\/roveyayinevi.com.tr\/index.php\/wp-json\/wp\/v2\/product_brand?post=744043"},{"taxonomy":"product_cat","embeddable":true,"href":"https:\/\/roveyayinevi.com.tr\/index.php\/wp-json\/wp\/v2\/product_cat?post=744043"},{"taxonomy":"product_tag","embeddable":true,"href":"https:\/\/roveyayinevi.com.tr\/index.php\/wp-json\/wp\/v2\/product_tag?post=744043"}],"curies":[{"name":"wp","href":"https:\/\/api.w.org\/{rel}","templated":true}]}}