{"id":744009,"date":"2025-08-28T01:47:26","date_gmt":"2025-08-27T22:47:26","guid":{"rendered":"https:\/\/roveyayinevi.com.tr\/index.php\/urun\/evden-kacan-cocuk\/"},"modified":"2026-04-16T02:55:38","modified_gmt":"2026-04-15T23:55:38","slug":"evden-kacan-cocuk","status":"publish","type":"product","link":"https:\/\/roveyayinevi.com.tr\/index.php\/urun\/evden-kacan-cocuk\/","title":{"rendered":"Evden Ka\u00e7an \u00c7ocuk"},"content":{"rendered":"<p>R\u00fczg\u00e2r tanr\u0131s\u0131 en \u00e7ok \u00e7ocuklar\u0131 sever sa\u00e7lar\u0131ndaki kurdelay\u0131 \u00e7\u00f6zer tuhaf bir \u00fcrperti salar i\u00e7lerine de. R\u00fczg\u00e2r tanr\u0131s\u0131 yaln\u0131z kiralar adalarda ve \u0131srarla davet eder seni i\u015fini mi\u015fini b\u0131rak\u0131p gelesin diye. R\u00fczg\u00e2r tanr\u0131s\u0131 kanatlar takar insana ama yetmez y\u00fckseklere \u00e7\u0131kmaya sen ruhunu haz\u0131rlamam\u0131\u015fsan u\u00e7maya&#8230;<\/p>\n","protected":false},"excerpt":{"rendered":"<p>R\u00fczg\u00e2r tanr\u0131s\u0131 en \u00e7ok \u00e7ocuklar\u0131 sever sa\u00e7lar\u0131ndaki kurdelay\u0131 \u00e7\u00f6zer tuhaf bir \u00fcrperti salar i\u00e7lerine de. R\u00fczg\u00e2r tanr\u0131s\u0131 yaln\u0131z kiralar adalarda ve \u0131srarla davet eder seni i\u015fini<span class=\"excerpt-hellip\"> [\u2026]<\/span><\/p>\n","protected":false},"featured_media":0,"template":"","meta":{"_monsterinsights_skip_tracking":false,"_monsterinsights_sitenote_active":false,"_monsterinsights_sitenote_note":"","_monsterinsights_sitenote_category":0},"product_brand":[],"product_cat":[12291,12509],"product_tag":[],"class_list":{"0":"post-744009","1":"product","2":"type-product","3":"status-publish","5":"product_cat-edebiyat","6":"product_cat-siir","7":"pa_cilt-ciltsiz","8":"pa_tur-kitap","9":"pa_yayinevi-yapi-kredi-yayinlari","10":"pa_yazar-mehmet-yasin","12":"first","13":"instock","14":"sale","15":"shipping-taxable","16":"purchasable","17":"product-type-simple"},"_links":{"self":[{"href":"https:\/\/roveyayinevi.com.tr\/index.php\/wp-json\/wp\/v2\/product\/744009","targetHints":{"allow":["GET"]}}],"collection":[{"href":"https:\/\/roveyayinevi.com.tr\/index.php\/wp-json\/wp\/v2\/product"}],"about":[{"href":"https:\/\/roveyayinevi.com.tr\/index.php\/wp-json\/wp\/v2\/types\/product"}],"wp:attachment":[{"href":"https:\/\/roveyayinevi.com.tr\/index.php\/wp-json\/wp\/v2\/media?parent=744009"}],"wp:term":[{"taxonomy":"product_brand","embeddable":true,"href":"https:\/\/roveyayinevi.com.tr\/index.php\/wp-json\/wp\/v2\/product_brand?post=744009"},{"taxonomy":"product_cat","embeddable":true,"href":"https:\/\/roveyayinevi.com.tr\/index.php\/wp-json\/wp\/v2\/product_cat?post=744009"},{"taxonomy":"product_tag","embeddable":true,"href":"https:\/\/roveyayinevi.com.tr\/index.php\/wp-json\/wp\/v2\/product_tag?post=744009"}],"curies":[{"name":"wp","href":"https:\/\/api.w.org\/{rel}","templated":true}]}}