{"id":744007,"date":"2025-08-28T01:47:25","date_gmt":"2025-08-27T22:47:25","guid":{"rendered":"https:\/\/roveyayinevi.com.tr\/index.php\/urun\/kriminoloji-suc-suclu-ve-ceza\/"},"modified":"2026-04-16T02:55:38","modified_gmt":"2026-04-15T23:55:38","slug":"kriminoloji-suc-suclu-ve-ceza","status":"publish","type":"product","link":"https:\/\/roveyayinevi.com.tr\/index.php\/urun\/kriminoloji-suc-suclu-ve-ceza\/","title":{"rendered":"Kriminoloji: Su\u00e7, Su\u00e7lu ve Ceza"},"content":{"rendered":"<p>Garofalo\u2019nun Kriminoloji\u2019si salt kriminolog veya ceza hukuk\u00e7ular\u0131n\u0131n de\u011fil, bilim tarihine ilgi duyan herkesi cezbedecek keyfiyette bir eserdir. Ceza hukukunda klasik okul ile pozitivist okul aras\u0131ndaki gerilim, felsefe ile pozitif bilimler aras\u0131ndaki gerilime paralel olarak okunabilir. 19. y\u00fczy\u0131l\u0131n h\u00e2kim determinist zihniyetinin ceza hukuku ve kriminoloji sahas\u0131na tesiri Kriminoloji eseri ile ne\u015fv\u00fcnema bulmu\u015ftur. Bu bak\u0131mdan elinizdeki eser hem d\u00f6neminin fikir d\u00fcnyas\u0131n\u0131 yans\u0131tmakta hem de di\u011fer pozitivist m\u00fcelliflerle birlikte ceza hukukunun oda\u011f\u0131n\u0131 fiilden faile \u00e7evirerek bir nevi Kopernik Devrimi\u2019ne te\u015febb\u00fcs etmektedir.  Lombroso ve Ferri ile birlikte Pozitivist okulun kurucular\u0131ndan say\u0131lan Garofalo, 1885 tarihinde Torino\u2019da yay\u0131mlanan Kriminoloji, yani \u201csu\u00e7 ilmi\u201d adl\u0131 eseriyle, daha \u00f6nce ne\u015frini ger\u00e7ekle\u015ftirdi\u011fimiz Lombroso\u2019nun Su\u00e7lu \u0130nsan isimli eserindeki fikirlerini k\u00fc\u00e7\u00fck farkl\u0131l\u0131klarla do\u011frulamaktad\u0131r.    Garofalo\u2019nun en \u00f6nemli eseri olarak kabul edilen Kriminoloji, su\u00e7, su\u00e7lu ve cezaland\u0131rma olmak \u00fczere \u00fc\u00e7 k\u0131s\u0131mdan olu\u015fmaktad\u0131r ve eser boyunca yazar, su\u00e7u, su\u00e7luyu ve cezalar\u0131 ayr\u0131 ayr\u0131 tetkik etmektedir. \u0130lk olarak 1957\u2019de dilimize terc\u00fcme edilen bu eser, sadele\u015ftirilerek daha fazla okuyucuya ula\u015fma gayesiyle istifadeye sunulmaktad\u0131r.  <\/p>\n","protected":false},"excerpt":{"rendered":"<p>Garofalo\u2019nun Kriminoloji\u2019si salt kriminolog veya ceza hukuk\u00e7ular\u0131n\u0131n de\u011fil, bilim tarihine ilgi duyan herkesi cezbedecek keyfiyette bir eserdir. Ceza hukukunda klasik okul ile pozitivist okul aras\u0131ndaki gerilim,<span class=\"excerpt-hellip\"> [\u2026]<\/span><\/p>\n","protected":false},"featured_media":0,"template":"","meta":{"_monsterinsights_skip_tracking":false,"_monsterinsights_sitenote_active":false,"_monsterinsights_sitenote_note":"","_monsterinsights_sitenote_category":0},"product_brand":[],"product_cat":[12325,12324],"product_tag":[],"class_list":{"0":"post-744007","1":"product","2":"type-product","3":"status-publish","5":"product_cat-diger-sosyoloji","6":"product_cat-sosyoloji","7":"pa_cilt-ciltsiz","8":"pa_tur-kitap","9":"pa_yayinevi-albaraka-yayinlari","10":"pa_yazar-raffaele-garofalo","12":"first","13":"instock","14":"sale","15":"shipping-taxable","16":"purchasable","17":"product-type-simple"},"_links":{"self":[{"href":"https:\/\/roveyayinevi.com.tr\/index.php\/wp-json\/wp\/v2\/product\/744007","targetHints":{"allow":["GET"]}}],"collection":[{"href":"https:\/\/roveyayinevi.com.tr\/index.php\/wp-json\/wp\/v2\/product"}],"about":[{"href":"https:\/\/roveyayinevi.com.tr\/index.php\/wp-json\/wp\/v2\/types\/product"}],"wp:attachment":[{"href":"https:\/\/roveyayinevi.com.tr\/index.php\/wp-json\/wp\/v2\/media?parent=744007"}],"wp:term":[{"taxonomy":"product_brand","embeddable":true,"href":"https:\/\/roveyayinevi.com.tr\/index.php\/wp-json\/wp\/v2\/product_brand?post=744007"},{"taxonomy":"product_cat","embeddable":true,"href":"https:\/\/roveyayinevi.com.tr\/index.php\/wp-json\/wp\/v2\/product_cat?post=744007"},{"taxonomy":"product_tag","embeddable":true,"href":"https:\/\/roveyayinevi.com.tr\/index.php\/wp-json\/wp\/v2\/product_tag?post=744007"}],"curies":[{"name":"wp","href":"https:\/\/api.w.org\/{rel}","templated":true}]}}