{"id":744004,"date":"2025-08-28T01:47:22","date_gmt":"2025-08-27T22:47:22","guid":{"rendered":"https:\/\/roveyayinevi.com.tr\/index.php\/urun\/universitelerin-dogusu\/"},"modified":"2026-04-16T02:55:38","modified_gmt":"2026-04-15T23:55:38","slug":"universitelerin-dogusu","status":"publish","type":"product","link":"https:\/\/roveyayinevi.com.tr\/index.php\/urun\/universitelerin-dogusu\/","title":{"rendered":"\u00dcniversitelerin Do\u011fu\u015fu"},"content":{"rendered":"<p>Charles Homer Haskins (\u00f6. 1937), elinizdeki kitapta bir \u00f6\u011fretim kurumu olarak \u00fcniversiteyi tarihsel bir perspektiften ele almaktad\u0131r. Yazar, ilk \u00fcniversitelerin m\u00fcfredat\u0131n\u0131, \u00f6\u011fretmenlerini ve \u00f6\u011frencilerini mercek alt\u0131na almakta, b\u00f6ylece konuya dair genel bir \u00e7er\u00e7eve \u00e7izmektedir. \u00d6\u011fretmenlerin izledikleri metotlar\u0131n yan\u0131 s\u0131ra \u00f6\u011frenci \u015fiirlerine ve mektuplar\u0131na da yer veren kitap, bu y\u00f6n\u00fcyle kronolojik bir \u00e7izelgenin de \u00f6tesinde okuruna \u00e7ok y\u00f6nl\u00fc bir bak\u0131\u015f a\u00e7\u0131s\u0131 sunmaktad\u0131r.  Haskins, Orta \u00c7a\u011f\u2019\u0131n son d\u00f6nemlerindeki entelekt\u00fcel ayd\u0131nlanman\u0131n \u00fcniversitelerin kurulmas\u0131na zemin haz\u0131rlad\u0131\u011f\u0131n\u0131 ve \u00fcniversite yap\u0131s\u0131n\u0131n mek\u00e2na ve zamana g\u00f6re farkl\u0131la\u015ft\u0131\u011f\u0131n\u0131 g\u00f6stermektedir. Nitekim \u00fcniversiteler tarih boyunca gerek kurumsal yap\u0131 gerekse m\u00fcfredat a\u00e7\u0131s\u0131ndan i\u00e7erisinde bulunduklar\u0131 sosyal ko\u015fullar ile aktif bir etkile\u015fim i\u00e7inde olmu\u015ftur.   \u00dcniversitelerin Do\u011fu\u015fu, bir par\u00e7as\u0131 olduklar\u0131 kurumlar\u0131n k\u00f6kenleri hakk\u0131nda bilgi edinmek isteyen e\u011fitimcilerin ve \u00f6\u011frencilerin ba\u015fvuracaklar\u0131 temel bir kaynak niteli\u011findedir. <\/p>\n","protected":false},"excerpt":{"rendered":"<p>Charles Homer Haskins (\u00f6. 1937), elinizdeki kitapta bir \u00f6\u011fretim kurumu olarak \u00fcniversiteyi tarihsel bir perspektiften ele almaktad\u0131r. Yazar, ilk \u00fcniversitelerin m\u00fcfredat\u0131n\u0131, \u00f6\u011fretmenlerini ve \u00f6\u011frencilerini mercek alt\u0131na<span class=\"excerpt-hellip\"> [\u2026]<\/span><\/p>\n","protected":false},"featured_media":0,"template":"","meta":{"_monsterinsights_skip_tracking":false,"_monsterinsights_sitenote_active":false,"_monsterinsights_sitenote_note":"","_monsterinsights_sitenote_category":0},"product_brand":[],"product_cat":[12312,12304],"product_tag":[],"class_list":{"0":"post-744004","1":"product","2":"type-product","3":"status-publish","5":"product_cat-diger","6":"product_cat-tarih","7":"pa_cilt-ciltsiz","8":"pa_tur-kitap","9":"pa_yayinevi-albaraka-yayinlari","10":"pa_yazar-charles-homer-haskins","12":"first","13":"instock","14":"sale","15":"shipping-taxable","16":"purchasable","17":"product-type-simple"},"_links":{"self":[{"href":"https:\/\/roveyayinevi.com.tr\/index.php\/wp-json\/wp\/v2\/product\/744004","targetHints":{"allow":["GET"]}}],"collection":[{"href":"https:\/\/roveyayinevi.com.tr\/index.php\/wp-json\/wp\/v2\/product"}],"about":[{"href":"https:\/\/roveyayinevi.com.tr\/index.php\/wp-json\/wp\/v2\/types\/product"}],"wp:attachment":[{"href":"https:\/\/roveyayinevi.com.tr\/index.php\/wp-json\/wp\/v2\/media?parent=744004"}],"wp:term":[{"taxonomy":"product_brand","embeddable":true,"href":"https:\/\/roveyayinevi.com.tr\/index.php\/wp-json\/wp\/v2\/product_brand?post=744004"},{"taxonomy":"product_cat","embeddable":true,"href":"https:\/\/roveyayinevi.com.tr\/index.php\/wp-json\/wp\/v2\/product_cat?post=744004"},{"taxonomy":"product_tag","embeddable":true,"href":"https:\/\/roveyayinevi.com.tr\/index.php\/wp-json\/wp\/v2\/product_tag?post=744004"}],"curies":[{"name":"wp","href":"https:\/\/api.w.org\/{rel}","templated":true}]}}