{"id":744002,"date":"2025-08-28T01:47:20","date_gmt":"2025-08-27T22:47:20","guid":{"rendered":"https:\/\/roveyayinevi.com.tr\/index.php\/urun\/turkiyede-yerel-siyasette-kadinlar\/"},"modified":"2026-04-16T02:55:38","modified_gmt":"2026-04-15T23:55:38","slug":"turkiyede-yerel-siyasette-kadinlar","status":"publish","type":"product","link":"https:\/\/roveyayinevi.com.tr\/index.php\/urun\/turkiyede-yerel-siyasette-kadinlar\/","title":{"rendered":"T\u00fcrkiye&#8217;de Yerel Siyasette Kad\u0131nlar"},"content":{"rendered":"<p>\u201cD\u0131s\u0327lay\u0131c\u0131 mevcut mekanizmalara rag\u0306men, kad\u0131nlar\u0131n siyasi patikalar\u0131, h\u0131rslar\u0131, kararl\u0131l\u0131klar\u0131 ve s\u0327imdiye dek Tu\u0308rkiye bag\u0306lam\u0131nda nispeten az bilinen, bireysel ve kolektif faillikleri ile c\u0327izilmis\u0327tir. Kad\u0131n yerel siyasetc\u0327ilerin c\u0327ok c\u0327es\u0327itli siyasi kariyer yollar\u0131, yaln\u0131zca ilerlerken o\u0308nlerine c\u0327\u0131kan zorluklar\u0131 deg\u0306il, ayn\u0131 zamanda kad\u0131nlar\u0131n bas\u0327vurduklar\u0131 eylem stratejilerini ve siyasi kariyerlerini kendi elleriyle c\u0327izme kapasitelerini de ortaya koymaktad\u0131r.\u201d T\u00fcrkiye\u2019de Yerel Siyasette Kad\u0131nlar\u2019da Lucie Drechselova\u0301, farkl\u0131 sosyo-politik o\u0308zelliklere sahip illerde yapt\u0131g\u0306\u0131 saha c\u0327al\u0131s\u0327mas\u0131n\u0131n ve go\u0308ru\u0308s\u0327melerin zengin malzemesine dayanarak, Tu\u0308rkiye\u2019de kad\u0131nlar\u0131n yerel siyasette var olma mu\u0308cadelesini enine boyuna inceliyor. Tu\u0308rkiye\u2019nin modern siyasi tarihi boyunca -bir tu\u0308r \u201cdevlet feminizmine\u201d rag\u0306men veya onun da katk\u0131s\u0131yla- kad\u0131nlara do\u0308nu\u0308k bir d\u0131s\u0327lanma do\u0308ngu\u0308su\u0308nu\u0308n is\u0327ledig\u0306ini go\u0308ru\u0308yoruz. Kad\u0131n du\u0308s\u0327man\u0131 parti yap\u0131lar\u0131 ve kad\u0131n kollar\u0131n\u0131n \u201cdayan\u0131lmaz zay\u0131fl\u0131g\u0306\u0131n\u0131n\u201d yan\u0131 s\u0131ra, yerel siyasetin yap\u0131sal s\u0131n\u0131rl\u0131l\u0131klar\u0131n\u0131n da bunda pay\u0131 var. Buna kars\u0327\u0131l\u0131k 2000\u2019lerde kad\u0131nlar\u0131n yerelde tutunma ve siyasi partiler ic\u0327inde kendilerine yer ac\u0327ma mu\u0308cadelesinin somut kazan\u0131mlar dog\u0306urdug\u0306unu da go\u0308ru\u0308yoruz. Tu\u0308rkiye\u2019de Yerel Siyasette Kad\u0131nlar, kad\u0131n hareketinin toplam etkisi yan\u0131nda; hem milliyetc\u0327imuhafazaka\u0302r partilerde, hem Kemalist miras\u0131n devam\u0131nda ve CHP\u2019de, hem de pro-Ku\u0308rt siyasette kad\u0131nlar\u0131n o\u0308zgu\u0308l yerel siyaset deneyimlerine bak\u0131yor. Pro-Ku\u0308rt siyasetin \u201ckad\u0131nlas\u0327mas\u0131n\u0131n\u201d yereldeki etkilerine eg\u0306iliyor. Fakat yerel siyaset kad\u0131nlar ic\u0327in ha\u0302la\u0302 engellerle dolu. Lucie Drechselova\u0301, \u201cDemokrasi kad\u0131nlara \u2018yaram\u0131yor\u2019 mu?\u201d gibi tahrik edici bir soru da sormaktan geri kalmazken, kad\u0131nlar\u0131n \u201cdeg\u0306is\u0327im tahayyu\u0308l etme kapasitesinin\u201d de k\u0131ymetini biliyor.<\/p>\n","protected":false},"excerpt":{"rendered":"<p>\u201cD\u0131s\u0327lay\u0131c\u0131 mevcut mekanizmalara rag\u0306men, kad\u0131nlar\u0131n siyasi patikalar\u0131, h\u0131rslar\u0131, kararl\u0131l\u0131klar\u0131 ve s\u0327imdiye dek Tu\u0308rkiye bag\u0306lam\u0131nda nispeten az bilinen, bireysel ve kolektif faillikleri ile c\u0327izilmis\u0327tir. Kad\u0131n yerel siyasetc\u0327ilerin<span class=\"excerpt-hellip\"> [\u2026]<\/span><\/p>\n","protected":false},"featured_media":0,"template":"","meta":{"_monsterinsights_skip_tracking":false,"_monsterinsights_sitenote_active":false,"_monsterinsights_sitenote_note":"","_monsterinsights_sitenote_category":0},"product_brand":[],"product_cat":[13590,12337],"product_tag":[],"class_list":{"0":"post-744002","1":"product","2":"type-product","3":"status-publish","5":"product_cat-arastirma-inceleme-politika-siyaset","6":"product_cat-politika-siyaset","7":"pa_cilt-ciltsiz","8":"pa_tur-kitap","9":"pa_yayinevi-iletisim-yayinlari","10":"pa_yazar-lucie-drechselova","12":"first","13":"instock","14":"sale","15":"shipping-taxable","16":"purchasable","17":"product-type-simple"},"_links":{"self":[{"href":"https:\/\/roveyayinevi.com.tr\/index.php\/wp-json\/wp\/v2\/product\/744002","targetHints":{"allow":["GET"]}}],"collection":[{"href":"https:\/\/roveyayinevi.com.tr\/index.php\/wp-json\/wp\/v2\/product"}],"about":[{"href":"https:\/\/roveyayinevi.com.tr\/index.php\/wp-json\/wp\/v2\/types\/product"}],"wp:attachment":[{"href":"https:\/\/roveyayinevi.com.tr\/index.php\/wp-json\/wp\/v2\/media?parent=744002"}],"wp:term":[{"taxonomy":"product_brand","embeddable":true,"href":"https:\/\/roveyayinevi.com.tr\/index.php\/wp-json\/wp\/v2\/product_brand?post=744002"},{"taxonomy":"product_cat","embeddable":true,"href":"https:\/\/roveyayinevi.com.tr\/index.php\/wp-json\/wp\/v2\/product_cat?post=744002"},{"taxonomy":"product_tag","embeddable":true,"href":"https:\/\/roveyayinevi.com.tr\/index.php\/wp-json\/wp\/v2\/product_tag?post=744002"}],"curies":[{"name":"wp","href":"https:\/\/api.w.org\/{rel}","templated":true}]}}