{"id":743996,"date":"2025-08-28T01:47:13","date_gmt":"2025-08-27T22:47:13","guid":{"rendered":"https:\/\/roveyayinevi.com.tr\/index.php\/urun\/ozgur-ruh-gunlugu\/"},"modified":"2026-04-16T02:55:38","modified_gmt":"2026-04-15T23:55:38","slug":"ozgur-ruh-gunlugu","status":"publish","type":"product","link":"https:\/\/roveyayinevi.com.tr\/index.php\/urun\/ozgur-ruh-gunlugu\/","title":{"rendered":"\u00d6zg\u00fcr Ruh G\u00fcnl\u00fc\u011f\u00fc"},"content":{"rendered":"<p>S\u0131n\u0131rlar\u0131n\u0131z\u0131n \u00f6tesine ge\u00e7meyi ister miydiniz? Peki ya, k\u0131s\u0131tlamalardan \u00f6zg\u00fcrle\u015fmeyi? \u0130\u00e7 huzuru ve dinginli\u011fi ke\u015ffetmek i\u00e7in her g\u00fcn ne yapabilirsiniz? \u00d6zg\u00fcr Ruh G\u00fcnl\u00fc\u011f\u00fc, bu sorulara basit ama derin cevaplar sunuyor. \u0130ster i\u00e7 d\u00fcnyan\u0131z\u0131 ilk ke\u015ffiniz olsun, ister hayat\u0131n\u0131z\u0131 i\u00e7e do\u011fru bir yolculu\u011fa adam\u0131\u015f olun, bu g\u00fcnl\u00fck kendinizle ve \u00e7evrenizdeki d\u00fcnyayla olan ili\u015fkinizi de\u011fi\u015ftirecek. Bilincinizi s\u0131n\u0131rlayan duygu ve d\u00fc\u015f\u00fcnce kal\u0131plar\u0131na son vermek i\u00e7in neler yapabilece\u011finizi ke\u015ffedeceksiniz. Yazar, gazeteci ve motivasyon konu\u015fmac\u0131s\u0131 Michael A. Singer, meditasyon ve fark\u0131ndal\u0131k geleneklerinden yararlanarak, bilin\u00e7 geli\u015fiminin nas\u0131l ger\u00e7ekle\u015fece\u011fini, mutlulu\u011fa ve \u00f6z-de\u011fere ula\u015fmam\u0131za engel olan ac\u0131 verici d\u00fc\u015f\u00fcnce ve hat\u0131ralardan nas\u0131l kurtulabilece\u011fimizi e\u015fsiz bir anlat\u0131mla sunuyor. \u00d6zg\u00fcr Ruh G\u00fcnl\u00fc\u011f\u00fc, d\u00fc\u015f\u00fcnceleriniz ve duygular\u0131n\u0131zla olan ili\u015fkiniz boyunca size rehberlik edecek ve i\u00e7sel enerjinizin kayna\u011f\u0131n\u0131 ortaya \u00e7\u0131karman\u0131za yard\u0131mc\u0131 olacak. Bilincinizi al\u0131\u015f\u0131lm\u0131\u015f d\u00fc\u015f\u00fcncelerden, duygulardan ve enerji kal\u0131plar\u0131ndan kurtarmak i\u00e7in neler yapabilece\u011finizi ara\u015ft\u0131ran ve sunan bu g\u00fcnl\u00fck, m\u00fckemmel bir berrakl\u0131kta \u00f6zg\u00fcr bir ya\u015fam\u0131n kap\u0131s\u0131n\u0131 aralaman\u0131za olanak sa\u011flayacak.<\/p>\n","protected":false},"excerpt":{"rendered":"<p>S\u0131n\u0131rlar\u0131n\u0131z\u0131n \u00f6tesine ge\u00e7meyi ister miydiniz? Peki ya, k\u0131s\u0131tlamalardan \u00f6zg\u00fcrle\u015fmeyi? \u0130\u00e7 huzuru ve dinginli\u011fi ke\u015ffetmek i\u00e7in her g\u00fcn ne yapabilirsiniz? \u00d6zg\u00fcr Ruh G\u00fcnl\u00fc\u011f\u00fc, bu sorulara basit ama<span class=\"excerpt-hellip\"> [\u2026]<\/span><\/p>\n","protected":false},"featured_media":0,"template":"","meta":{"_monsterinsights_skip_tracking":false,"_monsterinsights_sitenote_active":false,"_monsterinsights_sitenote_note":"","_monsterinsights_sitenote_category":0},"product_brand":[],"product_cat":[12364,12376],"product_tag":[],"class_list":{"0":"post-743996","1":"product","2":"type-product","3":"status-publish","5":"product_cat-genel-konular","6":"product_cat-kisisel-gelisim","7":"pa_cilt-ciltsiz","8":"pa_tur-kitap","9":"pa_yayinevi-sola-unitas","10":"pa_yazar-michael-a-singer","12":"first","13":"instock","14":"sale","15":"shipping-taxable","16":"purchasable","17":"product-type-simple"},"_links":{"self":[{"href":"https:\/\/roveyayinevi.com.tr\/index.php\/wp-json\/wp\/v2\/product\/743996","targetHints":{"allow":["GET"]}}],"collection":[{"href":"https:\/\/roveyayinevi.com.tr\/index.php\/wp-json\/wp\/v2\/product"}],"about":[{"href":"https:\/\/roveyayinevi.com.tr\/index.php\/wp-json\/wp\/v2\/types\/product"}],"wp:attachment":[{"href":"https:\/\/roveyayinevi.com.tr\/index.php\/wp-json\/wp\/v2\/media?parent=743996"}],"wp:term":[{"taxonomy":"product_brand","embeddable":true,"href":"https:\/\/roveyayinevi.com.tr\/index.php\/wp-json\/wp\/v2\/product_brand?post=743996"},{"taxonomy":"product_cat","embeddable":true,"href":"https:\/\/roveyayinevi.com.tr\/index.php\/wp-json\/wp\/v2\/product_cat?post=743996"},{"taxonomy":"product_tag","embeddable":true,"href":"https:\/\/roveyayinevi.com.tr\/index.php\/wp-json\/wp\/v2\/product_tag?post=743996"}],"curies":[{"name":"wp","href":"https:\/\/api.w.org\/{rel}","templated":true}]}}