{"id":743987,"date":"2025-08-28T01:47:02","date_gmt":"2025-08-27T22:47:02","guid":{"rendered":"https:\/\/roveyayinevi.com.tr\/index.php\/urun\/don-kilot-odada-kaos\/"},"modified":"2026-04-16T02:55:37","modified_gmt":"2026-04-15T23:55:37","slug":"don-kilot-odada-kaos","status":"publish","type":"product","link":"https:\/\/roveyayinevi.com.tr\/index.php\/urun\/don-kilot-odada-kaos\/","title":{"rendered":"Don Kilot: Odada Kaos"},"content":{"rendered":"<p>Da\u011f\u0131n\u0131k bir \u00e7ocuk olan Don Kilot, en sevdi\u011fin kitab\u0131n kahraman\u0131ndan ilham alarak odas\u0131na bir d\u00fczen getirmeye karar verir. Ancak bir sorun var, odadaki e\u015fyalar bu durumdan hi\u00e7 de memnun de\u011fil! Don Kilot: Odadaki Kaos, \u00e7ocuklar\u0131n erken ya\u015ftan itibaren d\u00fczenli ve \u00f6z g\u00fcvenli olmalar\u0131n\u0131n ne kadar \u00f6nemli oldu\u011funu e\u011flenceli \u00e7izimlerle ve mizahi bir dille anlat\u0131yor. \u00c7\u00fcnk\u00fc kendine g\u00fcvenen \u00e7ocuk her \u015feyin \u00fcstesinden gelebilir!<\/p>\n","protected":false},"excerpt":{"rendered":"<p>Da\u011f\u0131n\u0131k bir \u00e7ocuk olan Don Kilot, en sevdi\u011fin kitab\u0131n kahraman\u0131ndan ilham alarak odas\u0131na bir d\u00fczen getirmeye karar verir. Ancak bir sorun var, odadaki e\u015fyalar bu durumdan<span class=\"excerpt-hellip\"> [\u2026]<\/span><\/p>\n","protected":false},"featured_media":0,"template":"","meta":{"_monsterinsights_skip_tracking":false,"_monsterinsights_sitenote_active":false,"_monsterinsights_sitenote_note":"","_monsterinsights_sitenote_category":0},"product_brand":[],"product_cat":[12274,12284],"product_tag":[],"class_list":{"0":"post-743987","1":"product","2":"type-product","3":"status-publish","5":"product_cat-cocuk-ve-genclik-kitaplari","6":"product_cat-hikayeler","7":"pa_cilt-ciltsiz","8":"pa_tur-kitap","9":"pa_yayinevi-cocuk-gelisimi-yayinlari","10":"pa_yazar-gurcan-demirel","12":"first","13":"instock","14":"sale","15":"shipping-taxable","16":"purchasable","17":"product-type-simple"},"_links":{"self":[{"href":"https:\/\/roveyayinevi.com.tr\/index.php\/wp-json\/wp\/v2\/product\/743987","targetHints":{"allow":["GET"]}}],"collection":[{"href":"https:\/\/roveyayinevi.com.tr\/index.php\/wp-json\/wp\/v2\/product"}],"about":[{"href":"https:\/\/roveyayinevi.com.tr\/index.php\/wp-json\/wp\/v2\/types\/product"}],"wp:attachment":[{"href":"https:\/\/roveyayinevi.com.tr\/index.php\/wp-json\/wp\/v2\/media?parent=743987"}],"wp:term":[{"taxonomy":"product_brand","embeddable":true,"href":"https:\/\/roveyayinevi.com.tr\/index.php\/wp-json\/wp\/v2\/product_brand?post=743987"},{"taxonomy":"product_cat","embeddable":true,"href":"https:\/\/roveyayinevi.com.tr\/index.php\/wp-json\/wp\/v2\/product_cat?post=743987"},{"taxonomy":"product_tag","embeddable":true,"href":"https:\/\/roveyayinevi.com.tr\/index.php\/wp-json\/wp\/v2\/product_tag?post=743987"}],"curies":[{"name":"wp","href":"https:\/\/api.w.org\/{rel}","templated":true}]}}