{"id":743976,"date":"2025-08-28T01:46:49","date_gmt":"2025-08-27T22:46:49","guid":{"rendered":"https:\/\/roveyayinevi.com.tr\/index.php\/urun\/adan-zye-aromaterapi-karisimlari-3-agri-dindiriciler\/"},"modified":"2026-04-16T02:55:37","modified_gmt":"2026-04-15T23:55:37","slug":"adan-zye-aromaterapi-karisimlari-3-agri-dindiriciler","status":"publish","type":"product","link":"https:\/\/roveyayinevi.com.tr\/index.php\/urun\/adan-zye-aromaterapi-karisimlari-3-agri-dindiriciler\/","title":{"rendered":"A\u2019dan Z\u2019ye Aromaterapi Kar\u0131\u015f\u0131mlar\u0131 -3 A\u011fr\u0131 Dindiriciler"},"content":{"rendered":"<p>D\u00f6rt profes\u00f6rden a\u011fr\u0131lar\u0131n\u0131z\u0131 dindirecek, aromaterapi kar\u0131\u015f\u0131mlar\u0131yla rahatlatacak 276 \u00f6zg\u00fcn kar\u0131\u015f\u0131m\u0131   Aromaterapi uygulamalar\u0131nda geni\u015f bir kullan\u0131m\u0131 olan u\u00e7ucu ya\u011flar\u0131n distilasyon (dam\u0131tma) yolu ile elde edilmelerinin 10\u2019uncu y\u00fczy\u0131la dayand\u0131\u011f\u0131 d\u00fc\u015f\u00fcn\u00fclmekle birlikte, bu konunun \u00e7ok daha eski d\u00f6nemlere uzand\u0131\u011f\u0131 ve eski M\u0131s\u0131r uygarl\u0131\u011f\u0131nda da yer ald\u0131\u011f\u0131 tarihi kay\u0131tlardan anla\u015f\u0131lmaktad\u0131r. Bu konu hakk\u0131ndaki kay\u0131tlar, kokulu bitkilerin Hipokrat d\u00f6nemi Yunan t\u0131bb\u0131nda da \u00f6nemli bir yere sahip oldu\u011funu g\u00f6stermektedir.   V\u00fccut, zihin ve ruh sa\u011fl\u0131\u011f\u0131n\u0131 iyile\u015ftirmek i\u00e7in kullan\u0131lan aromaterapi uygulamalar\u0131, baz\u0131 kaynaklarda \u2018u\u00e7ucu ya\u011f terapisi\u2019 olarak da tan\u0131mlanm\u0131\u015ft\u0131r.   Aromaterapide kullan\u0131lacak u\u00e7ucu ve sabit ya\u011flar, iyi tar\u0131m ve toplama ko\u015fullar\u0131na uygun olarak yeti\u015ftirilmi\u015f bitkilerden uygun y\u00f6ntemlerle elde edilmi\u015f, kalite kontrolleri yap\u0131lm\u0131\u015f, do\u011fru saklama ko\u015fullar\u0131nda saklanm\u0131\u015f, uygun \u015fekilde ambalajlanm\u0131\u015f ve do\u011fru etiketlenmi\u015f olmal\u0131d\u0131r.   Bu kitap, aralar\u0131nda Avrupa Farmokopesi (European Directorate for the Ouality of Medicine-EDQM) 13\/B (Herbal Drugs and Herbal Drug Preparations) uzmanlar grubu \u00fcyesi bir profes\u00f6r, Avrupa Farmakopesi Tu\u0308rkiye Delegesi olarak g\u00f6rev yapm\u0131\u015f bir profes\u00f6r ile Avrupa Bilimsel Fitoterapi Birlig\u0306i (European Scientific Cooperative on Phytotherapy-ESCOP) bilimsel komitesi dan\u0131s\u0327man edito\u0308rler kurulu \u00fcyesi bir profes\u00f6r\u00fcn de bulundu\u011fu, yurti\u00e7inde ve yurt d\u0131\u015f\u0131nda bir\u00e7ok bilimsel dergide makaleleri yay\u0131nlanan, 4 profes\u00f6rden olu\u015fan bir grup taraf\u0131ndan haz\u0131rlanm\u0131\u015ft\u0131r. \u00c7e\u015fitli bilimsel kaynaklar ve konuya ili\u015fkin web siteleri \u00fczerinde yap\u0131lan inceleme ve de\u011ferlendirmeler sonucunda derlenen bilgilerin, yazarlar\u0131n uzun y\u0131llara dayanan bilgi birikimleri ve deneyimlerinin s\u00fczgecinden ge\u00e7irilmesi ile kaleme al\u0131narak okuyucuya sunulmu\u015ftur.   Ayn\u0131 zamanda T\u00fcrkiye\u2019de \u00e7ok satan, Tamamlay\u0131c\u0131 T\u0131p Onay\u0131 ve G\u00fcvenli Kullan\u0131m \u00d6nerileriyle bir ilk olan \u2018A\u2019dan Z\u2019ye T\u0131bbi Bitkiler\u2019 ve \u2018A\u2019dan Z\u2019ye T\u0131bbi Ya\u011flar ve Aromatik Sular\u2019 kitaplar\u0131n\u0131n yazarlar\u0131ndan da olan d\u00f6rt profes\u00f6r, 6 ciltten olu\u015fan \u2018A\u2019dan Z\u2019ye Aromaterapi Kar\u0131\u015f\u0131mlar\u0131\u2019 serisinin bu \u00fc\u00e7\u00fcnc\u00fc kitab\u0131nda; t\u0131bbi etkinlikleri bilimsel olarak kan\u0131tlanm\u0131\u015f u\u00e7ucu ya\u011flardan ve di\u011fer do\u011fal \u00fcr\u00fcnlerden hareketle haz\u0131rlanan; \u00e2det d\u00f6nemi, artrit, ba\u015f a\u011fr\u0131s\u0131, migren, burkulma, incinme, gut, romatizma, kire\u00e7lenme, fibromiyalji, karpal t\u00fcnel, kas a\u011fr\u0131lar\u0131, kas gev\u015fetici, kemik erimesi, siyatik, s\u0131rt a\u011fr\u0131lar\u0131, diyabetik n\u00f6ropati, kulak a\u011fr\u0131s\u0131, spor faaliyetleri ve yaralanmalar\u0131 nedeniyle olu\u015fan a\u011fr\u0131lar i\u00e7in kullan\u0131labilecek 276 \u00f6zg\u00fcn kar\u0131\u015f\u0131m\u0131 okurlara sunmaktad\u0131r.   A\u011fr\u0131lar\u0131n\u0131z\u0131n dinmesini, ruhunuzun aromaterapi kar\u0131\u015f\u0131mlar\u0131yla rahatlamas\u0131n\u0131 dileriz\u2026   <\/p>\n","protected":false},"excerpt":{"rendered":"<p>D\u00f6rt profes\u00f6rden a\u011fr\u0131lar\u0131n\u0131z\u0131 dindirecek, aromaterapi kar\u0131\u015f\u0131mlar\u0131yla rahatlatacak 276 \u00f6zg\u00fcn kar\u0131\u015f\u0131m\u0131 Aromaterapi uygulamalar\u0131nda geni\u015f bir kullan\u0131m\u0131 olan u\u00e7ucu ya\u011flar\u0131n distilasyon (dam\u0131tma) yolu ile elde edilmelerinin 10\u2019uncu y\u00fczy\u0131la<span class=\"excerpt-hellip\"> [\u2026]<\/span><\/p>\n","protected":false},"featured_media":0,"template":"","meta":{"_monsterinsights_skip_tracking":false,"_monsterinsights_sitenote_active":false,"_monsterinsights_sitenote_note":"","_monsterinsights_sitenote_category":0},"product_brand":[],"product_cat":[13397,13365],"product_tag":[],"class_list":{"0":"post-743976","1":"product","2":"type-product","3":"status-publish","5":"product_cat-alternatif-tip-sifali-bitkiler","6":"product_cat-saglik","7":"pa_cilt-ciltsiz","8":"pa_tur-kitap","9":"pa_yayinevi-hayykitap","10":"pa_yazar-kolektif","12":"first","13":"instock","14":"sale","15":"shipping-taxable","16":"purchasable","17":"product-type-simple"},"_links":{"self":[{"href":"https:\/\/roveyayinevi.com.tr\/index.php\/wp-json\/wp\/v2\/product\/743976","targetHints":{"allow":["GET"]}}],"collection":[{"href":"https:\/\/roveyayinevi.com.tr\/index.php\/wp-json\/wp\/v2\/product"}],"about":[{"href":"https:\/\/roveyayinevi.com.tr\/index.php\/wp-json\/wp\/v2\/types\/product"}],"wp:attachment":[{"href":"https:\/\/roveyayinevi.com.tr\/index.php\/wp-json\/wp\/v2\/media?parent=743976"}],"wp:term":[{"taxonomy":"product_brand","embeddable":true,"href":"https:\/\/roveyayinevi.com.tr\/index.php\/wp-json\/wp\/v2\/product_brand?post=743976"},{"taxonomy":"product_cat","embeddable":true,"href":"https:\/\/roveyayinevi.com.tr\/index.php\/wp-json\/wp\/v2\/product_cat?post=743976"},{"taxonomy":"product_tag","embeddable":true,"href":"https:\/\/roveyayinevi.com.tr\/index.php\/wp-json\/wp\/v2\/product_tag?post=743976"}],"curies":[{"name":"wp","href":"https:\/\/api.w.org\/{rel}","templated":true}]}}