{"id":743971,"date":"2025-08-28T01:46:43","date_gmt":"2025-08-27T22:46:43","guid":{"rendered":"https:\/\/roveyayinevi.com.tr\/index.php\/urun\/bayan-molli-nezaket-okulu\/"},"modified":"2026-04-16T02:55:37","modified_gmt":"2026-04-15T23:55:37","slug":"bayan-molli-nezaket-okulu","status":"publish","type":"product","link":"https:\/\/roveyayinevi.com.tr\/index.php\/urun\/bayan-molli-nezaket-okulu\/","title":{"rendered":"Bayan Molli Nezaket Okulu"},"content":{"rendered":"<p>Frensi, Feliks ve Fredi ile tan\u0131\u015f. Bu \u00fc\u00e7 tilki yavrusu nazik olmay\u0131 \u00f6\u011frenmek i\u00e7in b\u00fcy\u00fck bir m\u00fccadele verdiler ve\u2026 sonunda kar\u015f\u0131lar\u0131na tesad\u00fcfen Bayan Molli Nezaket Okulu \u00e7\u0131kt\u0131. \u00dc\u00e7 karde\u015fin ba\u015fkalar\u0131na, kendilerine ve gezegenimize iyi davranmay\u0131, nazik olmay\u0131 \u00f6\u011frenirlerken ald\u0131klar\u0131 dersleri bu sevimli ve insan\u0131n i\u00e7ini \u0131s\u0131tan kitab\u0131n sayfalar\u0131nda onlarla birlikte izle<\/p>\n","protected":false},"excerpt":{"rendered":"<p>Frensi, Feliks ve Fredi ile tan\u0131\u015f. Bu \u00fc\u00e7 tilki yavrusu nazik olmay\u0131 \u00f6\u011frenmek i\u00e7in b\u00fcy\u00fck bir m\u00fccadele verdiler ve\u2026 sonunda kar\u015f\u0131lar\u0131na tesad\u00fcfen Bayan Molli Nezaket Okulu<span class=\"excerpt-hellip\"> [\u2026]<\/span><\/p>\n","protected":false},"featured_media":0,"template":"","meta":{"_monsterinsights_skip_tracking":false,"_monsterinsights_sitenote_active":false,"_monsterinsights_sitenote_note":"","_monsterinsights_sitenote_category":0},"product_brand":[],"product_cat":[12913,12274],"product_tag":[],"class_list":{"0":"post-743971","1":"product","2":"type-product","3":"status-publish","5":"product_cat-3-6-yas-kitaplari","6":"product_cat-cocuk-ve-genclik-kitaplari","7":"pa_cilt-ciltsiz","8":"pa_tur-kitap","9":"pa_yayinevi-is-bankasi-kultur-yayinlari","10":"pa_yazar-zanna-davidson","12":"first","13":"instock","14":"sale","15":"shipping-taxable","16":"purchasable","17":"product-type-simple"},"_links":{"self":[{"href":"https:\/\/roveyayinevi.com.tr\/index.php\/wp-json\/wp\/v2\/product\/743971","targetHints":{"allow":["GET"]}}],"collection":[{"href":"https:\/\/roveyayinevi.com.tr\/index.php\/wp-json\/wp\/v2\/product"}],"about":[{"href":"https:\/\/roveyayinevi.com.tr\/index.php\/wp-json\/wp\/v2\/types\/product"}],"wp:attachment":[{"href":"https:\/\/roveyayinevi.com.tr\/index.php\/wp-json\/wp\/v2\/media?parent=743971"}],"wp:term":[{"taxonomy":"product_brand","embeddable":true,"href":"https:\/\/roveyayinevi.com.tr\/index.php\/wp-json\/wp\/v2\/product_brand?post=743971"},{"taxonomy":"product_cat","embeddable":true,"href":"https:\/\/roveyayinevi.com.tr\/index.php\/wp-json\/wp\/v2\/product_cat?post=743971"},{"taxonomy":"product_tag","embeddable":true,"href":"https:\/\/roveyayinevi.com.tr\/index.php\/wp-json\/wp\/v2\/product_tag?post=743971"}],"curies":[{"name":"wp","href":"https:\/\/api.w.org\/{rel}","templated":true}]}}