{"id":743968,"date":"2025-08-28T01:46:38","date_gmt":"2025-08-27T22:46:38","guid":{"rendered":"https:\/\/roveyayinevi.com.tr\/index.php\/urun\/kiraz-agaci-ile-aramizdaki-mesafe\/"},"modified":"2026-04-16T02:55:37","modified_gmt":"2026-04-15T23:55:37","slug":"kiraz-agaci-ile-aramizdaki-mesafe","status":"publish","type":"product","link":"https:\/\/roveyayinevi.com.tr\/index.php\/urun\/kiraz-agaci-ile-aramizdaki-mesafe\/","title":{"rendered":"Kiraz A\u011fac\u0131 \u0130le Aram\u0131zdaki Mesafe"},"content":{"rendered":"<p>Kiraz A\u011fac\u0131 ile Aram\u0131zdaki Mesafe\u0130talyan yazar Paola Peretti, Kiraz A\u011fac\u0131 ile Aram\u0131zdaki Mesafe adl\u0131 \u00e7ocuk kitab\u0131 ile k\u00fc\u00e7\u00fck okurlara keyifli ve ilham verici bir \u00f6yk\u00fc sunuyor. K\u00fc\u00e7\u00fck Prens ve \u0130\u00e7imdeki M\u00fczik roman\u0131n\u0131 b\u00fcy\u00fck bir tutkuyla okuyanlar i\u00e7in e\u015fsiz bir alternatif olan bu kitap, \u00e7ocuklar kadar yeti\u015fkinleri de dokunakl\u0131 \u00f6yk\u00fcs\u00fc ile b\u00fcy\u00fcl\u00fcyor. 20\u2019yi a\u015fk\u0131n dile \u00e7evrilerek t\u00fcm d\u00fcnyada geni\u015f bir okur kitlesine ula\u015fan Kiraz A\u011fac\u0131 ile Aram\u0131zdaki Mesafe, \u00e7ocuklar\u0131n fark\u0131ndal\u0131k ve empati duygusunun geli\u015fmesine b\u00fcy\u00fck katk\u0131lar sa\u011fl\u0131yor.Bir \u00c7ocuk Nelerden Vazge\u00e7ebilir?Kiraz A\u011fac\u0131 ile Aram\u0131zdaki Mesafe, ender g\u00f6r\u00fclen bir hastal\u0131\u011fa sahip Mafalda adl\u0131 dokuz ya\u015f\u0131ndaki k\u00fc\u00e7\u00fck bir k\u0131z \u00e7ocu\u011funun ya\u015fad\u0131klar\u0131n\u0131 anlat\u0131yor. G\u00f6zlerinde meydana gelen Stargardt sendromu isimli bir rahats\u0131zl\u0131k sonucu g\u00f6rme yetisini g\u00fcnden g\u00fcne yitiren Mafalda, alt\u0131 ay sonra \u00e7evresindeki her \u015feyin tamamen karanl\u0131\u011fa b\u00fcr\u00fcnece\u011fi ger\u00e7e\u011fi ile y\u00fczle\u015fiyor. Bunun \u00fczerine k\u00fc\u00e7\u00fck k\u0131z, g\u00f6rme engelli olarak s\u00fcrd\u00fcrece\u011fi ya\u015fama canla ba\u015fla adapte olmaya \u00e7al\u0131\u015f\u0131yor. Yazar\u0131n kendi ya\u015fam\u0131ndan yola \u00e7\u0131karak olu\u015fturdu\u011fu bu kurgu, y\u00fcre\u011finizin en derinlerine dokunacak.Her \u00c7ocuk Karanl\u0131ktan Korkar. Peki, O Ne Yapacak?K\u00f6r olmaktan korktu\u011fu kadar, bu duruma kar\u015f\u0131 b\u00fcy\u00fck bir dayanma g\u00fcc\u00fcne de sahip olan Mafalda, \u00e7evresinde kendisi i\u00e7in vazge\u00e7ilmez olan t\u00fcm objeleri listelemeye ba\u015fl\u0131yor. Ya\u015fad\u0131\u011f\u0131 zorluklar\u0131n yan\u0131nda bir de akran zorbal\u0131\u011f\u0131na maruz kalan k\u00fc\u00e7\u00fck k\u0131z, ailesi ve okuldaki yak\u0131n arkada\u015flar\u0131n\u0131n da yard\u0131m\u0131yla hayata g\u00fc\u00e7l\u00fc bir \u015fekilde tutunmaya devam ediyor.Mafalda\u2019n\u0131n g\u00f6sterdi\u011fi \u00e7abalar, g\u00fcnl\u00fck hayatta yap\u0131lan s\u0131radan i\u015flerin dahi asl\u0131nda ne kadar de\u011ferli oldu\u011funu bir kez daha g\u00f6zler \u00f6n\u00fcne seriyor. Her sayfas\u0131nda okurlarda yeniden \u015fefkat ve hayranl\u0131k duygusu uyand\u0131ran bu k\u00fc\u00e7\u00fck k\u0131z, yeti\u015fkinlerin bile zorlanaca\u011f\u0131 bir ger\u00e7e\u011fe kar\u015f\u0131 ola\u011fan\u00fcst\u00fc bir cesaret g\u00f6steriyor. Okulun yan\u0131ndaki kiraz a\u011fac\u0131 ise onun yeni ya\u015fam\u0131na al\u0131\u015fma s\u00fcrecinde hem bir kilometre ta\u015f\u0131 hem de g\u00fc\u00e7l\u00fc bir dayanak oluyor.En Sevilen Kitaplara Hemen \u015eimdi Sahip Olun!Bir\u00e7ok e\u011fitim kurumunda \u00e7ocuklar\u0131n okuma listelerine eklenen Kiraz A\u011fac\u0131 ile Aram\u0131zdaki Mesafe roman\u0131n\u0131 siz hala k\u00fct\u00fcphanenize eklemediniz mi? Bu e\u015fsiz kitab\u0131 \u00e7ocuklar\u0131n\u0131z veya minik yak\u0131nlar\u0131n\u0131z i\u00e7in siz de hemen sipari\u015f verin, sepete \u00f6zel avantajlardan yararlanmak i\u00e7in ge\u00e7 kalmay\u0131n!<\/p>\n","protected":false},"excerpt":{"rendered":"<p>Kiraz A\u011fac\u0131 ile Aram\u0131zdaki Mesafe\u0130talyan yazar Paola Peretti, Kiraz A\u011fac\u0131 ile Aram\u0131zdaki Mesafe adl\u0131 \u00e7ocuk kitab\u0131 ile k\u00fc\u00e7\u00fck okurlara keyifli ve ilham verici bir \u00f6yk\u00fc sunuyor.<span class=\"excerpt-hellip\"> [\u2026]<\/span><\/p>\n","protected":false},"featured_media":0,"template":"","meta":{"_monsterinsights_skip_tracking":false,"_monsterinsights_sitenote_active":false,"_monsterinsights_sitenote_note":"","_monsterinsights_sitenote_category":0},"product_brand":[],"product_cat":[12291,12711],"product_tag":[],"class_list":{"0":"post-743968","1":"product","2":"type-product","3":"status-publish","5":"product_cat-edebiyat","6":"product_cat-roman-oyku","7":"pa_cilt-ciltsiz","8":"pa_tur-kitap","9":"pa_yayinevi-genc-timas","10":"pa_yazar-paola-peretti","12":"first","13":"instock","14":"sale","15":"shipping-taxable","16":"purchasable","17":"product-type-simple"},"_links":{"self":[{"href":"https:\/\/roveyayinevi.com.tr\/index.php\/wp-json\/wp\/v2\/product\/743968","targetHints":{"allow":["GET"]}}],"collection":[{"href":"https:\/\/roveyayinevi.com.tr\/index.php\/wp-json\/wp\/v2\/product"}],"about":[{"href":"https:\/\/roveyayinevi.com.tr\/index.php\/wp-json\/wp\/v2\/types\/product"}],"wp:attachment":[{"href":"https:\/\/roveyayinevi.com.tr\/index.php\/wp-json\/wp\/v2\/media?parent=743968"}],"wp:term":[{"taxonomy":"product_brand","embeddable":true,"href":"https:\/\/roveyayinevi.com.tr\/index.php\/wp-json\/wp\/v2\/product_brand?post=743968"},{"taxonomy":"product_cat","embeddable":true,"href":"https:\/\/roveyayinevi.com.tr\/index.php\/wp-json\/wp\/v2\/product_cat?post=743968"},{"taxonomy":"product_tag","embeddable":true,"href":"https:\/\/roveyayinevi.com.tr\/index.php\/wp-json\/wp\/v2\/product_tag?post=743968"}],"curies":[{"name":"wp","href":"https:\/\/api.w.org\/{rel}","templated":true}]}}