{"id":743967,"date":"2025-08-28T01:46:37","date_gmt":"2025-08-27T22:46:37","guid":{"rendered":"https:\/\/roveyayinevi.com.tr\/index.php\/urun\/gorunenin-otesinde\/"},"modified":"2026-04-16T02:55:37","modified_gmt":"2026-04-15T23:55:37","slug":"gorunenin-otesinde","status":"publish","type":"product","link":"https:\/\/roveyayinevi.com.tr\/index.php\/urun\/gorunenin-otesinde\/","title":{"rendered":"G\u00f6r\u00fcnenin \u00d6tesinde"},"content":{"rendered":"<p>Sevmenin yolu anlamaktan ge\u00e7er ve insan, ancak anlad\u0131\u011f\u0131 \u015feyi ger\u00e7ekten sevebilir. Yazar\u0131n kendi hayat\u0131ndan yola \u00e7\u0131karak yazd\u0131\u011f\u0131 bu kitapla, g\u00f6rme engelli bir bireyin hayat\u0131na tan\u0131kl\u0131k ediyoruz. Herkes gibi ba\u015flayan hayat yolculu\u011funun, g\u00f6rme yetisini kaybettikten sonra tamamen y\u00f6n de\u011fi\u015ftirmesi; de\u011fi\u015fen ve d\u00f6n\u00fc\u015fen bak\u0131\u015f a\u00e7\u0131s\u0131, ailesi, e\u011fitim hayat\u0131, sosyal \u00e7evresi ve tabii ki a\u015fk\u0131&#8230;          Dokunas\u0131 Sevda, engellilerin d\u00fcnyas\u0131n\u0131 daha iyi anlayabilmemizi sa\u011flayacak s\u0131cac\u0131k ve ger\u00e7ek bir ya\u015fam \u00f6yk\u00fcs\u00fc. G\u00f6r\u00fcnenin \u00f6tesini g\u00f6rmeye niyet edenlere&#8230;                \u201cG\u00f6zlerim kapan\u0131nca kendimi puslu bir d\u00fcnyada bulmaya ba\u015flam\u0131\u015ft\u0131m. Bu puslu d\u00fcnya sanki \u00e7ok geni\u015f bir t\u00fcnele benziyordu. O t\u00fcnelin i\u00e7erisinde eski hayat\u0131ma dair her \u015fey vard\u0131 ama renkleri silikti. Eski d\u00fcnyamdaki hislerim ve duyu organlar\u0131m yeni d\u00fcnyamda da ayn\u0131 yerdeydiler ama onlar\u0131n yeni \u00f6zelliklerle donat\u0131ld\u0131\u011f\u0131n\u0131 hissediyordum. Daha \u00f6nce parmaklar\u0131m\u0131 sadece yakalad\u0131\u011f\u0131m bir \u015feyi ta\u015f\u0131mak veya tutmak i\u00e7in kullanabilece\u011fimi d\u00fc\u015f\u00fcn\u00fcrken \u015fimdi tuttu\u011fum \u015feylerin dokusunu, ne oldu\u011funa dair bilgisini anlayabiliyordum.\u201d <\/p>\n","protected":false},"excerpt":{"rendered":"<p>Sevmenin yolu anlamaktan ge\u00e7er ve insan, ancak anlad\u0131\u011f\u0131 \u015feyi ger\u00e7ekten sevebilir. Yazar\u0131n kendi hayat\u0131ndan yola \u00e7\u0131karak yazd\u0131\u011f\u0131 bu kitapla, g\u00f6rme engelli bir bireyin hayat\u0131na tan\u0131kl\u0131k ediyoruz.<span class=\"excerpt-hellip\"> [\u2026]<\/span><\/p>\n","protected":false},"featured_media":0,"template":"","meta":{"_monsterinsights_skip_tracking":false,"_monsterinsights_sitenote_active":false,"_monsterinsights_sitenote_note":"","_monsterinsights_sitenote_category":0},"product_brand":[],"product_cat":[12291,12711],"product_tag":[],"class_list":{"0":"post-743967","1":"product","2":"type-product","3":"status-publish","5":"product_cat-edebiyat","6":"product_cat-roman-oyku","7":"pa_cilt-ciltsiz","8":"pa_tur-kitap","9":"pa_yayinevi-fa-yayinlari","10":"pa_yazar-mustafa-agcan","12":"first","13":"instock","14":"sale","15":"shipping-taxable","16":"purchasable","17":"product-type-simple"},"_links":{"self":[{"href":"https:\/\/roveyayinevi.com.tr\/index.php\/wp-json\/wp\/v2\/product\/743967","targetHints":{"allow":["GET"]}}],"collection":[{"href":"https:\/\/roveyayinevi.com.tr\/index.php\/wp-json\/wp\/v2\/product"}],"about":[{"href":"https:\/\/roveyayinevi.com.tr\/index.php\/wp-json\/wp\/v2\/types\/product"}],"wp:attachment":[{"href":"https:\/\/roveyayinevi.com.tr\/index.php\/wp-json\/wp\/v2\/media?parent=743967"}],"wp:term":[{"taxonomy":"product_brand","embeddable":true,"href":"https:\/\/roveyayinevi.com.tr\/index.php\/wp-json\/wp\/v2\/product_brand?post=743967"},{"taxonomy":"product_cat","embeddable":true,"href":"https:\/\/roveyayinevi.com.tr\/index.php\/wp-json\/wp\/v2\/product_cat?post=743967"},{"taxonomy":"product_tag","embeddable":true,"href":"https:\/\/roveyayinevi.com.tr\/index.php\/wp-json\/wp\/v2\/product_tag?post=743967"}],"curies":[{"name":"wp","href":"https:\/\/api.w.org\/{rel}","templated":true}]}}