{"id":743955,"date":"2025-08-28T01:46:23","date_gmt":"2025-08-27T22:46:23","guid":{"rendered":"https:\/\/roveyayinevi.com.tr\/index.php\/urun\/bellum-akademi-1-tutsak-ruh\/"},"modified":"2026-04-16T02:55:36","modified_gmt":"2026-04-15T23:55:36","slug":"bellum-akademi-1-tutsak-ruh","status":"publish","type":"product","link":"https:\/\/roveyayinevi.com.tr\/index.php\/urun\/bellum-akademi-1-tutsak-ruh\/","title":{"rendered":"Bellum Akademi &#8211; 1 Tutsak Ruh"},"content":{"rendered":"<p>Sevgili Bellatoresler Bellum Akademi\u2019ye Ho\u015f Geldiniz! \u201cT\u00fcrk mitolojisinden esinlenerek karakterlerin h\u00e2l\u00e2 g\u00fcn\u00fcm\u00fczde bile efsane olarak bilindi\u011fi bu mistik ser\u00fcvene kat\u0131l.\u201d Tanla g\u00f6rd\u00fc\u011f\u00fc varl\u0131k kar\u015f\u0131s\u0131nda ka\u00e7maktan ba\u015fka bir \u015fey yapamad\u0131. Kaybolan k\u0131za yard\u0131m etmek isterken fark etmeden Bellum Akademi\u2019yi ke\u015ffetti ancak olaylar bekledi\u011fi gibi geli\u015fmedi. Kendisi ve onu terk edip giden ailesi hakk\u0131nda \u00f6\u011frendikleriyle ba\u015fa \u00e7\u0131kmaya \u00e7al\u0131\u015f\u0131rken di\u011fer yandan yeni dostlar ve d\u00fc\u015fmanlar edindi. Tanla, kan ba\u011f\u0131 ile ge\u00e7en \u00fc\u00e7 yetenek alan\u0131ndan (Partum- Lapides- Pugnator) birine sahip olabilecek mi? Ya\u015fad\u0131\u011f\u0131 ve hen\u00fcz ya\u015famad\u0131\u011f\u0131 zaman dilimlerinde hi\u00e7 bilmedi\u011fi s\u0131rlar onu beklemektedir\u2026<\/p>\n","protected":false},"excerpt":{"rendered":"<p>Sevgili Bellatoresler Bellum Akademi\u2019ye Ho\u015f Geldiniz! \u201cT\u00fcrk mitolojisinden esinlenerek karakterlerin h\u00e2l\u00e2 g\u00fcn\u00fcm\u00fczde bile efsane olarak bilindi\u011fi bu mistik ser\u00fcvene kat\u0131l.\u201d Tanla g\u00f6rd\u00fc\u011f\u00fc varl\u0131k kar\u015f\u0131s\u0131nda ka\u00e7maktan ba\u015fka<span class=\"excerpt-hellip\"> [\u2026]<\/span><\/p>\n","protected":false},"featured_media":0,"template":"","meta":{"_monsterinsights_skip_tracking":false,"_monsterinsights_sitenote_active":false,"_monsterinsights_sitenote_note":"","_monsterinsights_sitenote_category":0},"product_brand":[],"product_cat":[12291,14777],"product_tag":[],"class_list":{"0":"post-743955","1":"product","2":"type-product","3":"status-publish","5":"product_cat-edebiyat","6":"product_cat-fantastik","7":"pa_cilt-ciltsiz","8":"pa_tur-kitap","9":"pa_yayinevi-elpis-yayinlari","10":"pa_yazar-gamze-unaldi","12":"first","13":"instock","14":"sale","15":"shipping-taxable","16":"purchasable","17":"product-type-simple"},"_links":{"self":[{"href":"https:\/\/roveyayinevi.com.tr\/index.php\/wp-json\/wp\/v2\/product\/743955","targetHints":{"allow":["GET"]}}],"collection":[{"href":"https:\/\/roveyayinevi.com.tr\/index.php\/wp-json\/wp\/v2\/product"}],"about":[{"href":"https:\/\/roveyayinevi.com.tr\/index.php\/wp-json\/wp\/v2\/types\/product"}],"wp:attachment":[{"href":"https:\/\/roveyayinevi.com.tr\/index.php\/wp-json\/wp\/v2\/media?parent=743955"}],"wp:term":[{"taxonomy":"product_brand","embeddable":true,"href":"https:\/\/roveyayinevi.com.tr\/index.php\/wp-json\/wp\/v2\/product_brand?post=743955"},{"taxonomy":"product_cat","embeddable":true,"href":"https:\/\/roveyayinevi.com.tr\/index.php\/wp-json\/wp\/v2\/product_cat?post=743955"},{"taxonomy":"product_tag","embeddable":true,"href":"https:\/\/roveyayinevi.com.tr\/index.php\/wp-json\/wp\/v2\/product_tag?post=743955"}],"curies":[{"name":"wp","href":"https:\/\/api.w.org\/{rel}","templated":true}]}}