{"id":743954,"date":"2025-08-28T01:46:21","date_gmt":"2025-08-27T22:46:21","guid":{"rendered":"https:\/\/roveyayinevi.com.tr\/index.php\/urun\/elizabethin-gunlugu-ve-amerikan-board-misyonerlerinin-cagi\/"},"modified":"2026-04-16T02:55:36","modified_gmt":"2026-04-15T23:55:36","slug":"elizabethin-gunlugu-ve-amerikan-board-misyonerlerinin-cagi","status":"publish","type":"product","link":"https:\/\/roveyayinevi.com.tr\/index.php\/urun\/elizabethin-gunlugu-ve-amerikan-board-misyonerlerinin-cagi\/","title":{"rendered":"Elizabeth&#8217;in G\u00fcnl\u00fc\u011f\u00fc ve Amerikan Board Misyonerlerinin \u00c7a\u011f\u0131"},"content":{"rendered":"<p>Misyonerlik, g\u00fcn\u00fcm\u00fczde oldu\u011fu gibi ge\u00e7mi\u015fte de bir grup insan\u0131n hayatlar\u0131n\u0131 ortaya koyacak kadar s\u0131k\u0131 s\u0131k\u0131ya ba\u011fl\u0131 olduklar\u0131 bir topluluktur. &#8216;Amerikan Board Misyonerlerinin \u00c7a\u011f\u0131&#8217; misyoner bir ailenin on iki ya\u015f\u0131ndaki k\u0131z\u0131 olan Elizabeth&#8217;in g\u00fcnl\u00fckleri \u0131\u015f\u0131\u011f\u0131nda bir d\u00f6nemin ruhunu, \u00f6n plana \u00e7\u0131kan isimlerini ve kurumlar\u0131n\u0131 okurla bulu\u015fturuyor. Sat\u0131r aralar\u0131n\u0131 okurken tarihe tan\u0131kl\u0131k edeceksiniz.     &#8216;Elizabeth&#8217;in babas\u0131 Elias Riggs, Amerikan Board&#8217;un en muteber misyonerlerinden de olsa, hen\u00fcz on ikisine basm\u0131\u015f bir \u00e7ocuk g\u00fcnl\u00fc\u011f\u00fcn\u00fcn sat\u0131r aralar\u0131n\u0131n, 19. y\u00fczy\u0131l Amerikan Board tarihinin ana hatlar\u0131na e\u015f de\u011fer olmas\u0131 kesinlikle beklenen bir \u015fey de\u011fildi.&#8217; <\/p>\n","protected":false},"excerpt":{"rendered":"<p>Misyonerlik, g\u00fcn\u00fcm\u00fczde oldu\u011fu gibi ge\u00e7mi\u015fte de bir grup insan\u0131n hayatlar\u0131n\u0131 ortaya koyacak kadar s\u0131k\u0131 s\u0131k\u0131ya ba\u011fl\u0131 olduklar\u0131 bir topluluktur. &#8216;Amerikan Board Misyonerlerinin \u00c7a\u011f\u0131&#8217; misyoner bir ailenin<span class=\"excerpt-hellip\"> [\u2026]<\/span><\/p>\n","protected":false},"featured_media":0,"template":"","meta":{"_monsterinsights_skip_tracking":false,"_monsterinsights_sitenote_active":false,"_monsterinsights_sitenote_note":"","_monsterinsights_sitenote_category":0},"product_brand":[],"product_cat":[13701,12291],"product_tag":[],"class_list":{"0":"post-743954","1":"product","2":"type-product","3":"status-publish","5":"product_cat-ani-mektup-gunluk","6":"product_cat-edebiyat","7":"pa_cilt-ciltsiz","8":"pa_tur-kitap","9":"pa_yayinevi-elpis-yayinlari","10":"pa_yazar-cagdas-celebi","12":"first","13":"instock","14":"sale","15":"shipping-taxable","16":"purchasable","17":"product-type-simple"},"_links":{"self":[{"href":"https:\/\/roveyayinevi.com.tr\/index.php\/wp-json\/wp\/v2\/product\/743954","targetHints":{"allow":["GET"]}}],"collection":[{"href":"https:\/\/roveyayinevi.com.tr\/index.php\/wp-json\/wp\/v2\/product"}],"about":[{"href":"https:\/\/roveyayinevi.com.tr\/index.php\/wp-json\/wp\/v2\/types\/product"}],"wp:attachment":[{"href":"https:\/\/roveyayinevi.com.tr\/index.php\/wp-json\/wp\/v2\/media?parent=743954"}],"wp:term":[{"taxonomy":"product_brand","embeddable":true,"href":"https:\/\/roveyayinevi.com.tr\/index.php\/wp-json\/wp\/v2\/product_brand?post=743954"},{"taxonomy":"product_cat","embeddable":true,"href":"https:\/\/roveyayinevi.com.tr\/index.php\/wp-json\/wp\/v2\/product_cat?post=743954"},{"taxonomy":"product_tag","embeddable":true,"href":"https:\/\/roveyayinevi.com.tr\/index.php\/wp-json\/wp\/v2\/product_tag?post=743954"}],"curies":[{"name":"wp","href":"https:\/\/api.w.org\/{rel}","templated":true}]}}