{"id":743952,"date":"2025-08-28T01:46:19","date_gmt":"2025-08-27T22:46:19","guid":{"rendered":"https:\/\/roveyayinevi.com.tr\/index.php\/urun\/alisir-ile-gul\/"},"modified":"2026-04-16T02:55:36","modified_gmt":"2026-04-15T23:55:36","slug":"alisir-ile-gul","status":"publish","type":"product","link":"https:\/\/roveyayinevi.com.tr\/index.php\/urun\/alisir-ile-gul\/","title":{"rendered":"Ali\u015fir \u0130le G\u00fcl"},"content":{"rendered":"<p>\u00d6zbekler masal anlat\u0131rken ger\u00e7eklere fantastik \u00f6geler katarak insan\u0131n merak\u0131n\u0131 ve ilgisini canl\u0131 tutan etkili bir yol bulmu\u015flar. \u00c7ocuklar\u0131n\u0131 e\u011flendirmek, e\u011fitmek, y\u00f6nlendirmek ve terbiye etmek i\u00e7in bu yol ba\u015far\u0131l\u0131 olmu\u015f. \u00c7ocuklar\u0131n hayal d\u00fcnyas\u0131na uygundur bu bulu\u015f. Bunu fark eden her masalc\u0131, masal\u0131 detayland\u0131rm\u0131\u015f, balland\u0131rm\u0131\u015f, masala bir\u00e7ok i\u015flev katm\u0131\u015f. Anadilin incelikleri ve renkleri, d\u00fc\u015f\u00fcnce zenginli\u011fi, toplum gelene\u011fi ve t\u00f6resi, duygu ve davran\u0131\u015f bi\u00e7imleri bu masallar\u0131n i\u00e7inde anlat\u0131lm\u0131\u015f. \u201cKarde\u015f Masallar Dizisi\u201d bu zengin hazinenin kap\u0131s\u0131n\u0131 yeniden a\u00e7\u0131yor \u00e7ocuklar\u0131m\u0131za&#8230; <\/p>\n","protected":false},"excerpt":{"rendered":"<p>\u00d6zbekler masal anlat\u0131rken ger\u00e7eklere fantastik \u00f6geler katarak insan\u0131n merak\u0131n\u0131 ve ilgisini canl\u0131 tutan etkili bir yol bulmu\u015flar. \u00c7ocuklar\u0131n\u0131 e\u011flendirmek, e\u011fitmek, y\u00f6nlendirmek ve terbiye etmek i\u00e7in bu<span class=\"excerpt-hellip\"> [\u2026]<\/span><\/p>\n","protected":false},"featured_media":0,"template":"","meta":{"_monsterinsights_skip_tracking":false,"_monsterinsights_sitenote_active":false,"_monsterinsights_sitenote_note":"","_monsterinsights_sitenote_category":0},"product_brand":[],"product_cat":[12274,12284],"product_tag":[],"class_list":{"0":"post-743952","1":"product","2":"type-product","3":"status-publish","5":"product_cat-cocuk-ve-genclik-kitaplari","6":"product_cat-hikayeler","7":"pa_cilt-ciltsiz","8":"pa_tur-kitap","9":"pa_yayinevi-dogu-bati-cocuk","10":"pa_yazar-yucel-feyzioglu","12":"first","13":"instock","14":"sale","15":"shipping-taxable","16":"purchasable","17":"product-type-simple"},"_links":{"self":[{"href":"https:\/\/roveyayinevi.com.tr\/index.php\/wp-json\/wp\/v2\/product\/743952","targetHints":{"allow":["GET"]}}],"collection":[{"href":"https:\/\/roveyayinevi.com.tr\/index.php\/wp-json\/wp\/v2\/product"}],"about":[{"href":"https:\/\/roveyayinevi.com.tr\/index.php\/wp-json\/wp\/v2\/types\/product"}],"wp:attachment":[{"href":"https:\/\/roveyayinevi.com.tr\/index.php\/wp-json\/wp\/v2\/media?parent=743952"}],"wp:term":[{"taxonomy":"product_brand","embeddable":true,"href":"https:\/\/roveyayinevi.com.tr\/index.php\/wp-json\/wp\/v2\/product_brand?post=743952"},{"taxonomy":"product_cat","embeddable":true,"href":"https:\/\/roveyayinevi.com.tr\/index.php\/wp-json\/wp\/v2\/product_cat?post=743952"},{"taxonomy":"product_tag","embeddable":true,"href":"https:\/\/roveyayinevi.com.tr\/index.php\/wp-json\/wp\/v2\/product_tag?post=743952"}],"curies":[{"name":"wp","href":"https:\/\/api.w.org\/{rel}","templated":true}]}}